--
--


-- Started on 2025-02-04 19:48:15

ALTER TABLE ONLY public.tracks DROP CONSTRAINT tracks_pkey;
ALTER TABLE ONLY public.tracks_log DROP CONSTRAINT tracks_log_pkey;
ALTER TABLE ONLY public.playlists DROP CONSTRAINT playlists_pkey;
ALTER TABLE ONLY public.logs DROP CONSTRAINT logs_pkey;
ALTER TABLE ONLY public.artists DROP CONSTRAINT artists_pkey;
ALTER TABLE public.tracks_log ALTER COLUMN tracks_log_key DROP DEFAULT;
ALTER TABLE public.tracks ALTER COLUMN track_key DROP DEFAULT;
ALTER TABLE public.playlists ALTER COLUMN playlist_key DROP DEFAULT;
ALTER TABLE public.logs ALTER COLUMN log_key DROP DEFAULT;
ALTER TABLE public.artists ALTER COLUMN artist_key DROP DEFAULT;
DROP SEQUENCE public.users_user_key_seq;
DROP SEQUENCE public.tracks_track_key_seq;
DROP SEQUENCE public.tracks_log_tracks_log_key_seq;
DROP TABLE public.tracks_log;
DROP TABLE public.tracks;
DROP SEQUENCE public.playlists_playlist_key_seq;
DROP TABLE public.playlists;
DROP SEQUENCE public.logs_log_key_seq;
DROP TABLE public.logs;
DROP SEQUENCE public.artists_artist_key_seq;
DROP TABLE public.artists;
DROP SCHEMA public;
--
-- TOC entry 4 (class 2615 OID 2200)
-- Name: public; Type: SCHEMA; Schema: -; Owner: pg_database_owner
--

CREATE SCHEMA public;


ALTER SCHEMA public OWNER TO pg_database_owner;

--
-- TOC entry 3475 (class 0 OID 0)
-- Dependencies: 4
-- Name: SCHEMA public; Type: COMMENT; Schema: -; Owner: pg_database_owner
--

COMMENT ON SCHEMA public IS 'standard public schema';




--
-- TOC entry 218 (class 1259 OID 16399)
-- Name: artists; Type: TABLE; Schema: public; Owner: root
--

CREATE TABLE public.artists (
    artist_key integer NOT NULL,
    fk_user_key bigint NOT NULL,
    name character varying(255) NOT NULL,
    image_path character varying(255),
    dt_created timestamp without time zone DEFAULT now() NOT NULL,
    dt_modified timestamp without time zone DEFAULT now() NOT NULL,
    is_user smallint DEFAULT 0 NOT NULL
);


ALTER TABLE public.artists OWNER TO root;

--
-- TOC entry 217 (class 1259 OID 16398)
-- Name: artists_artist_key_seq; Type: SEQUENCE; Schema: public; Owner: root
--

CREATE SEQUENCE public.artists_artist_key_seq
    AS integer
    START WITH 1
    INCREMENT BY 1
    NO MINVALUE
    NO MAXVALUE
    CACHE 1;


ALTER SEQUENCE public.artists_artist_key_seq OWNER TO root;

--
-- TOC entry 3476 (class 0 OID 0)
-- Dependencies: 217
-- Name: artists_artist_key_seq; Type: SEQUENCE OWNED BY; Schema: public; Owner: root
--

ALTER SEQUENCE public.artists_artist_key_seq OWNED BY public.artists.artist_key;


--
-- TOC entry 222 (class 1259 OID 16417)
-- Name: logs; Type: TABLE; Schema: public; Owner: root
--

CREATE TABLE public.logs (
    log_key integer NOT NULL,
    code character varying(255) NOT NULL,
    text text NOT NULL,
    fk_user_key bigint NOT NULL,
    iserror smallint NOT NULL,
    dt_created date NOT NULL
);


ALTER TABLE public.logs OWNER TO root;

--
-- TOC entry 221 (class 1259 OID 16416)
-- Name: logs_log_key_seq; Type: SEQUENCE; Schema: public; Owner: root
--

CREATE SEQUENCE public.logs_log_key_seq
    AS integer
    START WITH 1
    INCREMENT BY 1
    NO MINVALUE
    NO MAXVALUE
    CACHE 1;


ALTER SEQUENCE public.logs_log_key_seq OWNER TO root;

--
-- TOC entry 3477 (class 0 OID 0)
-- Dependencies: 221
-- Name: logs_log_key_seq; Type: SEQUENCE OWNED BY; Schema: public; Owner: root
--

ALTER SEQUENCE public.logs_log_key_seq OWNED BY public.logs.log_key;


--
-- TOC entry 220 (class 1259 OID 16408)
-- Name: playlists; Type: TABLE; Schema: public; Owner: root
--

CREATE TABLE public.playlists (
    playlist_key integer NOT NULL,
    name character varying(255),
    description text,
    tracks jsonb DEFAULT '[]'::jsonb NOT NULL,
    ref_data_func character varying(255),
    fk_artist_keys bigint,
    fk_user_keys bigint NOT NULL,
    private_all_see smallint DEFAULT 1 NOT NULL,
    dt_modified timestamp without time zone DEFAULT now() NOT NULL,
    dt_created timestamp without time zone DEFAULT now() NOT NULL,
    image_path character varying,
    slug character varying
);


ALTER TABLE public.playlists OWNER TO root;

--
-- TOC entry 219 (class 1259 OID 16407)
-- Name: playlists_playlist_key_seq; Type: SEQUENCE; Schema: public; Owner: root
--

CREATE SEQUENCE public.playlists_playlist_key_seq
    AS integer
    START WITH 1
    INCREMENT BY 1
    NO MINVALUE
    NO MAXVALUE
    CACHE 1;


ALTER SEQUENCE public.playlists_playlist_key_seq OWNER TO root;

--
-- TOC entry 3478 (class 0 OID 0)
-- Dependencies: 219
-- Name: playlists_playlist_key_seq; Type: SEQUENCE OWNED BY; Schema: public; Owner: root
--

ALTER SEQUENCE public.playlists_playlist_key_seq OWNED BY public.playlists.playlist_key;


--
-- TOC entry 226 (class 1259 OID 16435)
-- Name: tracks; Type: TABLE; Schema: public; Owner: root
--

CREATE TABLE public.tracks (
    track_key integer NOT NULL,
    name character varying(255) NOT NULL,
    fk_artist_key bigint NOT NULL,
    fk_user_key bigint NOT NULL,
    duration character varying(255) NOT NULL,
    image_path character varying(255) NOT NULL,
    track_path character varying(255) NOT NULL,
    listen_count bigint NOT NULL,
    dt_created timestamp without time zone DEFAULT now() NOT NULL,
    dt_modified timestamp without time zone DEFAULT now() NOT NULL
);


ALTER TABLE public.tracks OWNER TO root;

--
-- TOC entry 216 (class 1259 OID 16392)
-- Name: tracks_log; Type: TABLE; Schema: public; Owner: root
--

CREATE TABLE public.tracks_log (
    tracks_log_key integer NOT NULL,
    fk_user_key bigint NOT NULL,
    fk_playlist_key bigint NOT NULL,
    fk_track_key bigint NOT NULL,
    country_code character varying(10) NOT NULL,
    dt_created timestamp without time zone DEFAULT now() NOT NULL,
    playlist_slug character varying NOT NULL
);


ALTER TABLE public.tracks_log OWNER TO root;

--
-- TOC entry 215 (class 1259 OID 16391)
-- Name: tracks_log_tracks_log_key_seq; Type: SEQUENCE; Schema: public; Owner: root
--

CREATE SEQUENCE public.tracks_log_tracks_log_key_seq
    AS integer
    START WITH 1
    INCREMENT BY 1
    NO MINVALUE
    NO MAXVALUE
    CACHE 1;


ALTER SEQUENCE public.tracks_log_tracks_log_key_seq OWNER TO root;

--
-- TOC entry 3479 (class 0 OID 0)
-- Dependencies: 215
-- Name: tracks_log_tracks_log_key_seq; Type: SEQUENCE OWNED BY; Schema: public; Owner: root
--

ALTER SEQUENCE public.tracks_log_tracks_log_key_seq OWNED BY public.tracks_log.tracks_log_key;


--
-- TOC entry 225 (class 1259 OID 16434)
-- Name: tracks_track_key_seq; Type: SEQUENCE; Schema: public; Owner: root
--

CREATE SEQUENCE public.tracks_track_key_seq
    AS integer
    START WITH 1
    INCREMENT BY 1
    NO MINVALUE
    NO MAXVALUE
    CACHE 1;


ALTER SEQUENCE public.tracks_track_key_seq OWNER TO root;

--
-- TOC entry 3480 (class 0 OID 0)
-- Dependencies: 225
-- Name: tracks_track_key_seq; Type: SEQUENCE OWNED BY; Schema: public; Owner: root
--

ALTER SEQUENCE public.tracks_track_key_seq OWNED BY public.tracks.track_key;

--
-- TOC entry 223 (class 1259 OID 16425)
-- Name: users_user_key_seq; Type: SEQUENCE; Schema: public; Owner: root
--

CREATE SEQUENCE public.users_user_key_seq
    AS integer
    START WITH 1
    INCREMENT BY 1
    NO MINVALUE
    NO MAXVALUE
    CACHE 1;


ALTER SEQUENCE public.users_user_key_seq OWNER TO root;

--
-- TOC entry 3481 (class 0 OID 0)
-- Dependencies: 223
-- Name: users_user_key_seq; Type: SEQUENCE OWNED BY; Schema: public; Owner: root
--

ALTER SEQUENCE public.users_user_key_seq OWNED BY public.users.user_key;


--
-- TOC entry 3276 (class 2604 OID 16402)
-- Name: artists artist_key; Type: DEFAULT; Schema: public; Owner: root
--

ALTER TABLE ONLY public.artists ALTER COLUMN artist_key SET DEFAULT nextval('public.artists_artist_key_seq'::regclass);


--
-- TOC entry 3285 (class 2604 OID 16420)
-- Name: logs log_key; Type: DEFAULT; Schema: public; Owner: root
--

ALTER TABLE ONLY public.logs ALTER COLUMN log_key SET DEFAULT nextval('public.logs_log_key_seq'::regclass);


--
-- TOC entry 3280 (class 2604 OID 16411)
-- Name: playlists playlist_key; Type: DEFAULT; Schema: public; Owner: root
--

ALTER TABLE ONLY public.playlists ALTER COLUMN playlist_key SET DEFAULT nextval('public.playlists_playlist_key_seq'::regclass);


--
-- TOC entry 3300 (class 2604 OID 16438)
-- Name: tracks track_key; Type: DEFAULT; Schema: public; Owner: root
--

ALTER TABLE ONLY public.tracks ALTER COLUMN track_key SET DEFAULT nextval('public.tracks_track_key_seq'::regclass);


--
-- TOC entry 3274 (class 2604 OID 16395)
-- Name: tracks_log tracks_log_key; Type: DEFAULT; Schema: public; Owner: root
--

ALTER TABLE ONLY public.tracks_log ALTER COLUMN tracks_log_key SET DEFAULT nextval('public.tracks_log_tracks_log_key_seq'::regclass);


--
-- TOC entry 3461 (class 0 OID 16399)
-- Dependencies: 218
-- Data for Name: artists; Type: TABLE DATA; Schema: public; Owner: root
--

INSERT INTO public.artists VALUES (2, 8, 'Joji', NULL, '2024-12-10 00:39:40.233574', '2024-12-10 00:39:40.233574', 0);
INSERT INTO public.artists VALUES (3, 8, 'EKKSTACY', NULL, '2024-12-10 00:42:34.242588', '2024-12-10 00:42:34.242588', 0);
INSERT INTO public.artists VALUES (4, 8, 'Richy Mitch & The Coal Miners', NULL, '2024-12-10 00:52:45.602438', '2024-12-10 00:52:45.602438', 0);
INSERT INTO public.artists VALUES (5, 8, 'Damian Malik', NULL, '2024-12-10 00:59:28.463656', '2024-12-10 00:59:28.463656', 0);
INSERT INTO public.artists VALUES (6, 10, 'Arcane, League of Legends Music & Royal & the Serpent', NULL, '2024-12-16 01:31:22.592335', '2024-12-16 01:31:22.592335', 0);
INSERT INTO public.artists VALUES (7, 10, 'Arcane, League of Legends Music & Marcus King', NULL, '2024-12-16 01:31:34.705336', '2024-12-16 01:31:34.705336', 0);
INSERT INTO public.artists VALUES (8, 10, 'Raja Kumari & Stefflon Don', NULL, '2024-12-16 01:31:44.907451', '2024-12-16 01:31:44.907451', 0);
INSERT INTO public.artists VALUES (9, 10, 'Arcane, League of Legends Music & FEVER 333', NULL, '2024-12-16 01:32:22.914414', '2024-12-16 01:32:22.914414', 0);
INSERT INTO public.artists VALUES (10, 10, 'Arcane, League of Legends Music & Freya Ridings', NULL, '2024-12-16 01:32:34.448157', '2024-12-16 01:32:34.448157', 0);
INSERT INTO public.artists VALUES (11, 10, 'Connor Kauffman', NULL, '2024-12-16 01:32:53.600789', '2024-12-16 01:32:53.600789', 0);
INSERT INTO public.artists VALUES (12, 10, 'Mitchel Dae', NULL, '2024-12-16 01:33:32.991188', '2024-12-16 01:33:32.991188', 0);
INSERT INTO public.artists VALUES (14, 11, 'Artemas', NULL, '2025-01-10 01:26:13.118558', '2025-01-10 01:26:13.118558', 0);
INSERT INTO public.artists VALUES (15, 8, 'peas4nt', NULL, '2025-01-13 23:38:34.849097', '2025-01-13 23:38:34.849097', 0);
INSERT INTO public.artists VALUES (19, 14, 'BbyGirl', NULL, '2025-01-14 19:09:18.769925', '2025-01-14 19:09:18.769925', 1);
INSERT INTO public.artists VALUES (20, 14, 'Adaś', NULL, '2025-01-14 19:12:20.163317', '2025-01-14 19:12:20.163317', 1);
INSERT INTO public.artists VALUES (21, 14, 'Lemaier', NULL, '2025-01-14 19:13:23.311426', '2025-01-14 19:13:23.311426', 1);
INSERT INTO public.artists VALUES (23, 14, 'ПОЛМАТЕРИ & нексюша', NULL, '2025-01-14 19:14:46.065281', '2025-01-14 19:14:46.065281', 1);
INSERT INTO public.artists VALUES (22, 10, 'Danil', NULL, '2025-01-14 19:14:05.868438', '2025-01-14 19:14:05.868438', 1);
INSERT INTO public.artists VALUES (24, 10, 'Danil', NULL, '2025-01-15 01:00:55.126401', '2025-01-15 01:00:55.126401', 1);
INSERT INTO public.artists VALUES (25, 10, 'Danil', NULL, '2025-01-15 01:01:11.124632', '2025-01-15 01:01:11.124632', 1);
INSERT INTO public.artists VALUES (26, 10, 'Danil', NULL, '2025-01-15 01:01:25.782497', '2025-01-15 01:01:25.782497', 1);
INSERT INTO public.artists VALUES (27, 10, 'Danil', NULL, '2025-01-15 01:01:44.635091', '2025-01-15 01:01:44.635091', 1);
INSERT INTO public.artists VALUES (28, 10, 'Danil', NULL, '2025-01-15 01:08:05.596929', '2025-01-15 01:08:05.596929', 1);


--
-- TOC entry 3465 (class 0 OID 16417)
-- Dependencies: 222
-- Data for Name: logs; Type: TABLE DATA; Schema: public; Owner: root
--



--
-- TOC entry 3463 (class 0 OID 16408)
-- Dependencies: 220
-- Data for Name: playlists; Type: TABLE DATA; Schema: public; Owner: root
--

INSERT INTO public.playlists VALUES (27, 'Cool playlist', '', '[70, 63, 65, 64]', NULL, NULL, 10, 1, '2025-01-15 00:44:04.088593', '2025-01-15 00:44:04.088593', '1736901844084-187.jpg', 'cool-playlist');
INSERT INTO public.playlists VALUES (25, 'Car playlist', '', '[]', NULL, NULL, 11, 0, '2025-01-16 16:46:32.672097', '2025-01-14 18:28:39.388497', '1736879319310-839.jpg', 'car-playlist');
INSERT INTO public.playlists VALUES (24, 'My playlist', 'test', '[54, 52, 50, 51, 45, 44]', NULL, NULL, 8, 1, '2025-01-13 23:41:36.410742', '2025-01-13 23:41:36.410742', '1736811696393-513.png', 'my-playlist');
INSERT INTO public.playlists VALUES (10, 'Arcane', 'description test', '[47, 48, 49, 46]', NULL, NULL, 10, 1, '2024-12-16 01:26:47.798259', '2024-12-16 01:26:47.798259', '1734312407968-828.jpg', 'arcane');
INSERT INTO public.playlists VALUES (16, 'LikedTracks', 'Favorite tracks', '[]', 'likedTracks', NULL, 0, 1, '2025-01-07 03:33:03.572751', '2025-01-07 03:33:03.572751', 'heart.png', 'likedtracks_');
INSERT INTO public.playlists VALUES (26, 'SbornikHydshihPesenInTheWorld', '', '[57, 56, 65, 63, 61, 62]', NULL, NULL, 14, 1, '2025-01-14 18:46:17.411978', '2025-01-14 18:43:34.75435', '1736880214747-540.jpg', 'sbornikhydshihpesenintheworld');
INSERT INTO public.playlists VALUES (19, 'Recently played', 'Your recently listened tracks', '[]', 'recentlyPlayed', NULL, 0, 1, '2025-01-10 00:40:34.178637', '2025-01-10 00:40:34.178637', 'refresh.png', 'recentlyplayed_');
INSERT INTO public.playlists VALUES (20, 'Recently added', 'Recently added tracks', '[]', 'recentlyAdded', NULL, 0, 1, '2025-01-10 00:40:34.178637', '2025-01-10 00:40:34.178637', 'refresh.png', 'recentlyadded');
INSERT INTO public.playlists VALUES (17, 'My Tracks', 'Your uploaded tracks', '[]', 'myTracks', NULL, 0, 1, '2025-01-07 03:33:03.572751', '2025-01-07 03:33:03.572751', 'track2.png', 'mytracks');
INSERT INTO public.playlists VALUES (29, 'Sad playlist', '', '[69, 68, 67, 66, 64]', NULL, NULL, 10, 1, '2025-01-15 00:46:23.436298', '2025-01-15 00:46:23.436298', '1736901983435-855.jpg', 'sad-playlist');
INSERT INTO public.playlists VALUES (8, 'First playlist', '', '[]', NULL, NULL, 9, 1, '2025-01-15 01:04:49.352217', '2024-12-10 01:09:25.823', '1736903089347-654.jpg', 'first-playlist');
INSERT INTO public.playlists VALUES (28, 'Amazing playlist', '', '[52, 67]', NULL, NULL, 10, 1, '2025-01-15 00:44:25.730891', '2025-01-15 00:44:25.730891', '1736901865729-793.jpg', 'amazing-playlist');
INSERT INTO public.playlists VALUES (30, 'Playlist example', '', '[68]', NULL, NULL, 10, 1, '2025-01-15 00:47:23.645119', '2025-01-15 00:47:23.645119', '1736902043642-833.jpg', 'playlist-example');


--
-- TOC entry 3469 (class 0 OID 16435)
-- Dependencies: 226
-- Data for Name: tracks; Type: TABLE DATA; Schema: public; Owner: root
--

INSERT INTO public.tracks VALUES (57, 'Я помню (feat. маз корж)', 17, 14, '5:07', 'https://is1-ssl.mzstatic.com/image/thumb/Music115/v4/4c/e0/af/4ce0af12-2409-4ee6-4ae6-85deb794f789/cover.jpg/400x400cc.jpg', 'mazellovvv-я_помню_(feat._маз_корж).mp3', 3, '2025-01-14 18:52:50.671322', '2025-01-14 18:52:50.671322');
INSERT INTO public.tracks VALUES (51, 'Evergreen', 4, 10, '1:27', 'https://is1-ssl.mzstatic.com/image/thumb/AMCArtistImages126/v4/fe/c1/df/fec1df3b-2bbc-f614-7b27-236374fef489/f7c5d7f9-bf85-4596-b11f-67f2c4c81732_ami-identity-63a28db6bab105bd7964fcdd544dff3e-2023-02-02T22-11-56.763Z_cropped.png/800x800cc.jpg', 'richy_mitch_&_the_coal_miners-evergreen.mp3', 51, '2025-01-03 13:23:54.518443', '2025-01-03 13:23:54.518443');
INSERT INTO public.tracks VALUES (61, 'Jealous Girl - Sped Up', 19, 14, '2:33', 'https://is1-ssl.mzstatic.com/image/thumb/Music126/v4/96/78/a5/9678a5a1-5b37-3026-e2de-6c14c5eb9939/5063341819408_cover.jpg/400x400cc.jpg', 'bbygirl-jealous_girl_-_sped_up.mp3', 4, '2025-01-14 19:09:18.772748', '2025-01-14 19:09:18.772748');
INSERT INTO public.tracks VALUES (47, 'Hellfire (from the series Arcane League of Legends)', 9, 10, '2:44', 'https://is1-ssl.mzstatic.com/image/thumb/Music211/v4/54/cf/11/54cf11ab-ac8b-587c-d98f-ac491277ae97/00198704145971_Cover.jpg/400x400cc.jpg', 'arcane,_league_of_legends_music_&_fever_333-hellfire_(from_the_series_arcane_league_of_legends).mp3', 58, '2025-01-03 13:22:24.401611', '2025-01-03 13:22:24.401611');
INSERT INTO public.tracks VALUES (60, 'Кабанчик', 16, 14, '5:07', 'https://is1-ssl.mzstatic.com/image/thumb/Music123/v4/fe/e1/b7/fee1b736-0d76-6627-00d2-847dcf1d1af7/cover.jpg/400x400cc.jpg', 'в''ячеслав_кукоба-кабанчик.mp3', 6, '2025-01-14 19:02:02.30462', '2025-01-14 19:02:02.30462');
INSERT INTO public.tracks VALUES (62, 'dessous', 20, 14, '2:07', 'https://is1-ssl.mzstatic.com/image/thumb/Features122/v4/4e/c8/77/4ec87707-0f54-4d96-dfdd-0c2a6fec7fd4/mzl.lvawwsat.png/800x800cc.jpg', 'adaś-dessous.mp3', 8, '2025-01-14 19:12:20.164101', '2025-01-14 19:12:20.164101');
INSERT INTO public.tracks VALUES (64, 'When the Sun Goes Down', 22, 10, '3:22', 'https://is1-ssl.mzstatic.com/image/thumb/Music122/v4/d9/a6/06/d9a60642-3a9a-c289-326d-9af3928c4784/pr_source.png/800x800cc.jpg', 'arctic_monkeys-when_the_sun_goes_down.mp3', 52, '2025-01-14 19:14:05.86929', '2025-01-14 19:14:05.86929');
INSERT INTO public.tracks VALUES (46, 'Sucker (from the series Arcane League of Legends)', 7, 10, '3:44', 'https://is1-ssl.mzstatic.com/image/thumb/Music211/v4/54/cf/11/54cf11ab-ac8b-587c-d98f-ac491277ae97/00198704145971_Cover.jpg/400x400cc.jpg', 'arcane,_league_of_legends_music_&_marcus_king-sucker_(from_the_series_arcane_league_of_legends).mp3', 203, '2024-12-24 18:52:20.877877', '2024-12-24 18:52:20.877877');
INSERT INTO public.tracks VALUES (63, 'Мама удалила роблокс (feat. Gulyashik & Qurorr)', 21, 14, '3:04', 'https://is1-ssl.mzstatic.com/image/thumb/Music221/v4/89/3b/08/893b0897-75fa-1560-0595-e92269264cae/2_001_Lemaier_feat_Gulyashik_Qurorr-Mama_udalila_robloks.jpg/400x400cc.jpg', 'lemaier-мама_удалила_роблокс_(feat._gulyashik_&_qurorr).mp3', 50, '2025-01-14 19:13:23.312511', '2025-01-14 19:13:23.312511');
INSERT INTO public.tracks VALUES (65, 'мамкин бизнесмен', 23, 14, '2:54', 'https://is1-ssl.mzstatic.com/image/thumb/Music112/v4/52/a2/52/52a2522c-40e3-31d8-10d0-cdef16afd843/pr_source.png/800x800cc.jpg', 'полматери_&_нексюша-мамкин_бизнесмен.mp3', 45, '2025-01-14 19:14:46.066375', '2025-01-14 19:14:46.066375');
INSERT INTO public.tracks VALUES (52, 'Die For You', 2, 10, '3:31', 'https://is1-ssl.mzstatic.com/image/thumb/Music122/v4/ff/19/c1/ff19c1c0-bd5f-b5e6-3073-fcf2dc107f6c/pr_source.png/800x800cc.jpg', 'joji-die_for_you.mp3', 112, '2025-01-07 00:50:24.471833', '2025-01-07 00:50:24.471833');
INSERT INTO public.tracks VALUES (55, 'console.log(''HACKING'')', 15, 8, '1:01', 'peas4nt-console.log(''hacking'').image.jpg', 'peas4nt-console.log(''hacking'').mp3', 8, '2025-01-13 23:38:34.968302', '2025-01-13 23:38:34.968302');
INSERT INTO public.tracks VALUES (44, 'Innocent', 12, 10, '3:45', 'https://is1-ssl.mzstatic.com/image/thumb/AMCArtistImages221/v4/cd/ee/42/cdee42ed-e9e7-cabf-cff2-118ec9965769/file_cropped.png/800x800cc.jpg', 'mitchel_dae-innocent.mp3', 35, '2024-12-24 18:51:34.341599', '2024-12-24 18:51:34.341599');
INSERT INTO public.tracks VALUES (54, 'i like the way you kiss me', 14, 8, '2:22', 'https://is1-ssl.mzstatic.com/image/thumb/AMCArtistImages211/v4/0f/6b/33/0f6b33fe-64bd-7ef7-910c-633fbe06e37c/ami-identity-b4cdf97096d02ef0fc800697291f3a02-2024-10-14T13-11-07.528Z_cropped.png/800x800cc.jpg', 'artemas-i_like_the_way_you_kiss_me.mp3', 109, '2025-01-13 22:57:19.078029', '2025-01-13 22:57:19.078029');
INSERT INTO public.tracks VALUES (50, 'then i met her', 3, 10, '2:18', 'https://is1-ssl.mzstatic.com/image/thumb/AMCArtistImages221/v4/95/13/3a/95133a8b-05b6-43dd-e768-9fe2ca3488cc/363eb719-327e-4613-8629-786a47873abb_ami-identity-29f67417e0b9c49b40ad3e3f03dd4351-2024-05-21T02-33-49.560Z_cropped.png/800x800cc.jpg', 'ekkstacy-then_i_met_her.mp3', 36, '2025-01-03 13:23:41.263579', '2025-01-03 13:23:41.263579');
INSERT INTO public.tracks VALUES (48, 'Renegade (We Never Run) [from the series Arcane League of Legends] [feat. Jarina De Marco]', 8, 10, '2:41', 'https://is1-ssl.mzstatic.com/image/thumb/AMCArtistImages126/v4/09/06/08/09060834-32ef-fd0e-e8e0-378a0c00fef2/2f80b39f-679b-435b-a2ca-596cab82ffb5_file_cropped.png/800x800cc.jpg', 'raja_kumari_&_stefflon_don-renegade_(we_never_run)_[from_the_series_arcane_league_of_legends]_[feat._jarina_de_marco].mp3', 38, '2025-01-03 13:23:06.828083', '2025-01-03 13:23:06.828083');
INSERT INTO public.tracks VALUES (45, 'Parasite', 11, 10, '2:26', 'https://is1-ssl.mzstatic.com/image/thumb/AMCArtistImages221/v4/a4/e8/fd/a4e8fd79-dbcb-008f-cf91-23c996dbcc59/320b38d0-9c82-4e7e-836f-74b1482348bf_ami-identity-b2770079949bd5a591b8e718cecd9195-2024-09-21T17-46-07.749Z_cropped.png/800x800cc.jpg', 'connor_kauffman-parasite.mp3', 66, '2024-12-24 18:52:04.938955', '2024-12-24 18:52:04.938955');
INSERT INTO public.tracks VALUES (69, 'did i tell u that i miss u (Slowed)', 27, 10, '1:56', 'https://is1-ssl.mzstatic.com/image/thumb/AMCArtistImages126/v4/93/52/6b/93526bf9-22a3-9971-7e9c-fce53a3f974b/eb0e8abd-5069-48e1-8939-d4e2c7571b5b_ami-identity-6762801afb0c7d7d93fbcc8570f3e605-2023-06-15T19-28-40.919Z_cropped.png/800x800cc.jpg', 'adore-did_i_tell_u_that_i_miss_u_(slowed).mp3', 11, '2025-01-15 01:01:44.635926', '2025-01-15 01:01:44.635926');
INSERT INTO public.tracks VALUES (68, 'Better People To Leave On Read', 26, 10, '2:11', 'https://is1-ssl.mzstatic.com/image/thumb/AMCArtistImages211/v4/a8/ff/df/a8ffdfab-5069-8754-915c-e67ddcf7e964/ami-identity-9e9c9579ccf851d36baee5bace2fdafe-2025-01-03T04-22-33.267Z_cropped.png/800x800cc.jpg', 'emei-better_people_to_leave_on_read.mp3', 18, '2025-01-15 01:01:25.783662', '2025-01-15 01:01:25.783662');
INSERT INTO public.tracks VALUES (66, 'I Won''t Beg for You', 24, 10, '2:03', 'https://is1-ssl.mzstatic.com/image/thumb/Features125/v4/87/57/07/875707ef-f8f7-a33f-76b6-f190220baebf/pr_source.png/800x800cc.jpg', 'chri$tian_gate$-i_won''t_beg_for_you.mp3', 14, '2025-01-15 01:00:55.127684', '2025-01-15 01:00:55.127684');
INSERT INTO public.tracks VALUES (67, 'meant to be', 25, 10, '2:50', 'https://is1-ssl.mzstatic.com/image/thumb/AMCArtistImages221/v4/9f/06/fd/9f06fd7e-6028-990f-d65c-537764501872/a0ebf372-3896-4c78-84de-0d88ea7fc6d7_ami-identity-ca582c39fdb45287725a2cdb50e0e9f7-2024-07-24T03-47-46.618Z_cropped.png/800x800cc.jpg', 'bbno$-meant_to_be.mp3', 11, '2025-01-15 01:01:11.125363', '2025-01-15 01:01:11.125363');
INSERT INTO public.tracks VALUES (70, 'Кабанчик', 28, 10, '2:45', 'https://is1-ssl.mzstatic.com/image/thumb/Music123/v4/fe/e1/b7/fee1b736-0d76-6627-00d2-847dcf1d1af7/cover.jpg/400x400cc.jpg', 'в''ячеслав_кукоба-кабанчик.mp3', 46, '2025-01-15 01:08:05.597581', '2025-01-15 01:08:05.597581');
INSERT INTO public.tracks VALUES (49, 'Wasteland (from the series Arcane League of Legends)', 6, 10, '2:41', 'https://is1-ssl.mzstatic.com/image/thumb/Music211/v4/54/cf/11/54cf11ab-ac8b-587c-d98f-ac491277ae97/00198704145971_Cover.jpg/400x400cc.jpg', 'arcane,_league_of_legends_music_&_royal_&_the_serpent-wasteland_(from_the_series_arcane_league_of_legends).mp3', 46, '2025-01-03 13:23:18.144595', '2025-01-03 13:23:18.144595');


--
-- TOC entry 3459 (class 0 OID 16392)
-- Dependencies: 216
-- Data for Name: tracks_log; Type: TABLE DATA; Schema: public; Owner: root
--

INSERT INTO public.tracks_log VALUES (280, 10, 17, 52, 'US', '2025-01-13 01:34:01.795401', 'mytracks');
INSERT INTO public.tracks_log VALUES (281, 10, 16, 52, 'US', '2025-01-13 01:34:11.232001', 'likedtracks_10');
INSERT INTO public.tracks_log VALUES (282, 10, 16, 52, 'US', '2025-01-13 01:34:14.074812', 'likedtracks_10');
INSERT INTO public.tracks_log VALUES (283, 10, 17, 52, 'US', '2025-01-13 01:34:22.485238', 'mytracks');
INSERT INTO public.tracks_log VALUES (284, 10, 17, 52, 'US', '2025-01-13 01:34:26.878414', 'mytracks');
INSERT INTO public.tracks_log VALUES (285, 10, 10, 46, 'US', '2025-01-13 01:35:08.69186', 'arcane');
INSERT INTO public.tracks_log VALUES (286, 10, 20, 53, 'US', '2025-01-13 01:36:21.177095', 'recentlyadded');
INSERT INTO public.tracks_log VALUES (287, 10, 20, 53, 'US', '2025-01-13 01:43:03.881028', 'recentlyadded');
INSERT INTO public.tracks_log VALUES (288, 10, 20, 53, 'US', '2025-01-13 01:44:55.409372', 'recentlyadded');
INSERT INTO public.tracks_log VALUES (289, 10, 20, 53, 'US', '2025-01-13 01:47:34.195208', 'recentlyadded');
INSERT INTO public.tracks_log VALUES (290, 10, 20, 52, 'US', '2025-01-13 01:47:34.410503', 'recentlyadded');
INSERT INTO public.tracks_log VALUES (291, 10, 20, 52, 'US', '2025-01-13 01:47:59.137466', 'recentlyadded');
INSERT INTO public.tracks_log VALUES (292, 10, 20, 53, 'US', '2025-01-13 01:48:04.182207', 'recentlyadded');
INSERT INTO public.tracks_log VALUES (293, 10, 20, 52, 'US', '2025-01-13 01:48:04.386797', 'recentlyadded');
INSERT INTO public.tracks_log VALUES (294, 10, 20, 52, 'US', '2025-01-13 01:48:16.875157', 'recentlyadded');
INSERT INTO public.tracks_log VALUES (295, 10, 20, 52, 'US', '2025-01-13 02:00:52.516012', 'recentlyadded');
INSERT INTO public.tracks_log VALUES (296, 10, 20, 51, 'US', '2025-01-13 02:00:54.532164', 'recentlyadded');
INSERT INTO public.tracks_log VALUES (297, 10, 20, 51, 'US', '2025-01-13 02:01:17.102526', 'recentlyadded');
INSERT INTO public.tracks_log VALUES (298, 10, 20, 50, 'US', '2025-01-13 02:01:27.762436', 'recentlyadded');
INSERT INTO public.tracks_log VALUES (299, 10, 20, 50, 'US', '2025-01-13 02:02:52.033802', 'recentlyadded');
INSERT INTO public.tracks_log VALUES (300, 10, 20, 50, 'US', '2025-01-13 02:04:50.536779', 'recentlyadded');
INSERT INTO public.tracks_log VALUES (301, 10, 20, 50, 'US', '2025-01-13 02:06:22.20547', 'recentlyadded');
INSERT INTO public.tracks_log VALUES (302, 10, 20, 50, 'US', '2025-01-13 02:13:09.957861', 'recentlyadded');
INSERT INTO public.tracks_log VALUES (303, 10, 20, 50, 'US', '2025-01-13 02:13:22.309042', 'recentlyadded');
INSERT INTO public.tracks_log VALUES (304, 10, 20, 50, 'US', '2025-01-13 02:13:54.768857', 'recentlyadded');
INSERT INTO public.tracks_log VALUES (305, 10, 20, 50, 'US', '2025-01-13 02:14:10.124424', 'recentlyadded');
INSERT INTO public.tracks_log VALUES (306, 10, 20, 50, 'US', '2025-01-13 02:14:47.082321', 'recentlyadded');
INSERT INTO public.tracks_log VALUES (307, 10, 20, 50, 'US', '2025-01-13 02:14:57.544866', 'recentlyadded');
INSERT INTO public.tracks_log VALUES (308, 10, 20, 50, 'US', '2025-01-13 02:15:05.574373', 'recentlyadded');
INSERT INTO public.tracks_log VALUES (309, 10, 20, 50, 'US', '2025-01-13 02:15:39.317238', 'recentlyadded');
INSERT INTO public.tracks_log VALUES (310, 10, 20, 50, 'US', '2025-01-13 02:20:12.82234', 'recentlyadded');
INSERT INTO public.tracks_log VALUES (311, 10, 14, 45, 'US', '2025-01-13 02:20:16.404794', 'heart-2');
INSERT INTO public.tracks_log VALUES (312, 10, 14, 45, 'US', '2025-01-13 02:20:36.624917', 'heart-2');
INSERT INTO public.tracks_log VALUES (313, 10, 14, 45, 'US', '2025-01-13 02:21:41.678165', 'heart-2');
INSERT INTO public.tracks_log VALUES (314, 10, 14, 45, 'US', '2025-01-13 02:49:51.003754', 'heart-2');
INSERT INTO public.tracks_log VALUES (315, 10, 14, 45, 'US', '2025-01-13 02:51:18.575876', 'heart-2');
INSERT INTO public.tracks_log VALUES (316, 10, 14, 45, 'US', '2025-01-13 02:51:22.354698', 'heart-2');
INSERT INTO public.tracks_log VALUES (317, 10, 14, 45, 'US', '2025-01-13 02:51:58.282875', 'heart-2');
INSERT INTO public.tracks_log VALUES (318, 10, 14, 45, 'US', '2025-01-13 02:52:31.977821', 'heart-2');
INSERT INTO public.tracks_log VALUES (319, 10, 14, 45, 'US', '2025-01-13 02:54:11.578529', 'heart-2');
INSERT INTO public.tracks_log VALUES (320, 10, 14, 45, 'US', '2025-01-13 02:54:26.063579', 'heart-2');
INSERT INTO public.tracks_log VALUES (321, 10, 14, 45, 'US', '2025-01-13 02:59:23.591278', 'heart-2');
INSERT INTO public.tracks_log VALUES (322, 10, 14, 45, 'US', '2025-01-13 03:05:49.621077', 'heart-2');
INSERT INTO public.tracks_log VALUES (323, 10, 14, 45, 'US', '2025-01-13 03:07:20.20227', 'heart-2');
INSERT INTO public.tracks_log VALUES (324, 10, 14, 45, 'US', '2025-01-13 03:09:13.946112', 'heart-2');
INSERT INTO public.tracks_log VALUES (325, 10, 14, 45, 'US', '2025-01-13 03:09:30.875922', 'heart-2');
INSERT INTO public.tracks_log VALUES (326, 10, 14, 45, 'US', '2025-01-13 03:10:50.792358', 'heart-2');
INSERT INTO public.tracks_log VALUES (327, 10, 14, 45, 'US', '2025-01-13 03:11:45.682943', 'heart-2');
INSERT INTO public.tracks_log VALUES (328, 10, 14, 45, 'US', '2025-01-13 03:11:57.932255', 'heart-2');
INSERT INTO public.tracks_log VALUES (329, 10, 14, 45, 'US', '2025-01-13 03:11:59.877354', 'heart-2');
INSERT INTO public.tracks_log VALUES (330, 10, 14, 45, 'US', '2025-01-13 03:12:00.764964', 'heart-2');
INSERT INTO public.tracks_log VALUES (331, 10, 14, 45, 'US', '2025-01-13 03:12:01.595232', 'heart-2');
INSERT INTO public.tracks_log VALUES (332, 10, 14, 45, 'US', '2025-01-13 03:12:02.453992', 'heart-2');
INSERT INTO public.tracks_log VALUES (333, 10, 14, 45, 'US', '2025-01-13 03:12:03.31991', 'heart-2');
INSERT INTO public.tracks_log VALUES (334, 10, 14, 45, 'US', '2025-01-13 03:12:03.908703', 'heart-2');
INSERT INTO public.tracks_log VALUES (335, 10, 14, 45, 'US', '2025-01-13 03:12:04.546944', 'heart-2');
INSERT INTO public.tracks_log VALUES (336, 10, 14, 45, 'US', '2025-01-13 03:16:25.098327', 'heart-2');
INSERT INTO public.tracks_log VALUES (337, 10, 14, 45, 'US', '2025-01-13 03:16:27.553934', 'heart-2');
INSERT INTO public.tracks_log VALUES (338, 10, 14, 45, 'US', '2025-01-13 03:16:29.111306', 'heart-2');
INSERT INTO public.tracks_log VALUES (339, 10, 14, 45, 'US', '2025-01-13 03:19:53.807632', 'heart-2');
INSERT INTO public.tracks_log VALUES (340, 10, 14, 45, 'US', '2025-01-13 03:20:58.077154', 'heart-2');
INSERT INTO public.tracks_log VALUES (341, 10, 14, 45, 'US', '2025-01-13 03:21:19.242587', 'heart-2');
INSERT INTO public.tracks_log VALUES (342, 10, 10, 46, 'US', '2025-01-13 03:26:22.96274', 'arcane');
INSERT INTO public.tracks_log VALUES (343, 10, 10, 48, 'US', '2025-01-13 03:30:41.084197', 'arcane');
INSERT INTO public.tracks_log VALUES (344, 10, 10, 46, 'US', '2025-01-13 03:30:42.244241', 'arcane');
INSERT INTO public.tracks_log VALUES (345, 10, 10, 49, 'US', '2025-01-13 03:30:46.007089', 'arcane');
INSERT INTO public.tracks_log VALUES (346, 10, 10, 48, 'US', '2025-01-13 03:33:27.366724', 'arcane');
INSERT INTO public.tracks_log VALUES (347, 10, 10, 48, 'US', '2025-01-13 03:35:19.654682', 'arcane');
INSERT INTO public.tracks_log VALUES (348, 10, 10, 48, 'US', '2025-01-13 03:35:56.875244', 'arcane');
INSERT INTO public.tracks_log VALUES (349, 8, 10, 46, 'US', '2025-01-13 03:37:22.878768', 'arcane');
INSERT INTO public.tracks_log VALUES (350, 8, 10, 46, 'US', '2025-01-13 03:38:11.911131', 'arcane');
INSERT INTO public.tracks_log VALUES (351, 8, 10, 46, 'US', '2025-01-13 03:38:54.728033', 'arcane');
INSERT INTO public.tracks_log VALUES (352, 8, 10, 49, 'US', '2025-01-13 03:38:56.324548', 'arcane');
INSERT INTO public.tracks_log VALUES (353, 8, 10, 48, 'US', '2025-01-13 03:41:37.753007', 'arcane');
INSERT INTO public.tracks_log VALUES (354, 8, 10, 47, 'US', '2025-01-13 03:44:19.402045', 'arcane');
INSERT INTO public.tracks_log VALUES (355, 8, 10, 46, 'US', '2025-01-13 03:47:04.433981', 'arcane');
INSERT INTO public.tracks_log VALUES (356, 8, 10, 47, 'US', '2025-01-13 03:47:23.978265', 'arcane');
INSERT INTO public.tracks_log VALUES (357, 8, 10, 46, 'US', '2025-01-13 03:47:29.735505', 'arcane');
INSERT INTO public.tracks_log VALUES (358, 8, 20, 53, 'US', '2025-01-13 03:47:34.747414', 'recentlyadded');
INSERT INTO public.tracks_log VALUES (359, 8, 20, 52, 'US', '2025-01-13 03:47:35.042381', 'recentlyadded');
INSERT INTO public.tracks_log VALUES (360, 8, 20, 52, 'US', '2025-01-13 03:51:02.836814', 'recentlyadded');
INSERT INTO public.tracks_log VALUES (361, 8, 20, 52, 'US', '2025-01-13 04:03:40.816838', 'recentlyadded');
INSERT INTO public.tracks_log VALUES (362, 8, 20, 52, 'US', '2025-01-13 04:03:43.354984', 'recentlyadded');
INSERT INTO public.tracks_log VALUES (363, 8, 20, 52, 'US', '2025-01-13 04:12:09.941389', 'recentlyadded');
INSERT INTO public.tracks_log VALUES (364, 8, 20, 52, 'US', '2025-01-13 04:12:11.995752', 'recentlyadded');
INSERT INTO public.tracks_log VALUES (365, 8, 20, 52, 'US', '2025-01-13 04:13:31.777147', 'recentlyadded');
INSERT INTO public.tracks_log VALUES (366, 8, 20, 52, 'US', '2025-01-13 04:14:06.084731', 'recentlyadded');
INSERT INTO public.tracks_log VALUES (367, 8, 20, 52, 'US', '2025-01-13 04:17:01.236444', 'recentlyadded');
INSERT INTO public.tracks_log VALUES (368, 8, 20, 52, 'US', '2025-01-13 04:17:26.819783', 'recentlyadded');
INSERT INTO public.tracks_log VALUES (369, 8, 20, 52, 'US', '2025-01-13 04:22:59.447661', 'recentlyadded');
INSERT INTO public.tracks_log VALUES (370, 8, 20, 52, 'US', '2025-01-13 04:23:36.863916', 'recentlyadded');
INSERT INTO public.tracks_log VALUES (371, 8, 20, 52, 'US', '2025-01-13 04:24:45.780135', 'recentlyadded');
INSERT INTO public.tracks_log VALUES (372, 8, 20, 52, 'US', '2025-01-13 04:31:14.750547', 'recentlyadded');
INSERT INTO public.tracks_log VALUES (373, 8, 20, 52, 'US', '2025-01-13 04:33:37.533807', 'recentlyadded');
INSERT INTO public.tracks_log VALUES (374, 8, 20, 52, 'US', '2025-01-13 04:34:40.355088', 'recentlyadded');
INSERT INTO public.tracks_log VALUES (375, 8, 20, 52, 'US', '2025-01-13 04:35:32.327026', 'recentlyadded');
INSERT INTO public.tracks_log VALUES (376, 8, 20, 52, 'US', '2025-01-13 04:37:31.114415', 'recentlyadded');
INSERT INTO public.tracks_log VALUES (377, 8, 20, 52, 'US', '2025-01-13 04:39:45.105588', 'recentlyadded');
INSERT INTO public.tracks_log VALUES (378, 8, 20, 52, 'US', '2025-01-13 04:40:13.118463', 'recentlyadded');
INSERT INTO public.tracks_log VALUES (379, 8, 20, 52, 'US', '2025-01-13 04:40:51.989465', 'recentlyadded');
INSERT INTO public.tracks_log VALUES (380, 8, 20, 52, 'US', '2025-01-13 04:42:00.360158', 'recentlyadded');
INSERT INTO public.tracks_log VALUES (381, 8, 20, 52, 'US', '2025-01-13 04:42:41.934807', 'recentlyadded');
INSERT INTO public.tracks_log VALUES (382, 8, 20, 52, 'US', '2025-01-13 04:42:56.788377', 'recentlyadded');
INSERT INTO public.tracks_log VALUES (383, 8, 20, 52, 'US', '2025-01-13 04:45:03.637735', 'recentlyadded');
INSERT INTO public.tracks_log VALUES (384, 8, 20, 52, 'US', '2025-01-13 04:49:32.687967', 'recentlyadded');
INSERT INTO public.tracks_log VALUES (385, 8, 20, 52, 'US', '2025-01-13 04:50:42.825278', 'recentlyadded');
INSERT INTO public.tracks_log VALUES (386, 8, 20, 52, 'US', '2025-01-13 04:52:05.622293', 'recentlyadded');
INSERT INTO public.tracks_log VALUES (387, 8, 20, 52, 'US', '2025-01-13 16:10:38.832546', 'recentlyadded');
INSERT INTO public.tracks_log VALUES (392, 8, 20, 52, 'US', '2025-01-13 17:10:36.08709', 'recentlyadded');
INSERT INTO public.tracks_log VALUES (393, 8, 20, 52, 'US', '2025-01-13 17:14:24.271994', 'recentlyadded');
INSERT INTO public.tracks_log VALUES (394, 8, 20, 52, 'US', '2025-01-13 17:15:34.816984', 'recentlyadded');
INSERT INTO public.tracks_log VALUES (395, 8, 10, 46, 'US', '2025-01-13 17:32:56.334608', 'arcane');
INSERT INTO public.tracks_log VALUES (396, 8, 10, 46, 'US', '2025-01-13 17:43:42.524042', 'arcane');
INSERT INTO public.tracks_log VALUES (397, 8, 10, 46, 'US', '2025-01-13 18:43:50.884622', 'arcane');
INSERT INTO public.tracks_log VALUES (398, 8, 10, 46, 'US', '2025-01-13 18:45:56.586943', 'arcane');
INSERT INTO public.tracks_log VALUES (399, 8, 10, 46, 'US', '2025-01-13 19:16:03.891542', 'arcane');
INSERT INTO public.tracks_log VALUES (400, 8, 10, 46, 'US', '2025-01-13 19:17:15.948317', 'arcane');
INSERT INTO public.tracks_log VALUES (401, 8, 10, 46, 'US', '2025-01-13 19:22:21.211786', 'arcane');
INSERT INTO public.tracks_log VALUES (402, 8, 10, 46, 'US', '2025-01-13 19:23:16.367812', 'arcane');
INSERT INTO public.tracks_log VALUES (403, 8, 10, 46, 'US', '2025-01-13 19:28:48.291119', 'arcane');
INSERT INTO public.tracks_log VALUES (404, 8, 10, 46, 'US', '2025-01-13 19:31:07.062631', 'arcane');
INSERT INTO public.tracks_log VALUES (405, 8, 10, 46, 'US', '2025-01-13 19:47:28.407937', 'arcane');
INSERT INTO public.tracks_log VALUES (406, 8, 10, 46, 'US', '2025-01-13 19:48:07.574108', 'arcane');
INSERT INTO public.tracks_log VALUES (407, 8, 10, 46, 'US', '2025-01-13 19:49:33.710439', 'arcane');
INSERT INTO public.tracks_log VALUES (408, 8, 10, 46, 'US', '2025-01-13 19:52:07.682238', 'arcane');
INSERT INTO public.tracks_log VALUES (409, 8, 10, 46, 'US', '2025-01-13 20:03:00.638081', 'arcane');
INSERT INTO public.tracks_log VALUES (410, 8, 10, 46, 'US', '2025-01-13 20:04:54.040282', 'arcane');
INSERT INTO public.tracks_log VALUES (411, 8, 10, 46, 'US', '2025-01-13 20:05:17.753291', 'arcane');
INSERT INTO public.tracks_log VALUES (412, 8, 10, 46, 'US', '2025-01-13 20:06:00.730493', 'arcane');
INSERT INTO public.tracks_log VALUES (413, 8, 10, 48, 'US', '2025-01-13 20:06:22.461913', 'arcane');
INSERT INTO public.tracks_log VALUES (414, 8, 10, 47, 'US', '2025-01-13 20:06:42.583585', 'arcane');
INSERT INTO public.tracks_log VALUES (415, 8, 10, 49, 'US', '2025-01-13 20:09:25.69024', 'arcane');
INSERT INTO public.tracks_log VALUES (416, 8, 10, 49, 'US', '2025-01-13 20:09:45.157909', 'arcane');
INSERT INTO public.tracks_log VALUES (417, 8, 10, 49, 'US', '2025-01-13 20:11:31.42491', 'arcane');
INSERT INTO public.tracks_log VALUES (418, 8, 10, 49, 'US', '2025-01-13 20:19:29.829599', 'arcane');
INSERT INTO public.tracks_log VALUES (419, 8, 10, 49, 'US', '2025-01-13 20:20:07.460936', 'arcane');
INSERT INTO public.tracks_log VALUES (420, 8, 10, 49, 'US', '2025-01-13 20:20:26.916538', 'arcane');
INSERT INTO public.tracks_log VALUES (421, 8, 20, 52, 'US', '2025-01-13 20:20:40.888375', 'recentlyadded');
INSERT INTO public.tracks_log VALUES (422, 8, 20, 47, 'US', '2025-01-13 20:20:45.47701', 'recentlyadded');
INSERT INTO public.tracks_log VALUES (423, 8, 20, 50, 'US', '2025-01-13 20:22:55.015307', 'recentlyadded');
INSERT INTO public.tracks_log VALUES (424, 8, 20, 51, 'US', '2025-01-13 20:23:03.510699', 'recentlyadded');
INSERT INTO public.tracks_log VALUES (425, 8, 20, 50, 'US', '2025-01-13 20:23:10.24734', 'recentlyadded');
INSERT INTO public.tracks_log VALUES (426, 8, 20, 46, 'US', '2025-01-13 20:23:12.712814', 'recentlyadded');
INSERT INTO public.tracks_log VALUES (427, 8, 20, 47, 'US', '2025-01-13 20:23:21.022742', 'recentlyadded');
INSERT INTO public.tracks_log VALUES (428, 8, 20, 46, 'US', '2025-01-13 20:23:22.820138', 'recentlyadded');
INSERT INTO public.tracks_log VALUES (429, 8, 20, 45, 'US', '2025-01-13 20:23:24.455079', 'recentlyadded');
INSERT INTO public.tracks_log VALUES (430, 8, 20, 47, 'US', '2025-01-13 20:23:40.791593', 'recentlyadded');
INSERT INTO public.tracks_log VALUES (431, 8, 20, 45, 'US', '2025-01-13 20:23:46.056218', 'recentlyadded');
INSERT INTO public.tracks_log VALUES (432, 8, 20, 52, 'US', '2025-01-13 20:23:48.240261', 'recentlyadded');
INSERT INTO public.tracks_log VALUES (433, 8, 20, 46, 'US', '2025-01-13 20:23:50.920327', 'recentlyadded');
INSERT INTO public.tracks_log VALUES (434, 8, 20, 46, 'US', '2025-01-13 20:33:56.89004', 'recentlyadded');
INSERT INTO public.tracks_log VALUES (435, 8, 20, 46, 'US', '2025-01-13 20:35:32.118114', 'recentlyadded');
INSERT INTO public.tracks_log VALUES (436, 8, 20, 49, 'US', '2025-01-13 20:35:40.469007', 'recentlyadded');
INSERT INTO public.tracks_log VALUES (437, 8, 20, 53, 'US', '2025-01-13 20:35:45.446898', 'recentlyadded');
INSERT INTO public.tracks_log VALUES (438, 8, 20, 44, 'US', '2025-01-13 20:35:46.382794', 'recentlyadded');
INSERT INTO public.tracks_log VALUES (439, 8, 20, 48, 'US', '2025-01-13 20:35:49.718289', 'recentlyadded');
INSERT INTO public.tracks_log VALUES (440, 8, 20, 47, 'US', '2025-01-13 20:35:54.192561', 'recentlyadded');
INSERT INTO public.tracks_log VALUES (441, 8, 20, 47, 'US', '2025-01-13 20:37:22.654019', 'recentlyadded');
INSERT INTO public.tracks_log VALUES (442, 8, 20, 51, 'US', '2025-01-13 20:37:36.652621', 'recentlyadded');
INSERT INTO public.tracks_log VALUES (443, 8, 20, 44, 'US', '2025-01-13 20:37:47.708782', 'recentlyadded');
INSERT INTO public.tracks_log VALUES (444, 8, 20, 44, 'US', '2025-01-13 20:37:53.334298', 'recentlyadded');
INSERT INTO public.tracks_log VALUES (445, 8, 20, 52, 'US', '2025-01-13 20:37:58.128821', 'recentlyadded');
INSERT INTO public.tracks_log VALUES (446, 8, 20, 51, 'US', '2025-01-13 20:38:01.141739', 'recentlyadded');
INSERT INTO public.tracks_log VALUES (447, 8, 20, 49, 'US', '2025-01-13 20:38:03.481904', 'recentlyadded');
INSERT INTO public.tracks_log VALUES (448, 8, 20, 46, 'US', '2025-01-13 20:38:06.053298', 'recentlyadded');
INSERT INTO public.tracks_log VALUES (449, 8, 20, 47, 'US', '2025-01-13 20:38:08.533086', 'recentlyadded');
INSERT INTO public.tracks_log VALUES (450, 8, 20, 48, 'US', '2025-01-13 20:38:11.483317', 'recentlyadded');
INSERT INTO public.tracks_log VALUES (451, 8, 20, 48, 'US', '2025-01-13 20:39:11.975746', 'recentlyadded');
INSERT INTO public.tracks_log VALUES (452, 8, 20, 48, 'US', '2025-01-13 20:42:24.725114', 'recentlyadded');
INSERT INTO public.tracks_log VALUES (453, 8, 20, 48, 'US', '2025-01-13 20:43:07.491444', 'recentlyadded');
INSERT INTO public.tracks_log VALUES (454, 8, 20, 49, 'US', '2025-01-13 20:43:26.898246', 'recentlyadded');
INSERT INTO public.tracks_log VALUES (455, 8, 20, 50, 'US', '2025-01-13 20:43:32.663932', 'recentlyadded');
INSERT INTO public.tracks_log VALUES (456, 8, 20, 51, 'US', '2025-01-13 20:43:36.474223', 'recentlyadded');
INSERT INTO public.tracks_log VALUES (457, 8, 20, 47, 'US', '2025-01-13 20:43:38.012946', 'recentlyadded');
INSERT INTO public.tracks_log VALUES (458, 8, 20, 46, 'US', '2025-01-13 20:43:40.118159', 'recentlyadded');
INSERT INTO public.tracks_log VALUES (459, 8, 20, 44, 'US', '2025-01-13 20:43:41.691611', 'recentlyadded');
INSERT INTO public.tracks_log VALUES (460, 8, 20, 48, 'US', '2025-01-13 20:43:44.29896', 'recentlyadded');
INSERT INTO public.tracks_log VALUES (461, 8, 20, 53, 'US', '2025-01-13 20:43:46.314572', 'recentlyadded');
INSERT INTO public.tracks_log VALUES (462, 8, 20, 52, 'US', '2025-01-13 20:43:46.696311', 'recentlyadded');
INSERT INTO public.tracks_log VALUES (463, 8, 20, 45, 'US', '2025-01-13 20:43:52.161715', 'recentlyadded');
INSERT INTO public.tracks_log VALUES (464, 8, 20, 48, 'US', '2025-01-13 20:45:45.851637', 'recentlyadded');
INSERT INTO public.tracks_log VALUES (465, 8, 20, 48, 'US', '2025-01-13 20:45:50.625599', 'recentlyadded');
INSERT INTO public.tracks_log VALUES (466, 8, 20, 50, 'US', '2025-01-13 20:46:09.306711', 'recentlyadded');
INSERT INTO public.tracks_log VALUES (467, 8, 20, 52, 'US', '2025-01-13 20:46:10.110505', 'recentlyadded');
INSERT INTO public.tracks_log VALUES (468, 8, 20, 47, 'US', '2025-01-13 20:46:10.819281', 'recentlyadded');
INSERT INTO public.tracks_log VALUES (469, 8, 20, 51, 'US', '2025-01-13 20:46:11.53717', 'recentlyadded');
INSERT INTO public.tracks_log VALUES (470, 8, 20, 53, 'US', '2025-01-13 20:46:12.554997', 'recentlyadded');
INSERT INTO public.tracks_log VALUES (471, 8, 20, 49, 'US', '2025-01-13 20:46:12.938123', 'recentlyadded');
INSERT INTO public.tracks_log VALUES (472, 8, 20, 45, 'US', '2025-01-13 20:46:14.529043', 'recentlyadded');
INSERT INTO public.tracks_log VALUES (473, 8, 20, 44, 'US', '2025-01-13 20:46:15.49964', 'recentlyadded');
INSERT INTO public.tracks_log VALUES (474, 8, 20, 46, 'US', '2025-01-13 20:46:18.152258', 'recentlyadded');
INSERT INTO public.tracks_log VALUES (475, 8, 20, 45, 'US', '2025-01-13 20:46:21.35098', 'recentlyadded');
INSERT INTO public.tracks_log VALUES (476, 8, 20, 46, 'US', '2025-01-13 20:46:27.934792', 'recentlyadded');
INSERT INTO public.tracks_log VALUES (477, 8, 20, 47, 'US', '2025-01-13 20:46:30.140976', 'recentlyadded');
INSERT INTO public.tracks_log VALUES (478, 8, 20, 47, 'US', '2025-01-13 20:47:30.423879', 'recentlyadded');
INSERT INTO public.tracks_log VALUES (479, 8, 20, 47, 'US', '2025-01-13 20:50:51.355763', 'recentlyadded');
INSERT INTO public.tracks_log VALUES (480, 8, 20, 47, 'US', '2025-01-13 20:50:56.666727', 'recentlyadded');
INSERT INTO public.tracks_log VALUES (481, 8, 20, 47, 'US', '2025-01-13 20:51:00.86356', 'recentlyadded');
INSERT INTO public.tracks_log VALUES (482, 8, 20, 46, 'US', '2025-01-13 22:00:27.858807', 'recentlyadded');
INSERT INTO public.tracks_log VALUES (483, 8, 20, 46, 'US', '2025-01-13 22:00:30.316089', 'recentlyadded');
INSERT INTO public.tracks_log VALUES (484, 8, 20, 46, 'US', '2025-01-13 22:50:38.429037', 'recentlyadded');
INSERT INTO public.tracks_log VALUES (485, 8, 20, 46, 'US', '2025-01-13 22:51:35.903674', 'recentlyadded');
INSERT INTO public.tracks_log VALUES (486, 8, 20, 46, 'US', '2025-01-13 22:53:04.289818', 'recentlyadded');
INSERT INTO public.tracks_log VALUES (487, 8, 20, 46, 'US', '2025-01-13 23:02:24.083357', 'recentlyadded');
INSERT INTO public.tracks_log VALUES (488, 8, 16, 47, 'US', '2025-01-13 23:02:33.446498', 'likedtracks_8');
INSERT INTO public.tracks_log VALUES (489, 8, 20, 54, 'US', '2025-01-13 23:02:34.408708', 'recentlyadded');
INSERT INTO public.tracks_log VALUES (490, 8, 20, 52, 'US', '2025-01-13 23:04:57.314562', 'recentlyadded');
INSERT INTO public.tracks_log VALUES (491, 8, 20, 47, 'US', '2025-01-13 23:07:16.671766', 'recentlyadded');
INSERT INTO public.tracks_log VALUES (492, 8, 20, 52, 'US', '2025-01-13 23:07:18.236318', 'recentlyadded');
INSERT INTO public.tracks_log VALUES (493, 8, 20, 54, 'US', '2025-01-13 23:07:21.565473', 'recentlyadded');
INSERT INTO public.tracks_log VALUES (494, 8, 20, 44, 'US', '2025-01-13 23:07:24.647193', 'recentlyadded');
INSERT INTO public.tracks_log VALUES (495, 8, 20, 49, 'US', '2025-01-13 23:07:27.117081', 'recentlyadded');
INSERT INTO public.tracks_log VALUES (496, 8, 20, 46, 'US', '2025-01-13 23:07:29.249364', 'recentlyadded');
INSERT INTO public.tracks_log VALUES (497, 8, 20, 46, 'US', '2025-01-13 23:11:14.772011', 'recentlyadded');
INSERT INTO public.tracks_log VALUES (498, 8, 20, 46, 'US', '2025-01-13 23:27:38.5256', 'recentlyadded');
INSERT INTO public.tracks_log VALUES (499, 8, 20, 46, 'US', '2025-01-13 23:28:41.103825', 'recentlyadded');
INSERT INTO public.tracks_log VALUES (500, 8, 20, 46, 'US', '2025-01-13 23:32:37.11239', 'recentlyadded');
INSERT INTO public.tracks_log VALUES (501, 8, 20, 46, 'US', '2025-01-13 23:33:54.702546', 'recentlyadded');
INSERT INTO public.tracks_log VALUES (502, 8, 20, 46, 'US', '2025-01-13 23:36:41.236923', 'recentlyadded');
INSERT INTO public.tracks_log VALUES (503, 8, 20, 46, 'US', '2025-01-13 23:37:41.61637', 'recentlyadded');
INSERT INTO public.tracks_log VALUES (504, 8, 20, 46, 'US', '2025-01-13 23:38:15.675174', 'recentlyadded');
INSERT INTO public.tracks_log VALUES (505, 8, 17, 55, 'US', '2025-01-13 23:38:44.531547', 'mytracks');
INSERT INTO public.tracks_log VALUES (506, 8, 17, 55, 'US', '2025-01-13 23:39:56.167768', 'mytracks');
INSERT INTO public.tracks_log VALUES (507, 8, 17, 55, 'US', '2025-01-13 23:40:05.225315', 'mytracks');
INSERT INTO public.tracks_log VALUES (508, 8, 17, 55, 'US', '2025-01-13 23:40:18.051278', 'mytracks');
INSERT INTO public.tracks_log VALUES (509, 8, 17, 55, 'US', '2025-01-13 23:40:18.875354', 'mytracks');
INSERT INTO public.tracks_log VALUES (510, 8, 17, 55, 'US', '2025-01-13 23:42:14.727196', 'mytracks');
INSERT INTO public.tracks_log VALUES (511, 8, 17, 54, 'US', '2025-01-13 23:42:15.111899', 'mytracks');
INSERT INTO public.tracks_log VALUES (512, 8, 24, 44, 'US', '2025-01-13 23:43:27.925239', 'my-playlist');
INSERT INTO public.tracks_log VALUES (513, 8, 24, 54, 'US', '2025-01-13 23:43:34.59655', 'my-playlist');
INSERT INTO public.tracks_log VALUES (514, 8, 24, 44, 'US', '2025-01-14 06:27:23.113277', 'my-playlist');
INSERT INTO public.tracks_log VALUES (515, 8, 24, 45, 'US', '2025-01-14 06:27:33.621541', 'my-playlist');
INSERT INTO public.tracks_log VALUES (516, 8, 24, 45, 'US', '2025-01-14 07:08:35.797992', 'my-playlist');
INSERT INTO public.tracks_log VALUES (517, 11, 10, 46, 'US', '2025-01-14 07:12:15.173184', 'arcane');
INSERT INTO public.tracks_log VALUES (518, 11, 10, 46, 'US', '2025-01-14 07:12:44.368953', 'arcane');
INSERT INTO public.tracks_log VALUES (519, 11, 10, 46, 'US', '2025-01-14 07:14:04.667236', 'arcane');
INSERT INTO public.tracks_log VALUES (520, 11, 10, 46, 'US', '2025-01-14 07:24:12.070837', 'arcane');
INSERT INTO public.tracks_log VALUES (521, 11, 10, 46, 'US', '2025-01-14 07:24:15.74012', 'arcane');
INSERT INTO public.tracks_log VALUES (522, 11, 10, 46, 'US', '2025-01-14 07:29:52.612006', 'arcane');
INSERT INTO public.tracks_log VALUES (523, 11, 10, 46, 'US', '2025-01-14 07:30:07.569536', 'arcane');
INSERT INTO public.tracks_log VALUES (524, 11, 10, 46, 'US', '2025-01-14 07:30:38.02611', 'arcane');
INSERT INTO public.tracks_log VALUES (525, 11, 10, 46, 'US', '2025-01-14 07:35:47.956131', 'arcane');
INSERT INTO public.tracks_log VALUES (526, 11, 10, 46, 'US', '2025-01-14 07:35:56.53604', 'arcane');
INSERT INTO public.tracks_log VALUES (527, 11, 10, 46, 'US', '2025-01-14 07:46:49.931407', 'arcane');
INSERT INTO public.tracks_log VALUES (528, 11, 10, 46, 'US', '2025-01-14 07:47:12.99204', 'arcane');
INSERT INTO public.tracks_log VALUES (529, 11, 10, 46, 'US', '2025-01-14 07:47:21.322288', 'arcane');
INSERT INTO public.tracks_log VALUES (530, 11, 10, 46, 'US', '2025-01-14 07:47:36.14576', 'arcane');
INSERT INTO public.tracks_log VALUES (531, 11, 10, 46, 'US', '2025-01-14 07:48:09.755167', 'arcane');
INSERT INTO public.tracks_log VALUES (532, 11, 10, 46, 'US', '2025-01-14 07:50:16.792368', 'arcane');
INSERT INTO public.tracks_log VALUES (533, 11, 10, 46, 'US', '2025-01-14 07:51:46.99892', 'arcane');
INSERT INTO public.tracks_log VALUES (534, 11, 10, 46, 'US', '2025-01-14 07:54:38.568465', 'arcane');
INSERT INTO public.tracks_log VALUES (535, 11, 10, 46, 'US', '2025-01-14 07:56:39.475736', 'arcane');
INSERT INTO public.tracks_log VALUES (536, 11, 10, 46, 'US', '2025-01-14 07:56:47.044671', 'arcane');
INSERT INTO public.tracks_log VALUES (537, 11, 10, 46, 'US', '2025-01-14 07:57:00.099768', 'arcane');
INSERT INTO public.tracks_log VALUES (538, 11, 10, 46, 'US', '2025-01-14 08:00:31.597565', 'arcane');
INSERT INTO public.tracks_log VALUES (539, 11, 10, 46, 'US', '2025-01-14 08:02:23.685457', 'arcane');
INSERT INTO public.tracks_log VALUES (540, 11, 10, 46, 'US', '2025-01-14 08:02:25.930626', 'arcane');
INSERT INTO public.tracks_log VALUES (541, 11, 10, 46, 'US', '2025-01-14 08:03:25.551076', 'arcane');
INSERT INTO public.tracks_log VALUES (542, 11, 10, 46, 'US', '2025-01-14 08:08:14.979792', 'arcane');
INSERT INTO public.tracks_log VALUES (543, 11, 10, 46, 'US', '2025-01-14 08:08:25.455037', 'arcane');
INSERT INTO public.tracks_log VALUES (544, 11, 10, 46, 'US', '2025-01-14 08:13:13.759237', 'arcane');
INSERT INTO public.tracks_log VALUES (545, 11, 10, 46, 'US', '2025-01-14 08:15:07.72077', 'arcane');
INSERT INTO public.tracks_log VALUES (546, 11, 10, 46, 'US', '2025-01-14 08:17:05.810225', 'arcane');
INSERT INTO public.tracks_log VALUES (547, 11, 10, 46, 'US', '2025-01-14 08:17:11.475442', 'arcane');
INSERT INTO public.tracks_log VALUES (548, 11, 10, 46, 'US', '2025-01-14 08:17:18.192425', 'arcane');
INSERT INTO public.tracks_log VALUES (549, 11, 10, 46, 'US', '2025-01-14 08:17:42.780486', 'arcane');
INSERT INTO public.tracks_log VALUES (550, 11, 10, 46, 'US', '2025-01-14 08:30:15.705798', 'arcane');
INSERT INTO public.tracks_log VALUES (551, 11, 10, 46, 'US', '2025-01-14 08:30:38.935668', 'arcane');
INSERT INTO public.tracks_log VALUES (552, 11, 10, 46, 'US', '2025-01-14 08:32:33.826855', 'arcane');
INSERT INTO public.tracks_log VALUES (553, 11, 10, 46, 'US', '2025-01-14 08:33:09.709523', 'arcane');
INSERT INTO public.tracks_log VALUES (554, 11, 10, 46, 'US', '2025-01-14 08:33:28.545138', 'arcane');
INSERT INTO public.tracks_log VALUES (555, 11, 10, 46, 'US', '2025-01-14 08:34:10.88252', 'arcane');
INSERT INTO public.tracks_log VALUES (556, 11, 10, 46, 'US', '2025-01-14 08:35:24.605076', 'arcane');
INSERT INTO public.tracks_log VALUES (557, 11, 10, 46, 'US', '2025-01-14 08:35:45.759458', 'arcane');
INSERT INTO public.tracks_log VALUES (558, 11, 10, 46, 'US', '2025-01-14 08:35:56.21458', 'arcane');
INSERT INTO public.tracks_log VALUES (559, 11, 10, 46, 'US', '2025-01-14 08:36:20.952841', 'arcane');
INSERT INTO public.tracks_log VALUES (560, 11, 10, 46, 'US', '2025-01-14 08:36:36.606186', 'arcane');
INSERT INTO public.tracks_log VALUES (561, 11, 10, 46, 'US', '2025-01-14 08:38:48.450017', 'arcane');
INSERT INTO public.tracks_log VALUES (562, 11, 10, 46, 'US', '2025-01-14 08:38:51.204471', 'arcane');
INSERT INTO public.tracks_log VALUES (563, 11, 10, 46, 'US', '2025-01-14 08:38:55.93128', 'arcane');
INSERT INTO public.tracks_log VALUES (564, 11, 10, 46, 'US', '2025-01-14 08:39:06.79071', 'arcane');
INSERT INTO public.tracks_log VALUES (565, 11, 10, 46, 'US', '2025-01-14 08:39:19.301767', 'arcane');
INSERT INTO public.tracks_log VALUES (566, 11, 10, 46, 'US', '2025-01-14 08:39:46.761029', 'arcane');
INSERT INTO public.tracks_log VALUES (567, 11, 10, 46, 'US', '2025-01-14 08:39:53.972596', 'arcane');
INSERT INTO public.tracks_log VALUES (568, 11, 10, 46, 'US', '2025-01-14 08:39:57.754567', 'arcane');
INSERT INTO public.tracks_log VALUES (569, 11, 10, 46, 'US', '2025-01-14 08:41:59.546894', 'arcane');
INSERT INTO public.tracks_log VALUES (570, 11, 10, 46, 'US', '2025-01-14 08:45:03.763407', 'arcane');
INSERT INTO public.tracks_log VALUES (571, 11, 10, 46, 'US', '2025-01-14 08:46:37.652689', 'arcane');
INSERT INTO public.tracks_log VALUES (572, 11, 10, 46, 'US', '2025-01-14 08:46:48.755272', 'arcane');
INSERT INTO public.tracks_log VALUES (573, 11, 10, 46, 'US', '2025-01-14 08:47:08.666554', 'arcane');
INSERT INTO public.tracks_log VALUES (574, 11, 10, 46, 'US', '2025-01-14 08:48:01.091968', 'arcane');
INSERT INTO public.tracks_log VALUES (575, 11, 10, 46, 'US', '2025-01-14 08:48:15.024635', 'arcane');
INSERT INTO public.tracks_log VALUES (576, 11, 10, 46, 'US', '2025-01-14 08:48:45.930005', 'arcane');
INSERT INTO public.tracks_log VALUES (577, 11, 10, 46, 'US', '2025-01-14 08:49:15.337868', 'arcane');
INSERT INTO public.tracks_log VALUES (578, 11, 10, 46, 'US', '2025-01-14 08:49:22.145088', 'arcane');
INSERT INTO public.tracks_log VALUES (579, 11, 10, 46, 'US', '2025-01-14 08:50:09.889813', 'arcane');
INSERT INTO public.tracks_log VALUES (580, 11, 10, 46, 'US', '2025-01-14 08:51:28.574435', 'arcane');
INSERT INTO public.tracks_log VALUES (581, 11, 10, 46, 'US', '2025-01-14 08:52:56.552142', 'arcane');
INSERT INTO public.tracks_log VALUES (582, 11, 10, 46, 'US', '2025-01-14 08:53:12.017249', 'arcane');
INSERT INTO public.tracks_log VALUES (583, 11, 10, 46, 'US', '2025-01-14 09:04:37.819397', 'arcane');
INSERT INTO public.tracks_log VALUES (584, 11, 10, 46, 'US', '2025-01-14 09:25:27.008226', 'arcane');
INSERT INTO public.tracks_log VALUES (585, 11, 10, 46, 'US', '2025-01-14 09:26:03.754834', 'arcane');
INSERT INTO public.tracks_log VALUES (586, 11, 10, 46, 'US', '2025-01-14 09:26:29.641924', 'arcane');
INSERT INTO public.tracks_log VALUES (587, 11, 10, 46, 'US', '2025-01-14 09:26:51.709233', 'arcane');
INSERT INTO public.tracks_log VALUES (588, 11, 10, 46, 'US', '2025-01-14 09:27:22.649045', 'arcane');
INSERT INTO public.tracks_log VALUES (589, 11, 10, 46, 'US', '2025-01-14 09:28:12.555121', 'arcane');
INSERT INTO public.tracks_log VALUES (590, 11, 10, 46, 'US', '2025-01-14 09:28:49.456085', 'arcane');
INSERT INTO public.tracks_log VALUES (591, 11, 10, 46, 'US', '2025-01-14 09:29:41.809471', 'arcane');
INSERT INTO public.tracks_log VALUES (592, 11, 10, 46, 'US', '2025-01-14 09:29:51.918825', 'arcane');
INSERT INTO public.tracks_log VALUES (593, 11, 10, 46, 'US', '2025-01-14 09:30:12.436119', 'arcane');
INSERT INTO public.tracks_log VALUES (594, 11, 10, 46, 'US', '2025-01-14 09:31:08.031604', 'arcane');
INSERT INTO public.tracks_log VALUES (595, 11, 10, 46, 'US', '2025-01-14 09:31:22.064346', 'arcane');
INSERT INTO public.tracks_log VALUES (596, 11, 10, 46, 'US', '2025-01-14 09:32:31.632823', 'arcane');
INSERT INTO public.tracks_log VALUES (597, 11, 10, 46, 'US', '2025-01-14 09:34:48.022339', 'arcane');
INSERT INTO public.tracks_log VALUES (598, 11, 10, 46, 'US', '2025-01-14 09:35:04.187154', 'arcane');
INSERT INTO public.tracks_log VALUES (599, 11, 10, 46, 'US', '2025-01-14 09:36:22.352035', 'arcane');
INSERT INTO public.tracks_log VALUES (600, 11, 10, 46, 'US', '2025-01-14 09:38:33.880477', 'arcane');
INSERT INTO public.tracks_log VALUES (601, 11, 10, 46, 'US', '2025-01-14 09:56:12.114761', 'arcane');
INSERT INTO public.tracks_log VALUES (602, 11, 10, 46, 'US', '2025-01-14 10:14:55.219235', 'arcane');
INSERT INTO public.tracks_log VALUES (603, 11, 10, 46, 'US', '2025-01-14 10:17:08.480615', 'arcane');
INSERT INTO public.tracks_log VALUES (604, 11, 10, 46, 'US', '2025-01-14 10:22:15.944103', 'arcane');
INSERT INTO public.tracks_log VALUES (605, 11, 10, 46, 'US', '2025-01-14 10:22:25.870525', 'arcane');
INSERT INTO public.tracks_log VALUES (606, 11, 10, 46, 'US', '2025-01-14 10:23:39.76392', 'arcane');
INSERT INTO public.tracks_log VALUES (607, 11, 10, 46, 'US', '2025-01-14 10:24:37.581109', 'arcane');
INSERT INTO public.tracks_log VALUES (608, 11, 10, 46, 'US', '2025-01-14 10:27:52.371144', 'arcane');
INSERT INTO public.tracks_log VALUES (609, 11, 10, 48, 'US', '2025-01-14 12:09:57.301579', 'arcane');
INSERT INTO public.tracks_log VALUES (610, 11, 10, 47, 'US', '2025-01-14 12:09:57.891192', 'arcane');
INSERT INTO public.tracks_log VALUES (611, 11, 10, 48, 'US', '2025-01-14 12:10:03.432919', 'arcane');
INSERT INTO public.tracks_log VALUES (612, 11, 10, 47, 'US', '2025-01-14 12:10:04.897345', 'arcane');
INSERT INTO public.tracks_log VALUES (613, 11, 10, 46, 'US', '2025-01-14 12:10:05.598229', 'arcane');
INSERT INTO public.tracks_log VALUES (614, 11, 10, 49, 'US', '2025-01-14 12:15:48.879443', 'arcane');
INSERT INTO public.tracks_log VALUES (615, 11, 10, 48, 'US', '2025-01-14 12:15:51.150332', 'arcane');
INSERT INTO public.tracks_log VALUES (616, 11, 10, 47, 'US', '2025-01-14 12:15:52.112348', 'arcane');
INSERT INTO public.tracks_log VALUES (617, 11, 24, 44, 'US', '2025-01-14 12:16:00.288223', 'my-playlist');
INSERT INTO public.tracks_log VALUES (618, 11, 24, 45, 'US', '2025-01-14 12:16:45.745669', 'my-playlist');
INSERT INTO public.tracks_log VALUES (619, 11, 24, 51, 'US', '2025-01-14 12:16:46.82337', 'my-playlist');
INSERT INTO public.tracks_log VALUES (620, 11, 24, 50, 'US', '2025-01-14 12:18:14.162096', 'my-playlist');
INSERT INTO public.tracks_log VALUES (621, 11, 24, 54, 'US', '2025-01-14 12:37:58.671376', 'my-playlist');
INSERT INTO public.tracks_log VALUES (622, 11, 24, 44, 'US', '2025-01-14 12:39:24.514482', 'my-playlist');
INSERT INTO public.tracks_log VALUES (623, 11, 24, 45, 'US', '2025-01-14 12:40:08.139491', 'my-playlist');
INSERT INTO public.tracks_log VALUES (624, 11, 24, 51, 'US', '2025-01-14 12:42:34.851888', 'my-playlist');
INSERT INTO public.tracks_log VALUES (625, 11, 24, 50, 'US', '2025-01-14 12:44:02.215355', 'my-playlist');
INSERT INTO public.tracks_log VALUES (626, 11, 24, 52, 'US', '2025-01-14 12:46:20.880092', 'my-playlist');
INSERT INTO public.tracks_log VALUES (627, 11, 24, 54, 'US', '2025-01-14 12:49:52.96272', 'my-playlist');
INSERT INTO public.tracks_log VALUES (628, 11, 24, 44, 'US', '2025-01-14 12:52:15.895189', 'my-playlist');
INSERT INTO public.tracks_log VALUES (629, 11, 24, 45, 'US', '2025-01-14 12:56:02.079642', 'my-playlist');
INSERT INTO public.tracks_log VALUES (630, 11, 24, 45, 'US', '2025-01-14 12:57:54.20382', 'my-playlist');
INSERT INTO public.tracks_log VALUES (631, 11, 24, 51, 'US', '2025-01-14 13:00:24.888285', 'my-playlist');
INSERT INTO public.tracks_log VALUES (632, 11, 24, 50, 'US', '2025-01-14 13:01:52.291978', 'my-playlist');
INSERT INTO public.tracks_log VALUES (633, 11, 24, 52, 'US', '2025-01-14 13:04:10.938866', 'my-playlist');
INSERT INTO public.tracks_log VALUES (634, 11, 24, 54, 'US', '2025-01-14 13:07:42.987939', 'my-playlist');
INSERT INTO public.tracks_log VALUES (635, 11, 24, 44, 'US', '2025-01-14 13:10:05.947586', 'my-playlist');
INSERT INTO public.tracks_log VALUES (638, 11, 24, 45, 'US', '2025-01-14 13:13:52.066507', 'my-playlist');
INSERT INTO public.tracks_log VALUES (639, 10, 10, 48, 'US', '2025-01-14 13:15:23.463344', 'arcane');
INSERT INTO public.tracks_log VALUES (640, 10, 24, 44, 'US', '2025-01-14 13:15:29.882737', 'my-playlist');
INSERT INTO public.tracks_log VALUES (641, 10, 24, 50, 'US', '2025-01-14 13:15:35.848492', 'my-playlist');
INSERT INTO public.tracks_log VALUES (642, 10, 24, 50, 'US', '2025-01-14 13:16:08.250367', 'my-playlist');
INSERT INTO public.tracks_log VALUES (643, 10, 16, 52, 'US', '2025-01-14 13:17:15.281343', 'likedtracks_10');
INSERT INTO public.tracks_log VALUES (644, 10, 16, 52, 'US', '2025-01-14 13:17:22.840196', 'likedtracks_10');
INSERT INTO public.tracks_log VALUES (645, 10, 16, 52, 'US', '2025-01-14 13:17:26.481578', 'likedtracks_10');
INSERT INTO public.tracks_log VALUES (646, 10, 14, 45, 'US', '2025-01-14 13:17:31.322507', 'heart-2');
INSERT INTO public.tracks_log VALUES (647, 10, 14, 49, 'US', '2025-01-14 13:17:36.957406', 'heart-2');
INSERT INTO public.tracks_log VALUES (648, 13, 24, 44, 'US', '2025-01-14 13:19:17.327536', 'my-playlist');
INSERT INTO public.tracks_log VALUES (649, 13, 24, 52, 'US', '2025-01-14 13:21:20.503396', 'my-playlist');
INSERT INTO public.tracks_log VALUES (650, 11, 20, 55, 'US', '2025-01-14 13:26:16.194182', 'recentlyadded');
INSERT INTO public.tracks_log VALUES (651, 11, 20, 54, 'US', '2025-01-14 13:26:16.676397', 'recentlyadded');
INSERT INTO public.tracks_log VALUES (652, 11, 20, 54, 'US', '2025-01-14 14:12:19.023279', 'recentlyadded');
INSERT INTO public.tracks_log VALUES (653, 11, 20, 54, 'US', '2025-01-14 14:13:15.100847', 'recentlyadded');
INSERT INTO public.tracks_log VALUES (654, 11, 20, 54, 'US', '2025-01-14 14:14:32.040878', 'recentlyadded');
INSERT INTO public.tracks_log VALUES (655, 11, 20, 54, 'US', '2025-01-14 14:15:11.661293', 'recentlyadded');
INSERT INTO public.tracks_log VALUES (656, 11, 20, 54, 'US', '2025-01-14 14:15:48.553583', 'recentlyadded');
INSERT INTO public.tracks_log VALUES (657, 11, 20, 54, 'US', '2025-01-14 14:18:53.800704', 'recentlyadded');
INSERT INTO public.tracks_log VALUES (658, 11, 20, 54, 'US', '2025-01-14 14:19:29.511247', 'recentlyadded');
INSERT INTO public.tracks_log VALUES (659, 11, 20, 54, 'US', '2025-01-14 14:19:56.323135', 'recentlyadded');
INSERT INTO public.tracks_log VALUES (660, 11, 20, 54, 'US', '2025-01-14 14:21:31.036248', 'recentlyadded');
INSERT INTO public.tracks_log VALUES (661, 11, 20, 54, 'US', '2025-01-14 14:23:00.996387', 'recentlyadded');
INSERT INTO public.tracks_log VALUES (662, 11, 20, 54, 'US', '2025-01-14 14:24:19.897109', 'recentlyadded');
INSERT INTO public.tracks_log VALUES (663, 11, 20, 54, 'US', '2025-01-14 14:25:09.096655', 'recentlyadded');
INSERT INTO public.tracks_log VALUES (664, 11, 20, 54, 'US', '2025-01-14 14:26:30.652392', 'recentlyadded');
INSERT INTO public.tracks_log VALUES (665, 11, 20, 54, 'US', '2025-01-14 14:31:28.456145', 'recentlyadded');
INSERT INTO public.tracks_log VALUES (666, 11, 20, 54, 'US', '2025-01-14 14:31:44.421062', 'recentlyadded');
INSERT INTO public.tracks_log VALUES (667, 11, 20, 54, 'US', '2025-01-14 14:33:37.950843', 'recentlyadded');
INSERT INTO public.tracks_log VALUES (668, 11, 20, 54, 'US', '2025-01-14 14:43:56.2356', 'recentlyadded');
INSERT INTO public.tracks_log VALUES (669, 11, 20, 54, 'US', '2025-01-14 14:44:52.437722', 'recentlyadded');
INSERT INTO public.tracks_log VALUES (670, 11, 20, 54, 'US', '2025-01-14 14:45:28.339584', 'recentlyadded');
INSERT INTO public.tracks_log VALUES (671, 11, 20, 54, 'US', '2025-01-14 14:48:18.852632', 'recentlyadded');
INSERT INTO public.tracks_log VALUES (672, 11, 20, 54, 'US', '2025-01-14 14:50:15.240649', 'recentlyadded');
INSERT INTO public.tracks_log VALUES (673, 11, 20, 54, 'US', '2025-01-14 14:51:44.75442', 'recentlyadded');
INSERT INTO public.tracks_log VALUES (674, 11, 20, 54, 'US', '2025-01-14 14:52:19.105666', 'recentlyadded');
INSERT INTO public.tracks_log VALUES (675, 11, 20, 54, 'US', '2025-01-14 14:53:13.763281', 'recentlyadded');
INSERT INTO public.tracks_log VALUES (676, 11, 20, 54, 'US', '2025-01-14 14:55:01.967437', 'recentlyadded');
INSERT INTO public.tracks_log VALUES (677, 10, 14, 49, 'US', '2025-01-14 14:55:28.510627', 'heart-2');
INSERT INTO public.tracks_log VALUES (678, 11, 20, 54, 'US', '2025-01-14 14:57:28.398456', 'recentlyadded');
INSERT INTO public.tracks_log VALUES (679, 11, 20, 54, 'US', '2025-01-14 15:01:12.98171', 'recentlyadded');
INSERT INTO public.tracks_log VALUES (680, 11, 20, 54, 'US', '2025-01-14 15:02:35.834195', 'recentlyadded');
INSERT INTO public.tracks_log VALUES (681, 11, 20, 54, 'US', '2025-01-14 15:12:38.535113', 'recentlyadded');
INSERT INTO public.tracks_log VALUES (682, 11, 20, 54, 'US', '2025-01-14 15:14:01.332948', 'recentlyadded');
INSERT INTO public.tracks_log VALUES (683, 11, 20, 54, 'US', '2025-01-14 15:15:34.503836', 'recentlyadded');
INSERT INTO public.tracks_log VALUES (684, 11, 20, 54, 'US', '2025-01-14 15:38:47.002223', 'recentlyadded');
INSERT INTO public.tracks_log VALUES (685, 11, 20, 54, 'US', '2025-01-14 15:40:39.319987', 'recentlyadded');
INSERT INTO public.tracks_log VALUES (686, 11, 20, 54, 'US', '2025-01-14 15:43:09.640664', 'recentlyadded');
INSERT INTO public.tracks_log VALUES (687, 11, 20, 54, 'US', '2025-01-14 15:46:34.857354', 'recentlyadded');
INSERT INTO public.tracks_log VALUES (688, 11, 20, 54, 'US', '2025-01-14 15:47:44.836268', 'recentlyadded');
INSERT INTO public.tracks_log VALUES (689, 11, 20, 54, 'US', '2025-01-14 15:48:39.394383', 'recentlyadded');
INSERT INTO public.tracks_log VALUES (690, 11, 20, 54, 'US', '2025-01-14 15:49:24.68088', 'recentlyadded');
INSERT INTO public.tracks_log VALUES (691, 11, 20, 54, 'US', '2025-01-14 15:51:49.320917', 'recentlyadded');
INSERT INTO public.tracks_log VALUES (692, 11, 20, 54, 'US', '2025-01-14 15:52:56.36941', 'recentlyadded');
INSERT INTO public.tracks_log VALUES (693, 11, 20, 54, 'US', '2025-01-14 15:53:07.277355', 'recentlyadded');
INSERT INTO public.tracks_log VALUES (694, 11, 20, 54, 'US', '2025-01-14 15:53:38.178486', 'recentlyadded');
INSERT INTO public.tracks_log VALUES (695, 11, 20, 54, 'US', '2025-01-14 15:54:26.63242', 'recentlyadded');
INSERT INTO public.tracks_log VALUES (696, 11, 20, 54, 'US', '2025-01-14 15:55:19.628977', 'recentlyadded');
INSERT INTO public.tracks_log VALUES (697, 11, 20, 54, 'US', '2025-01-14 15:56:45.077999', 'recentlyadded');
INSERT INTO public.tracks_log VALUES (698, 11, 20, 54, 'US', '2025-01-14 15:58:00.298869', 'recentlyadded');
INSERT INTO public.tracks_log VALUES (699, 11, 20, 54, 'US', '2025-01-14 15:59:43.60131', 'recentlyadded');
INSERT INTO public.tracks_log VALUES (700, 11, 20, 54, 'US', '2025-01-14 16:01:22.802558', 'recentlyadded');
INSERT INTO public.tracks_log VALUES (701, 11, 20, 54, 'US', '2025-01-14 16:03:21.38612', 'recentlyadded');
INSERT INTO public.tracks_log VALUES (702, 11, 20, 54, 'US', '2025-01-14 16:03:29.65724', 'recentlyadded');
INSERT INTO public.tracks_log VALUES (703, 11, 20, 54, 'US', '2025-01-14 16:07:37.164308', 'recentlyadded');
INSERT INTO public.tracks_log VALUES (704, 11, 20, 54, 'US', '2025-01-14 16:08:58.379574', 'recentlyadded');
INSERT INTO public.tracks_log VALUES (705, 11, 20, 54, 'US', '2025-01-14 16:13:43.822047', 'recentlyadded');
INSERT INTO public.tracks_log VALUES (706, 11, 20, 54, 'US', '2025-01-14 16:13:58.94852', 'recentlyadded');
INSERT INTO public.tracks_log VALUES (707, 11, 20, 54, 'US', '2025-01-14 16:56:26.254537', 'recentlyadded');
INSERT INTO public.tracks_log VALUES (708, 11, 20, 54, 'US', '2025-01-14 16:56:30.117087', 'recentlyadded');
INSERT INTO public.tracks_log VALUES (709, 11, 20, 54, 'US', '2025-01-14 16:56:32.541534', 'recentlyadded');
INSERT INTO public.tracks_log VALUES (710, 11, 20, 54, 'US', '2025-01-14 16:56:39.287785', 'recentlyadded');
INSERT INTO public.tracks_log VALUES (711, 11, 20, 54, 'US', '2025-01-14 16:56:56.98004', 'recentlyadded');
INSERT INTO public.tracks_log VALUES (712, 11, 20, 54, 'US', '2025-01-14 16:58:32.869702', 'recentlyadded');
INSERT INTO public.tracks_log VALUES (713, 11, 20, 54, 'US', '2025-01-14 17:04:36.92482', 'recentlyadded');
INSERT INTO public.tracks_log VALUES (714, 11, 20, 54, 'US', '2025-01-14 17:19:27.311407', 'recentlyadded');
INSERT INTO public.tracks_log VALUES (715, 11, 20, 54, 'US', '2025-01-14 17:19:51.988308', 'recentlyadded');
INSERT INTO public.tracks_log VALUES (716, 11, 20, 54, 'US', '2025-01-14 17:22:22.372422', 'recentlyadded');
INSERT INTO public.tracks_log VALUES (717, 11, 20, 54, 'US', '2025-01-14 17:22:35.100032', 'recentlyadded');
INSERT INTO public.tracks_log VALUES (718, 11, 20, 54, 'US', '2025-01-14 17:27:14.516305', 'recentlyadded');
INSERT INTO public.tracks_log VALUES (719, 11, 20, 54, 'US', '2025-01-14 17:27:22.566991', 'recentlyadded');
INSERT INTO public.tracks_log VALUES (720, 11, 20, 54, 'US', '2025-01-14 17:29:30.763896', 'recentlyadded');
INSERT INTO public.tracks_log VALUES (721, 11, 20, 54, 'US', '2025-01-14 17:30:03.380663', 'recentlyadded');
INSERT INTO public.tracks_log VALUES (722, 11, 16, 54, 'US', '2025-01-14 17:31:38.623943', 'likedtracks_11');
INSERT INTO public.tracks_log VALUES (723, 11, 16, 54, 'US', '2025-01-14 18:13:57.823769', 'likedtracks_11');
INSERT INTO public.tracks_log VALUES (724, 11, 16, 54, 'US', '2025-01-14 18:14:27.979481', 'likedtracks_11');
INSERT INTO public.tracks_log VALUES (725, 11, 16, 54, 'US', '2025-01-14 18:14:53.773718', 'likedtracks_11');
INSERT INTO public.tracks_log VALUES (726, 11, 16, 54, 'US', '2025-01-14 18:15:33.673141', 'likedtracks_11');
INSERT INTO public.tracks_log VALUES (727, 11, 16, 54, 'US', '2025-01-14 18:16:30.22369', 'likedtracks_11');
INSERT INTO public.tracks_log VALUES (728, 11, 16, 54, 'US', '2025-01-14 18:18:30.993076', 'likedtracks_11');
INSERT INTO public.tracks_log VALUES (729, 11, 16, 54, 'US', '2025-01-14 18:18:33.882237', 'likedtracks_11');
INSERT INTO public.tracks_log VALUES (730, 11, 16, 54, 'US', '2025-01-14 18:18:34.565924', 'likedtracks_11');
INSERT INTO public.tracks_log VALUES (731, 11, 16, 54, 'US', '2025-01-14 18:24:35.054562', 'likedtracks_11');
INSERT INTO public.tracks_log VALUES (732, 11, 16, 54, 'US', '2025-01-14 18:25:23.936376', 'likedtracks_11');
INSERT INTO public.tracks_log VALUES (733, 11, 16, 54, 'US', '2025-01-14 18:25:31.740621', 'likedtracks_11');
INSERT INTO public.tracks_log VALUES (734, 11, 16, 54, 'US', '2025-01-14 18:26:19.094003', 'likedtracks_11');
INSERT INTO public.tracks_log VALUES (735, 11, 16, 54, 'US', '2025-01-14 18:28:15.454015', 'likedtracks_11');
INSERT INTO public.tracks_log VALUES (736, 11, 16, 54, 'US', '2025-01-14 18:29:47.114771', 'likedtracks_11');
INSERT INTO public.tracks_log VALUES (737, 11, 25, 54, 'US', '2025-01-14 18:30:54.357144', 'car-playlist');
INSERT INTO public.tracks_log VALUES (738, 11, 25, 54, 'US', '2025-01-14 18:31:16.467817', 'car-playlist');
INSERT INTO public.tracks_log VALUES (739, 11, 25, 54, 'US', '2025-01-14 18:31:20.095888', 'car-playlist');
INSERT INTO public.tracks_log VALUES (740, 11, 25, 54, 'US', '2025-01-14 18:33:01.49825', 'car-playlist');
INSERT INTO public.tracks_log VALUES (741, 11, 25, 54, 'US', '2025-01-14 18:33:07.209439', 'car-playlist');
INSERT INTO public.tracks_log VALUES (742, 11, 25, 54, 'US', '2025-01-14 18:33:42.088035', 'car-playlist');
INSERT INTO public.tracks_log VALUES (743, 11, 25, 54, 'US', '2025-01-14 18:34:03.93773', 'car-playlist');
INSERT INTO public.tracks_log VALUES (744, 11, 25, 54, 'US', '2025-01-14 18:34:24.875092', 'car-playlist');
INSERT INTO public.tracks_log VALUES (745, 14, 24, 44, 'US', '2025-01-14 18:41:08.00037', 'my-playlist');
INSERT INTO public.tracks_log VALUES (746, 14, 24, 45, 'US', '2025-01-14 18:41:37.177703', 'my-playlist');
INSERT INTO public.tracks_log VALUES (747, 10, 14, 49, 'US', '2025-01-14 18:41:48.638163', 'heart-2');
INSERT INTO public.tracks_log VALUES (748, 10, 25, 54, 'US', '2025-01-14 18:41:51.405107', 'car-playlist');
INSERT INTO public.tracks_log VALUES (749, 14, 24, 45, 'US', '2025-01-14 18:42:24.184833', 'my-playlist');
INSERT INTO public.tracks_log VALUES (750, 14, 24, 45, 'US', '2025-01-14 18:45:10.707846', 'my-playlist');
INSERT INTO public.tracks_log VALUES (751, 14, 24, 45, 'US', '2025-01-14 18:45:12.966775', 'my-playlist');
INSERT INTO public.tracks_log VALUES (752, 14, 24, 45, 'US', '2025-01-14 18:45:13.897564', 'my-playlist');
INSERT INTO public.tracks_log VALUES (753, 14, 24, 45, 'US', '2025-01-14 18:45:14.708099', 'my-playlist');
INSERT INTO public.tracks_log VALUES (754, 14, 24, 45, 'US', '2025-01-14 18:45:15.443515', 'my-playlist');
INSERT INTO public.tracks_log VALUES (755, 14, 24, 45, 'US', '2025-01-14 18:45:16.033436', 'my-playlist');
INSERT INTO public.tracks_log VALUES (756, 14, 17, 56, 'US', '2025-01-14 18:48:30.851929', 'mytracks');
INSERT INTO public.tracks_log VALUES (757, 14, 17, 56, 'US', '2025-01-14 18:53:07.464728', 'mytracks');
INSERT INTO public.tracks_log VALUES (758, 14, 17, 56, 'US', '2025-01-14 18:53:12.792083', 'mytracks');
INSERT INTO public.tracks_log VALUES (759, 14, 17, 56, 'US', '2025-01-14 18:53:13.009136', 'mytracks');
INSERT INTO public.tracks_log VALUES (760, 14, 17, 56, 'US', '2025-01-14 18:53:14.711132', 'mytracks');
INSERT INTO public.tracks_log VALUES (761, 14, 17, 57, 'US', '2025-01-14 18:53:15.764082', 'mytracks');
INSERT INTO public.tracks_log VALUES (762, 14, 17, 57, 'US', '2025-01-14 18:57:19.398101', 'mytracks');
INSERT INTO public.tracks_log VALUES (763, 14, 17, 58, 'US', '2025-01-14 18:57:20.418518', 'mytracks');
INSERT INTO public.tracks_log VALUES (764, 14, 17, 58, 'US', '2025-01-14 18:58:25.829347', 'mytracks');
INSERT INTO public.tracks_log VALUES (765, 14, 17, 58, 'US', '2025-01-14 18:59:07.284158', 'mytracks');
INSERT INTO public.tracks_log VALUES (766, 14, 17, 58, 'US', '2025-01-14 18:59:10.535277', 'mytracks');
INSERT INTO public.tracks_log VALUES (767, 14, 17, 59, 'US', '2025-01-14 19:00:28.798695', 'mytracks');
INSERT INTO public.tracks_log VALUES (768, 14, 17, 60, 'US', '2025-01-14 19:02:23.28607', 'mytracks');
INSERT INTO public.tracks_log VALUES (769, 14, 17, 60, 'US', '2025-01-14 19:04:53.45871', 'mytracks');
INSERT INTO public.tracks_log VALUES (770, 14, 17, 60, 'US', '2025-01-14 19:09:07.935505', 'mytracks');
INSERT INTO public.tracks_log VALUES (771, 14, 17, 60, 'US', '2025-01-14 19:09:31.975175', 'mytracks');
INSERT INTO public.tracks_log VALUES (772, 14, 17, 61, 'US', '2025-01-14 19:09:32.464924', 'mytracks');
INSERT INTO public.tracks_log VALUES (773, 10, 25, 54, 'US', '2025-01-14 19:11:15.464522', 'car-playlist');
INSERT INTO public.tracks_log VALUES (774, 10, 25, 54, 'US', '2025-01-14 19:11:20.836524', 'car-playlist');
INSERT INTO public.tracks_log VALUES (775, 14, 17, 60, 'US', '2025-01-14 19:12:07.645393', 'mytracks');
INSERT INTO public.tracks_log VALUES (776, 14, 17, 60, 'US', '2025-01-14 19:12:39.988478', 'mytracks');
INSERT INTO public.tracks_log VALUES (777, 14, 17, 62, 'US', '2025-01-14 19:12:40.570649', 'mytracks');
INSERT INTO public.tracks_log VALUES (778, 14, 17, 62, 'US', '2025-01-14 19:13:28.862176', 'mytracks');
INSERT INTO public.tracks_log VALUES (779, 14, 17, 63, 'US', '2025-01-14 19:13:29.881949', 'mytracks');
INSERT INTO public.tracks_log VALUES (780, 14, 17, 63, 'US', '2025-01-14 19:14:50.959339', 'mytracks');
INSERT INTO public.tracks_log VALUES (781, 14, 17, 65, 'US', '2025-01-14 19:14:52.304295', 'mytracks');
INSERT INTO public.tracks_log VALUES (782, 10, 25, 54, 'US', '2025-01-14 19:15:10.655938', 'car-playlist');
INSERT INTO public.tracks_log VALUES (783, 10, 25, 54, 'US', '2025-01-14 19:15:22.411341', 'car-playlist');
INSERT INTO public.tracks_log VALUES (784, 10, 26, 61, 'US', '2025-01-14 19:15:47.776812', 'sbornikhydshihpesenintheworld');
INSERT INTO public.tracks_log VALUES (785, 10, 26, 63, 'US', '2025-01-14 19:15:51.340967', 'sbornikhydshihpesenintheworld');
INSERT INTO public.tracks_log VALUES (786, 14, 17, 62, 'US', '2025-01-14 19:15:59.274101', 'mytracks');
INSERT INTO public.tracks_log VALUES (787, 10, 26, 65, 'US', '2025-01-14 19:18:56.354863', 'sbornikhydshihpesenintheworld');
INSERT INTO public.tracks_log VALUES (788, 10, 26, 65, 'US', '2025-01-14 19:19:30.155561', 'sbornikhydshihpesenintheworld');
INSERT INTO public.tracks_log VALUES (789, 10, 26, 65, 'US', '2025-01-14 19:21:53.265028', 'sbornikhydshihpesenintheworld');
INSERT INTO public.tracks_log VALUES (790, 10, 26, 65, 'US', '2025-01-14 19:22:01.638815', 'sbornikhydshihpesenintheworld');
INSERT INTO public.tracks_log VALUES (791, 10, 20, 65, 'US', '2025-01-14 19:22:21.552451', 'recentlyadded');
INSERT INTO public.tracks_log VALUES (792, 10, 20, 63, 'US', '2025-01-14 19:22:28.765264', 'recentlyadded');
INSERT INTO public.tracks_log VALUES (793, 10, 26, 63, 'US', '2025-01-14 21:24:22.220298', 'sbornikhydshihpesenintheworld');
INSERT INTO public.tracks_log VALUES (794, 10, 26, 65, 'US', '2025-01-14 21:36:41.755185', 'sbornikhydshihpesenintheworld');
INSERT INTO public.tracks_log VALUES (795, 10, 26, 62, 'US', '2025-01-14 21:36:49.842403', 'sbornikhydshihpesenintheworld');
INSERT INTO public.tracks_log VALUES (796, 10, 26, 63, 'US', '2025-01-14 21:37:07.830778', 'sbornikhydshihpesenintheworld');
INSERT INTO public.tracks_log VALUES (797, 10, 26, 61, 'US', '2025-01-14 21:37:09.636588', 'sbornikhydshihpesenintheworld');
INSERT INTO public.tracks_log VALUES (798, 10, 26, 57, 'US', '2025-01-14 21:37:11.98444', 'sbornikhydshihpesenintheworld');
INSERT INTO public.tracks_log VALUES (799, 10, 26, 56, 'US', '2025-01-14 21:37:16.121193', 'sbornikhydshihpesenintheworld');
INSERT INTO public.tracks_log VALUES (800, 10, 26, 65, 'US', '2025-01-14 21:38:42.103577', 'sbornikhydshihpesenintheworld');
INSERT INTO public.tracks_log VALUES (801, 10, 26, 61, 'US', '2025-01-14 21:38:53.233628', 'sbornikhydshihpesenintheworld');
INSERT INTO public.tracks_log VALUES (802, 10, 26, 63, 'US', '2025-01-14 21:38:55.849817', 'sbornikhydshihpesenintheworld');
INSERT INTO public.tracks_log VALUES (803, 10, 26, 65, 'US', '2025-01-14 21:38:57.061119', 'sbornikhydshihpesenintheworld');
INSERT INTO public.tracks_log VALUES (804, 10, 26, 62, 'US', '2025-01-14 21:38:58.110083', 'sbornikhydshihpesenintheworld');
INSERT INTO public.tracks_log VALUES (805, 10, 26, 62, 'US', '2025-01-14 21:39:12.525222', 'sbornikhydshihpesenintheworld');
INSERT INTO public.tracks_log VALUES (806, 10, 25, 54, 'US', '2025-01-14 21:39:43.478231', 'car-playlist');
INSERT INTO public.tracks_log VALUES (807, 10, 26, 63, 'US', '2025-01-14 21:40:35.182172', 'sbornikhydshihpesenintheworld');
INSERT INTO public.tracks_log VALUES (808, 10, 26, 65, 'US', '2025-01-14 21:40:37.339362', 'sbornikhydshihpesenintheworld');
INSERT INTO public.tracks_log VALUES (809, 10, 26, 63, 'US', '2025-01-14 21:40:39.726972', 'sbornikhydshihpesenintheworld');
INSERT INTO public.tracks_log VALUES (810, 10, 17, 64, 'US', '2025-01-14 22:26:03.684473', 'mytracks');
INSERT INTO public.tracks_log VALUES (811, 10, 20, 65, 'US', '2025-01-14 22:29:38.451938', 'recentlyadded');
INSERT INTO public.tracks_log VALUES (812, 10, 20, 63, 'US', '2025-01-14 22:32:33.264807', 'recentlyadded');
INSERT INTO public.tracks_log VALUES (813, 10, 20, 55, 'US', '2025-01-14 22:35:37.727192', 'recentlyadded');
INSERT INTO public.tracks_log VALUES (814, 10, 20, 50, 'US', '2025-01-14 22:35:37.810288', 'recentlyadded');
INSERT INTO public.tracks_log VALUES (815, 10, 20, 62, 'US', '2025-01-14 22:37:57.411694', 'recentlyadded');
INSERT INTO public.tracks_log VALUES (816, 10, 20, 54, 'US', '2025-01-14 22:40:06.596001', 'recentlyadded');
INSERT INTO public.tracks_log VALUES (817, 10, 20, 51, 'US', '2025-01-14 22:42:29.323299', 'recentlyadded');
INSERT INTO public.tracks_log VALUES (818, 10, 20, 51, 'US', '2025-01-14 22:42:52.807893', 'recentlyadded');
INSERT INTO public.tracks_log VALUES (819, 10, 20, 50, 'US', '2025-01-14 22:42:54.563532', 'recentlyadded');
INSERT INTO public.tracks_log VALUES (820, 10, 20, 49, 'US', '2025-01-14 22:45:13.455852', 'recentlyadded');
INSERT INTO public.tracks_log VALUES (821, 10, 20, 48, 'US', '2025-01-14 22:47:55.360494', 'recentlyadded');
INSERT INTO public.tracks_log VALUES (822, 10, 20, 47, 'US', '2025-01-14 22:50:37.662872', 'recentlyadded');
INSERT INTO public.tracks_log VALUES (823, 10, 20, 46, 'US', '2025-01-14 22:53:23.224725', 'recentlyadded');
INSERT INTO public.tracks_log VALUES (824, 10, 20, 45, 'US', '2025-01-14 22:57:08.28953', 'recentlyadded');
INSERT INTO public.tracks_log VALUES (825, 10, 20, 44, 'US', '2025-01-14 22:59:35.08619', 'recentlyadded');
INSERT INTO public.tracks_log VALUES (826, 10, 20, 65, 'US', '2025-01-14 23:03:21.618226', 'recentlyadded');
INSERT INTO public.tracks_log VALUES (827, 10, 20, 64, 'US', '2025-01-14 23:06:16.418315', 'recentlyadded');
INSERT INTO public.tracks_log VALUES (828, 10, 20, 64, 'US', '2025-01-14 23:07:59.19618', 'recentlyadded');
INSERT INTO public.tracks_log VALUES (829, 10, 20, 63, 'US', '2025-01-14 23:08:14.149109', 'recentlyadded');
INSERT INTO public.tracks_log VALUES (830, 10, 20, 63, 'US', '2025-01-15 00:47:56.857132', 'recentlyadded');
INSERT INTO public.tracks_log VALUES (831, 10, 20, 63, 'US', '2025-01-15 00:48:02.385558', 'recentlyadded');
INSERT INTO public.tracks_log VALUES (832, 10, 20, 63, 'US', '2025-01-15 00:48:03.577509', 'recentlyadded');
INSERT INTO public.tracks_log VALUES (833, 10, 20, 63, 'US', '2025-01-15 00:48:04.842748', 'recentlyadded');
INSERT INTO public.tracks_log VALUES (834, 10, 20, 63, 'US', '2025-01-15 00:48:19.511087', 'recentlyadded');
INSERT INTO public.tracks_log VALUES (835, 10, 20, 63, 'US', '2025-01-15 00:48:50.809354', 'recentlyadded');
INSERT INTO public.tracks_log VALUES (836, 10, 20, 63, 'US', '2025-01-15 00:48:54.406091', 'recentlyadded');
INSERT INTO public.tracks_log VALUES (837, 10, 20, 63, 'US', '2025-01-15 00:48:55.619573', 'recentlyadded');
INSERT INTO public.tracks_log VALUES (838, 10, 17, 69, 'US', '2025-01-15 01:01:55.392323', 'mytracks');
INSERT INTO public.tracks_log VALUES (839, 10, 17, 68, 'US', '2025-01-15 01:02:05.851706', 'mytracks');
INSERT INTO public.tracks_log VALUES (840, 10, 17, 67, 'US', '2025-01-15 01:02:09.124989', 'mytracks');
INSERT INTO public.tracks_log VALUES (841, 10, 17, 66, 'US', '2025-01-15 01:02:12.106667', 'mytracks');
INSERT INTO public.tracks_log VALUES (842, 10, 17, 64, 'US', '2025-01-15 01:02:14.896996', 'mytracks');
INSERT INTO public.tracks_log VALUES (843, 10, 17, 52, 'US', '2025-01-15 01:02:15.959979', 'mytracks');
INSERT INTO public.tracks_log VALUES (844, 10, 17, 64, 'US', '2025-01-15 01:02:20.017445', 'mytracks');
INSERT INTO public.tracks_log VALUES (845, 10, 29, 64, 'US', '2025-01-15 01:02:44.519954', 'sad-playlist');
INSERT INTO public.tracks_log VALUES (846, 10, 29, 66, 'US', '2025-01-15 01:02:47.666245', 'sad-playlist');
INSERT INTO public.tracks_log VALUES (847, 10, 29, 67, 'US', '2025-01-15 01:02:48.016666', 'sad-playlist');
INSERT INTO public.tracks_log VALUES (848, 10, 29, 68, 'US', '2025-01-15 01:02:48.500461', 'sad-playlist');
INSERT INTO public.tracks_log VALUES (849, 10, 29, 69, 'US', '2025-01-15 01:02:48.940174', 'sad-playlist');
INSERT INTO public.tracks_log VALUES (850, 10, 29, 64, 'US', '2025-01-15 01:02:49.406951', 'sad-playlist');
INSERT INTO public.tracks_log VALUES (851, 10, 29, 66, 'US', '2025-01-15 01:02:49.870471', 'sad-playlist');
INSERT INTO public.tracks_log VALUES (852, 10, 29, 67, 'US', '2025-01-15 01:02:50.333758', 'sad-playlist');
INSERT INTO public.tracks_log VALUES (853, 10, 29, 68, 'US', '2025-01-15 01:02:50.880659', 'sad-playlist');
INSERT INTO public.tracks_log VALUES (854, 10, 29, 69, 'US', '2025-01-15 01:02:51.356407', 'sad-playlist');
INSERT INTO public.tracks_log VALUES (855, 10, 29, 64, 'US', '2025-01-15 01:02:51.801277', 'sad-playlist');
INSERT INTO public.tracks_log VALUES (856, 10, 29, 66, 'US', '2025-01-15 01:02:52.216161', 'sad-playlist');
INSERT INTO public.tracks_log VALUES (857, 10, 29, 67, 'US', '2025-01-15 01:02:52.717962', 'sad-playlist');
INSERT INTO public.tracks_log VALUES (858, 10, 29, 68, 'US', '2025-01-15 01:02:53.152484', 'sad-playlist');
INSERT INTO public.tracks_log VALUES (859, 10, 29, 69, 'US', '2025-01-15 01:02:53.670197', 'sad-playlist');
INSERT INTO public.tracks_log VALUES (860, 10, 29, 64, 'US', '2025-01-15 01:02:54.16717', 'sad-playlist');
INSERT INTO public.tracks_log VALUES (861, 10, 29, 66, 'US', '2025-01-15 01:02:54.618814', 'sad-playlist');
INSERT INTO public.tracks_log VALUES (862, 10, 29, 67, 'US', '2025-01-15 01:02:55.070693', 'sad-playlist');
INSERT INTO public.tracks_log VALUES (863, 10, 29, 68, 'US', '2025-01-15 01:02:55.466904', 'sad-playlist');
INSERT INTO public.tracks_log VALUES (864, 10, 29, 66, 'US', '2025-01-15 01:02:56.259728', 'sad-playlist');
INSERT INTO public.tracks_log VALUES (865, 10, 29, 66, 'US', '2025-01-15 01:02:56.391188', 'sad-playlist');
INSERT INTO public.tracks_log VALUES (866, 10, 29, 66, 'US', '2025-01-15 01:02:56.536369', 'sad-playlist');
INSERT INTO public.tracks_log VALUES (867, 10, 29, 66, 'US', '2025-01-15 01:02:56.67838', 'sad-playlist');
INSERT INTO public.tracks_log VALUES (868, 10, 29, 66, 'US', '2025-01-15 01:02:56.804388', 'sad-playlist');
INSERT INTO public.tracks_log VALUES (869, 10, 29, 64, 'US', '2025-01-15 01:02:57.08746', 'sad-playlist');
INSERT INTO public.tracks_log VALUES (870, 10, 29, 64, 'US', '2025-01-15 01:02:57.252845', 'sad-playlist');
INSERT INTO public.tracks_log VALUES (871, 10, 29, 64, 'US', '2025-01-15 01:02:57.397412', 'sad-playlist');
INSERT INTO public.tracks_log VALUES (872, 10, 29, 64, 'US', '2025-01-15 01:02:57.535046', 'sad-playlist');
INSERT INTO public.tracks_log VALUES (873, 10, 29, 64, 'US', '2025-01-15 01:02:57.676605', 'sad-playlist');
INSERT INTO public.tracks_log VALUES (874, 10, 29, 68, 'US', '2025-01-15 01:02:58.129099', 'sad-playlist');
INSERT INTO public.tracks_log VALUES (875, 10, 29, 68, 'US', '2025-01-15 01:02:58.296521', 'sad-playlist');
INSERT INTO public.tracks_log VALUES (876, 10, 29, 68, 'US', '2025-01-15 01:02:58.464835', 'sad-playlist');
INSERT INTO public.tracks_log VALUES (877, 10, 29, 68, 'US', '2025-01-15 01:02:58.603803', 'sad-playlist');
INSERT INTO public.tracks_log VALUES (878, 10, 29, 69, 'US', '2025-01-15 01:02:58.974365', 'sad-playlist');
INSERT INTO public.tracks_log VALUES (879, 10, 29, 69, 'US', '2025-01-15 01:02:59.104151', 'sad-playlist');
INSERT INTO public.tracks_log VALUES (880, 10, 29, 69, 'US', '2025-01-15 01:02:59.25187', 'sad-playlist');
INSERT INTO public.tracks_log VALUES (881, 10, 29, 64, 'US', '2025-01-15 01:03:06.620659', 'sad-playlist');
INSERT INTO public.tracks_log VALUES (882, 10, 29, 64, 'US', '2025-01-15 01:03:19.606316', 'sad-playlist');
INSERT INTO public.tracks_log VALUES (883, 10, 20, 63, 'US', '2025-01-15 01:03:22.755351', 'recentlyadded');
INSERT INTO public.tracks_log VALUES (884, 10, 29, 64, 'US', '2025-01-15 01:03:30.912631', 'sad-playlist');
INSERT INTO public.tracks_log VALUES (885, 10, 29, 64, 'US', '2025-01-15 01:03:33.506681', 'sad-playlist');
INSERT INTO public.tracks_log VALUES (886, 10, 29, 64, 'US', '2025-01-15 01:03:54.508546', 'sad-playlist');
INSERT INTO public.tracks_log VALUES (887, 10, 29, 64, 'US', '2025-01-15 01:05:06.88608', 'sad-playlist');
INSERT INTO public.tracks_log VALUES (888, 10, 17, 68, 'US', '2025-01-15 01:05:27.337752', 'mytracks');
INSERT INTO public.tracks_log VALUES (889, 10, 30, 68, 'US', '2025-01-15 01:05:32.092507', 'playlist-example');
INSERT INTO public.tracks_log VALUES (890, 10, 27, 66, 'US', '2025-01-15 01:05:35.003829', 'cool-playlist');
INSERT INTO public.tracks_log VALUES (891, 10, 28, 67, 'US', '2025-01-15 01:05:38.655772', 'amazing-playlist');
INSERT INTO public.tracks_log VALUES (892, 10, 28, 67, 'US', '2025-01-15 01:07:47.344287', 'amazing-playlist');
INSERT INTO public.tracks_log VALUES (893, 10, 17, 70, 'US', '2025-01-15 01:08:08.610197', 'mytracks');
INSERT INTO public.tracks_log VALUES (894, 10, 17, 69, 'US', '2025-01-15 01:10:54.81055', 'mytracks');
INSERT INTO public.tracks_log VALUES (895, 10, 17, 68, 'US', '2025-01-15 01:12:51.197147', 'mytracks');
INSERT INTO public.tracks_log VALUES (896, 10, 17, 70, 'US', '2025-01-15 01:12:53.363872', 'mytracks');
INSERT INTO public.tracks_log VALUES (897, 10, 17, 70, 'US', '2025-01-15 01:15:25.454914', 'mytracks');
INSERT INTO public.tracks_log VALUES (898, 10, 20, 63, 'US', '2025-01-15 01:15:27.472622', 'recentlyadded');
INSERT INTO public.tracks_log VALUES (899, 10, 20, 63, 'US', '2025-01-15 01:15:29.450242', 'recentlyadded');
INSERT INTO public.tracks_log VALUES (900, 10, 20, 63, 'US', '2025-01-15 01:15:37.275918', 'recentlyadded');
INSERT INTO public.tracks_log VALUES (901, 10, 20, 63, 'US', '2025-01-15 01:15:42.939313', 'recentlyadded');
INSERT INTO public.tracks_log VALUES (902, 10, 19, 70, 'US', '2025-01-15 01:15:44.202397', 'recentlyplayed_10');
INSERT INTO public.tracks_log VALUES (903, 10, 19, 70, 'US', '2025-01-15 01:15:59.672986', 'recentlyplayed_10');
INSERT INTO public.tracks_log VALUES (904, 10, 19, 63, 'US', '2025-01-15 01:18:49.087424', 'recentlyplayed_10');
INSERT INTO public.tracks_log VALUES (905, 10, 16, 63, 'US', '2025-01-15 01:19:13.072146', 'likedtracks_10');
INSERT INTO public.tracks_log VALUES (906, 10, 16, 65, 'US', '2025-01-15 01:21:56.361311', 'likedtracks_10');
INSERT INTO public.tracks_log VALUES (907, 10, 16, 70, 'US', '2025-01-15 01:24:51.121105', 'likedtracks_10');
INSERT INTO public.tracks_log VALUES (908, 10, 16, 63, 'US', '2025-01-15 01:27:37.053286', 'likedtracks_10');
INSERT INTO public.tracks_log VALUES (909, 10, 16, 65, 'US', '2025-01-15 01:30:41.497392', 'likedtracks_10');
INSERT INTO public.tracks_log VALUES (910, 10, 27, 65, 'US', '2025-01-15 01:32:35.902508', 'cool-playlist');
INSERT INTO public.tracks_log VALUES (911, 10, 27, 70, 'US', '2025-01-15 01:32:38.176991', 'cool-playlist');
INSERT INTO public.tracks_log VALUES (912, 10, 27, 65, 'US', '2025-01-15 01:35:24.258932', 'cool-playlist');
INSERT INTO public.tracks_log VALUES (913, 10, 27, 63, 'US', '2025-01-15 01:38:19.03742', 'cool-playlist');
INSERT INTO public.tracks_log VALUES (914, 10, 27, 63, 'US', '2025-01-15 01:39:00.272429', 'cool-playlist');
INSERT INTO public.tracks_log VALUES (915, 10, 27, 63, 'US', '2025-01-15 01:42:56.481756', 'cool-playlist');
INSERT INTO public.tracks_log VALUES (916, 10, 27, 70, 'US', '2025-01-15 01:42:58.472821', 'cool-playlist');
INSERT INTO public.tracks_log VALUES (917, 10, 27, 65, 'US', '2025-01-15 01:45:44.396537', 'cool-playlist');
INSERT INTO public.tracks_log VALUES (918, 10, 27, 65, 'US', '2025-01-15 01:46:26.886393', 'cool-playlist');
INSERT INTO public.tracks_log VALUES (919, 10, 27, 65, 'US', '2025-01-15 01:57:51.796889', 'cool-playlist');
INSERT INTO public.tracks_log VALUES (920, 10, 27, 63, 'US', '2025-01-15 01:57:55.129126', 'cool-playlist');
INSERT INTO public.tracks_log VALUES (921, 10, 27, 70, 'US', '2025-01-15 01:57:56.200524', 'cool-playlist');
INSERT INTO public.tracks_log VALUES (922, 10, 27, 65, 'US', '2025-01-15 02:00:42.202107', 'cool-playlist');
INSERT INTO public.tracks_log VALUES (923, 10, 27, 65, 'US', '2025-01-15 02:01:53.731242', 'cool-playlist');
INSERT INTO public.tracks_log VALUES (924, 10, 27, 63, 'US', '2025-01-15 02:01:56.930788', 'cool-playlist');
INSERT INTO public.tracks_log VALUES (925, 10, 27, 70, 'US', '2025-01-15 02:01:58.677822', 'cool-playlist');
INSERT INTO public.tracks_log VALUES (926, 10, 27, 65, 'US', '2025-01-15 02:04:44.583848', 'cool-playlist');
INSERT INTO public.tracks_log VALUES (927, 10, 27, 70, 'US', '2025-01-15 02:05:38.423703', 'cool-playlist');
INSERT INTO public.tracks_log VALUES (928, 10, 27, 65, 'US', '2025-01-15 02:08:24.348245', 'cool-playlist');
INSERT INTO public.tracks_log VALUES (929, 10, 27, 63, 'US', '2025-01-15 02:11:19.109804', 'cool-playlist');
INSERT INTO public.tracks_log VALUES (930, 10, 27, 70, 'US', '2025-01-15 02:14:23.543755', 'cool-playlist');
INSERT INTO public.tracks_log VALUES (931, 10, 27, 65, 'US', '2025-01-15 02:17:09.471116', 'cool-playlist');
INSERT INTO public.tracks_log VALUES (932, 10, 27, 63, 'US', '2025-01-15 02:20:04.237754', 'cool-playlist');
INSERT INTO public.tracks_log VALUES (933, 10, 27, 70, 'US', '2025-01-15 02:22:07.259213', 'cool-playlist');
INSERT INTO public.tracks_log VALUES (934, 10, 27, 65, 'US', '2025-01-15 02:22:07.867369', 'cool-playlist');
INSERT INTO public.tracks_log VALUES (935, 10, 26, 62, 'US', '2025-01-15 02:22:10.310125', 'sbornikhydshihpesenintheworld');
INSERT INTO public.tracks_log VALUES (936, 10, 29, 64, 'US', '2025-01-15 02:22:15.009043', 'sad-playlist');
INSERT INTO public.tracks_log VALUES (937, 10, 29, 66, 'US', '2025-01-15 02:22:16.702233', 'sad-playlist');
INSERT INTO public.tracks_log VALUES (938, 10, 29, 67, 'US', '2025-01-15 02:22:17.484365', 'sad-playlist');
INSERT INTO public.tracks_log VALUES (939, 10, 29, 68, 'US', '2025-01-15 02:22:18.359669', 'sad-playlist');
INSERT INTO public.tracks_log VALUES (940, 10, 29, 69, 'US', '2025-01-15 02:22:19.126487', 'sad-playlist');
INSERT INTO public.tracks_log VALUES (941, 10, 29, 64, 'US', '2025-01-15 02:22:20.251858', 'sad-playlist');
INSERT INTO public.tracks_log VALUES (942, 10, 29, 66, 'US', '2025-01-15 02:25:42.798179', 'sad-playlist');
INSERT INTO public.tracks_log VALUES (943, 10, 29, 67, 'US', '2025-01-15 02:27:46.996396', 'sad-playlist');
INSERT INTO public.tracks_log VALUES (944, 10, 29, 68, 'US', '2025-01-15 02:30:40.56393', 'sad-playlist');
INSERT INTO public.tracks_log VALUES (945, 10, 29, 69, 'US', '2025-01-15 02:32:54.771469', 'sad-playlist');
INSERT INTO public.tracks_log VALUES (946, 10, 29, 64, 'US', '2025-01-15 02:34:55.586034', 'sad-playlist');
INSERT INTO public.tracks_log VALUES (947, 10, 27, 64, 'US', '2025-01-15 02:36:05.707139', 'cool-playlist');
INSERT INTO public.tracks_log VALUES (948, 10, 27, 65, 'US', '2025-01-15 02:40:07.050724', 'cool-playlist');
INSERT INTO public.tracks_log VALUES (949, 10, 27, 63, 'US', '2025-01-15 02:43:01.836717', 'cool-playlist');
INSERT INTO public.tracks_log VALUES (950, 10, 27, 70, 'US', '2025-01-15 02:46:05.995966', 'cool-playlist');
INSERT INTO public.tracks_log VALUES (951, 10, 27, 64, 'US', '2025-01-15 02:48:51.9176', 'cool-playlist');
INSERT INTO public.tracks_log VALUES (952, 10, 27, 65, 'US', '2025-01-15 02:52:14.192203', 'cool-playlist');
INSERT INTO public.tracks_log VALUES (953, 10, 27, 63, 'US', '2025-01-15 02:55:08.950304', 'cool-playlist');
INSERT INTO public.tracks_log VALUES (954, 10, 27, 70, 'US', '2025-01-15 02:58:14.761528', 'cool-playlist');
INSERT INTO public.tracks_log VALUES (955, 10, 27, 64, 'US', '2025-01-15 03:01:00.716294', 'cool-playlist');
INSERT INTO public.tracks_log VALUES (956, 10, 27, 65, 'US', '2025-01-15 03:04:23.272939', 'cool-playlist');
INSERT INTO public.tracks_log VALUES (957, 10, 27, 63, 'US', '2025-01-15 03:07:18.048286', 'cool-playlist');
INSERT INTO public.tracks_log VALUES (958, 10, 27, 70, 'US', '2025-01-15 03:10:22.497149', 'cool-playlist');
INSERT INTO public.tracks_log VALUES (959, 10, 27, 64, 'US', '2025-01-15 03:13:08.424783', 'cool-playlist');
INSERT INTO public.tracks_log VALUES (960, 10, 27, 65, 'US', '2025-01-15 03:16:30.98414', 'cool-playlist');
INSERT INTO public.tracks_log VALUES (961, 10, 27, 63, 'US', '2025-01-15 03:19:25.767413', 'cool-playlist');
INSERT INTO public.tracks_log VALUES (962, 10, 27, 70, 'US', '2025-01-15 03:22:30.224768', 'cool-playlist');
INSERT INTO public.tracks_log VALUES (963, 10, 27, 64, 'US', '2025-01-15 03:25:16.154847', 'cool-playlist');
INSERT INTO public.tracks_log VALUES (964, 10, 27, 65, 'US', '2025-01-15 03:28:38.726993', 'cool-playlist');
INSERT INTO public.tracks_log VALUES (965, 10, 27, 63, 'US', '2025-01-15 03:31:33.489755', 'cool-playlist');
INSERT INTO public.tracks_log VALUES (966, 10, 27, 70, 'US', '2025-01-15 03:34:37.936913', 'cool-playlist');
INSERT INTO public.tracks_log VALUES (967, 10, 27, 64, 'US', '2025-01-15 03:37:23.870678', 'cool-playlist');
INSERT INTO public.tracks_log VALUES (968, 10, 27, 65, 'US', '2025-01-15 03:40:46.429658', 'cool-playlist');
INSERT INTO public.tracks_log VALUES (969, 10, 27, 63, 'US', '2025-01-15 03:43:41.182746', 'cool-playlist');
INSERT INTO public.tracks_log VALUES (970, 10, 27, 70, 'US', '2025-01-15 03:46:45.627925', 'cool-playlist');
INSERT INTO public.tracks_log VALUES (971, 10, 27, 64, 'US', '2025-01-15 03:49:31.564005', 'cool-playlist');
INSERT INTO public.tracks_log VALUES (972, 10, 27, 65, 'US', '2025-01-15 03:52:54.138173', 'cool-playlist');
INSERT INTO public.tracks_log VALUES (973, 10, 27, 63, 'US', '2025-01-15 03:55:48.905001', 'cool-playlist');
INSERT INTO public.tracks_log VALUES (974, 10, 24, 44, 'US', '2025-01-15 03:57:26.253133', 'my-playlist');
INSERT INTO public.tracks_log VALUES (975, 10, 29, 64, 'US', '2025-01-15 03:57:36.545108', 'sad-playlist');
INSERT INTO public.tracks_log VALUES (976, 10, 27, 70, 'US', '2025-01-15 03:57:44.424422', 'cool-playlist');
INSERT INTO public.tracks_log VALUES (977, 10, 27, 64, 'US', '2025-01-15 04:00:30.349458', 'cool-playlist');
INSERT INTO public.tracks_log VALUES (978, 10, 27, 65, 'US', '2025-01-15 04:03:53.086586', 'cool-playlist');
INSERT INTO public.tracks_log VALUES (979, 10, 27, 63, 'US', '2025-01-15 04:06:47.848801', 'cool-playlist');
INSERT INTO public.tracks_log VALUES (980, 10, 27, 70, 'US', '2025-01-15 04:09:52.292869', 'cool-playlist');
INSERT INTO public.tracks_log VALUES (981, 10, 27, 64, 'US', '2025-01-15 04:12:38.223685', 'cool-playlist');
INSERT INTO public.tracks_log VALUES (982, 10, 27, 65, 'US', '2025-01-15 04:16:00.787122', 'cool-playlist');
INSERT INTO public.tracks_log VALUES (983, 10, 27, 63, 'US', '2025-01-15 04:18:55.561383', 'cool-playlist');
INSERT INTO public.tracks_log VALUES (984, 10, 27, 70, 'US', '2025-01-15 04:22:00.017838', 'cool-playlist');
INSERT INTO public.tracks_log VALUES (985, 10, 27, 64, 'US', '2025-01-15 04:24:45.990893', 'cool-playlist');
INSERT INTO public.tracks_log VALUES (986, 10, 27, 65, 'US', '2025-01-15 04:28:08.612296', 'cool-playlist');
INSERT INTO public.tracks_log VALUES (987, 10, 27, 63, 'US', '2025-01-15 04:35:34.367384', 'cool-playlist');
INSERT INTO public.tracks_log VALUES (988, 10, 27, 70, 'US', '2025-01-15 04:35:35.55216', 'cool-playlist');
INSERT INTO public.tracks_log VALUES (989, 10, 27, 64, 'US', '2025-01-15 04:38:21.488431', 'cool-playlist');
INSERT INTO public.tracks_log VALUES (990, 10, 27, 65, 'US', '2025-01-15 04:41:44.050026', 'cool-playlist');
INSERT INTO public.tracks_log VALUES (991, 11, 25, 54, 'US', '2025-01-15 04:43:26.834074', 'car-playlist');
INSERT INTO public.tracks_log VALUES (992, 11, 27, 64, 'US', '2025-01-15 04:43:56.883339', 'cool-playlist');
INSERT INTO public.tracks_log VALUES (993, 11, 27, 70, 'US', '2025-01-15 04:43:57.703386', 'cool-playlist');
INSERT INTO public.tracks_log VALUES (994, 11, 27, 64, 'US', '2025-01-15 04:46:43.648204', 'cool-playlist');
INSERT INTO public.tracks_log VALUES (995, 11, 27, 65, 'US', '2025-01-15 04:50:06.208374', 'cool-playlist');
INSERT INTO public.tracks_log VALUES (996, 11, 27, 63, 'US', '2025-01-15 04:53:00.965196', 'cool-playlist');
INSERT INTO public.tracks_log VALUES (997, 11, 27, 70, 'US', '2025-01-15 04:56:05.444414', 'cool-playlist');
INSERT INTO public.tracks_log VALUES (998, 11, 27, 64, 'US', '2025-01-15 04:58:51.372471', 'cool-playlist');
INSERT INTO public.tracks_log VALUES (999, 11, 27, 65, 'US', '2025-01-15 05:02:13.913866', 'cool-playlist');
INSERT INTO public.tracks_log VALUES (1000, 11, 30, 68, 'US', '2025-01-15 05:40:22.249898', 'playlist-example');
INSERT INTO public.tracks_log VALUES (1001, 10, 27, 65, 'US', '2025-01-15 06:28:59.065011', 'cool-playlist');
INSERT INTO public.tracks_log VALUES (1002, 10, 27, 70, 'US', '2025-01-15 06:29:15.466832', 'cool-playlist');
INSERT INTO public.tracks_log VALUES (1003, 10, 27, 70, 'US', '2025-01-15 06:30:02.810846', 'cool-playlist');
INSERT INTO public.tracks_log VALUES (1004, 11, 30, 68, 'US', '2025-01-15 16:51:15.176799', 'playlist-example');
INSERT INTO public.tracks_log VALUES (1005, 11, 30, 68, 'US', '2025-01-16 09:16:28.897681', 'playlist-example');
INSERT INTO public.tracks_log VALUES (1006, 11, 10, 46, 'US', '2025-01-16 09:16:46.560099', 'arcane');
INSERT INTO public.tracks_log VALUES (1007, 11, 27, 70, 'US', '2025-01-16 09:16:51.851395', 'cool-playlist');
INSERT INTO public.tracks_log VALUES (1008, 11, 27, 70, 'US', '2025-01-16 09:18:15.824293', 'cool-playlist');
INSERT INTO public.tracks_log VALUES (1009, 11, 27, 70, 'US', '2025-01-16 16:41:24.518487', 'cool-playlist');
INSERT INTO public.tracks_log VALUES (1010, 11, 27, 70, 'US', '2025-01-16 16:41:36.226652', 'cool-playlist');
INSERT INTO public.tracks_log VALUES (1011, 11, 27, 70, 'US', '2025-01-16 16:41:38.600074', 'cool-playlist');
INSERT INTO public.tracks_log VALUES (1012, 11, 27, 70, 'US', '2025-01-16 16:42:29.569874', 'cool-playlist');
INSERT INTO public.tracks_log VALUES (1013, 11, 27, 64, 'US', '2025-01-16 16:45:16.100516', 'cool-playlist');
INSERT INTO public.tracks_log VALUES (1014, 11, 27, 64, 'US', '2025-01-16 16:45:50.656641', 'cool-playlist');
INSERT INTO public.tracks_log VALUES (1015, 11, 29, 64, 'US', '2025-01-16 16:46:14.193285', 'sad-playlist');
INSERT INTO public.tracks_log VALUES (1016, 11, 24, 44, 'US', '2025-01-16 16:46:16.757386', 'my-playlist');
INSERT INTO public.tracks_log VALUES (1017, 11, 24, 44, 'US', '2025-01-16 16:46:36.440985', 'my-playlist');
INSERT INTO public.tracks_log VALUES (1018, 11, 24, 44, 'US', '2025-01-16 16:47:06.967894', 'my-playlist');
INSERT INTO public.tracks_log VALUES (1019, 11, 24, 44, 'US', '2025-01-16 16:47:09.70075', 'my-playlist');
INSERT INTO public.tracks_log VALUES (1020, 11, 24, 44, 'US', '2025-01-16 16:47:10.56368', 'my-playlist');
INSERT INTO public.tracks_log VALUES (1021, 11, 24, 44, 'US', '2025-01-16 16:47:12.645029', 'my-playlist');
INSERT INTO public.tracks_log VALUES (1022, 11, 24, 44, 'US', '2025-01-16 23:16:15.734656', 'my-playlist');
INSERT INTO public.tracks_log VALUES (1023, 11, 27, 64, 'US', '2025-01-16 23:16:18.387505', 'cool-playlist');
INSERT INTO public.tracks_log VALUES (1024, 11, 27, 70, 'US', '2025-01-16 23:16:23.865874', 'cool-playlist');
INSERT INTO public.tracks_log VALUES (1025, 11, 27, 70, 'US', '2025-01-16 23:18:31.845103', 'cool-playlist');
INSERT INTO public.tracks_log VALUES (1026, 11, 27, 63, 'US', '2025-01-16 23:18:48.905166', 'cool-playlist');
INSERT INTO public.tracks_log VALUES (1027, 11, 27, 63, 'US', '2025-01-19 19:50:43.723515', 'cool-playlist');
INSERT INTO public.tracks_log VALUES (1028, 11, 27, 65, 'US', '2025-01-19 19:50:47.190162', 'cool-playlist');
INSERT INTO public.tracks_log VALUES (1029, 11, 27, 64, 'US', '2025-01-19 19:50:47.777428', 'cool-playlist');
INSERT INTO public.tracks_log VALUES (1030, 11, 27, 70, 'US', '2025-01-19 19:50:48.432706', 'cool-playlist');
INSERT INTO public.tracks_log VALUES (1031, 11, 27, 64, 'US', '2025-01-19 19:53:34.078751', 'cool-playlist');
INSERT INTO public.tracks_log VALUES (1032, 11, 27, 65, 'US', '2025-01-19 19:53:34.672538', 'cool-playlist');
INSERT INTO public.tracks_log VALUES (1033, 11, 27, 63, 'US', '2025-01-19 19:53:35.518217', 'cool-playlist');
INSERT INTO public.tracks_log VALUES (1034, 11, 27, 63, 'US', '2025-01-23 00:23:25.46414', 'cool-playlist');
INSERT INTO public.tracks_log VALUES (1035, 11, 27, 70, 'US', '2025-01-23 00:26:32.608614', 'cool-playlist');
INSERT INTO public.tracks_log VALUES (1036, 11, 27, 64, 'US', '2025-01-23 00:29:18.465612', 'cool-playlist');
INSERT INTO public.tracks_log VALUES (1037, 11, 27, 65, 'US', '2025-01-23 00:32:40.747449', 'cool-playlist');
INSERT INTO public.tracks_log VALUES (1038, 11, 27, 63, 'US', '2025-01-23 00:35:37.230439', 'cool-playlist');
INSERT INTO public.tracks_log VALUES (1039, 11, 25, 54, 'US', '2025-01-23 00:35:45.245608', 'car-playlist');
INSERT INTO public.tracks_log VALUES (1040, 11, 20, 69, 'US', '2025-01-23 00:35:51.84551', 'recentlyadded');
INSERT INTO public.tracks_log VALUES (1041, 11, 20, 68, 'US', '2025-01-23 00:37:51.457408', 'recentlyadded');
INSERT INTO public.tracks_log VALUES (1042, 11, 20, 67, 'US', '2025-01-23 00:40:03.491571', 'recentlyadded');
INSERT INTO public.tracks_log VALUES (1043, 11, 20, 66, 'US', '2025-01-23 00:42:54.625477', 'recentlyadded');
INSERT INTO public.tracks_log VALUES (1044, 11, 20, 65, 'US', '2025-01-23 00:45:00.193154', 'recentlyadded');
INSERT INTO public.tracks_log VALUES (1045, 11, 20, 65, 'US', '2025-01-23 12:06:05.295248', 'recentlyadded');
INSERT INTO public.tracks_log VALUES (1046, 11, 20, 65, 'US', '2025-01-23 13:03:38.383842', 'recentlyadded');
INSERT INTO public.tracks_log VALUES (1047, 11, 29, 64, 'US', '2025-01-23 13:03:41.526913', 'sad-playlist');
INSERT INTO public.tracks_log VALUES (1048, 11, 29, 64, 'US', '2025-01-23 13:39:15.363961', 'sad-playlist');
INSERT INTO public.tracks_log VALUES (1049, 11, 29, 67, 'US', '2025-01-23 13:41:27.579296', 'sad-playlist');
INSERT INTO public.tracks_log VALUES (1050, 11, 29, 64, 'US', '2025-01-23 13:41:30.625995', 'sad-playlist');
INSERT INTO public.tracks_log VALUES (1051, 11, 29, 64, 'US', '2025-01-23 13:41:49.870092', 'sad-playlist');
INSERT INTO public.tracks_log VALUES (1052, 11, 29, 64, 'US', '2025-01-23 13:42:40.954316', 'sad-playlist');
INSERT INTO public.tracks_log VALUES (1053, 11, 29, 64, 'US', '2025-01-23 14:07:26.832781', 'sad-playlist');
INSERT INTO public.tracks_log VALUES (1054, 11, 29, 64, 'US', '2025-01-23 17:30:09.321303', 'sad-playlist');
INSERT INTO public.tracks_log VALUES (1055, 10, 27, 70, 'US', '2025-01-23 17:32:16.603028', 'cool-playlist');
INSERT INTO public.tracks_log VALUES (1056, 10, 27, 70, 'US', '2025-01-23 17:32:33.025093', 'cool-playlist');
INSERT INTO public.tracks_log VALUES (1057, 10, 27, 70, 'US', '2025-01-23 17:33:40.592602', 'cool-playlist');
INSERT INTO public.tracks_log VALUES (1058, 10, 27, 70, 'US', '2025-01-23 17:33:44.897542', 'cool-playlist');
INSERT INTO public.tracks_log VALUES (1059, 10, 27, 70, 'US', '2025-01-23 17:34:05.081032', 'cool-playlist');
INSERT INTO public.tracks_log VALUES (1060, 10, 27, 70, 'US', '2025-01-25 18:27:19.539067', 'cool-playlist');
INSERT INTO public.tracks_log VALUES (1061, 10, 27, 70, 'US', '2025-01-25 18:29:45.593727', 'cool-playlist');
INSERT INTO public.tracks_log VALUES (1062, 10, 27, 70, 'US', '2025-01-25 18:31:26.84166', 'cool-playlist');
INSERT INTO public.tracks_log VALUES (1063, 10, 27, 70, 'US', '2025-01-29 13:28:35.116591', 'cool-playlist');


--
-- TOC entry 3306 (class 2606 OID 16406)
-- Name: artists artists_pkey; Type: CONSTRAINT; Schema: public; Owner: root
--

ALTER TABLE ONLY public.artists
    ADD CONSTRAINT artists_pkey PRIMARY KEY (artist_key);


--
-- TOC entry 3310 (class 2606 OID 16424)
-- Name: logs logs_pkey; Type: CONSTRAINT; Schema: public; Owner: root
--

ALTER TABLE ONLY public.logs
    ADD CONSTRAINT logs_pkey PRIMARY KEY (log_key);


--
-- TOC entry 3308 (class 2606 OID 16415)
-- Name: playlists playlists_pkey; Type: CONSTRAINT; Schema: public; Owner: root
--

ALTER TABLE ONLY public.playlists
    ADD CONSTRAINT playlists_pkey PRIMARY KEY (playlist_key);


--
-- TOC entry 3304 (class 2606 OID 16397)
-- Name: tracks_log tracks_log_pkey; Type: CONSTRAINT; Schema: public; Owner: root
--

ALTER TABLE ONLY public.tracks_log
    ADD CONSTRAINT tracks_log_pkey PRIMARY KEY (tracks_log_key);


--
-- TOC entry 3314 (class 2606 OID 16442)
-- Name: tracks tracks_pkey; Type: CONSTRAINT; Schema: public; Owner: root
--

ALTER TABLE ONLY public.tracks
    ADD CONSTRAINT tracks_pkey PRIMARY KEY (track_key);


-- Completed on 2025-02-04 19:48:20

--
--

