-- phpMyAdmin SQL Dump
-- version 5.1.1deb5ubuntu1
-- https://www.phpmyadmin.net/
--
-- Host: localhost:3308:3308
-- Generation Time: Mar 20, 2026 at 11:45 AM
-- Server version: 8.0.45-0ubuntu0.22.04.1
-- PHP Version: 8.1.2-1ubuntu2.23

SET SQL_MODE = "NO_AUTO_VALUE_ON_ZERO";
START TRANSACTION;
SET time_zone = "+00:00";


/*!40101 SET @OLD_CHARACTER_SET_CLIENT=@@CHARACTER_SET_CLIENT */;
/*!40101 SET @OLD_CHARACTER_SET_RESULTS=@@CHARACTER_SET_RESULTS */;
/*!40101 SET @OLD_COLLATION_CONNECTION=@@COLLATION_CONNECTION */;
/*!40101 SET NAMES utf8mb4 */;

--
-- Database: `br_trenesanas_eksamenam_1`
--

-- --------------------------------------------------------

--
-- Table structure for table `contract`
--

CREATE TABLE `contract` (
  `id` int NOT NULL COMMENT 'kontraktu id',
  `name` varchar(50) CHARACTER SET utf8mb4 COLLATE utf8mb4_unicode_ci NOT NULL COMMENT 'kontrakta nosaukums'
) ENGINE=InnoDB DEFAULT CHARSET=utf8mb4 COLLATE=utf8mb4_unicode_ci COMMENT='kontraktu tabula';

--
-- Dumping data for table `contract`
--

INSERT INTO `contract` (`id`, `name`) VALUES
(1, 'aaaa');

-- --------------------------------------------------------

--
-- Table structure for table `group`
--

CREATE TABLE `group` (
  `id` int NOT NULL COMMENT 'darbu gupas id',
  `name` varchar(20) CHARACTER SET utf8mb4 COLLATE utf8mb4_unicode_ci NOT NULL COMMENT 'darbu grupas nosaukums',
  `contract_id` int DEFAULT NULL COMMENT 'rellācija uz kontraktu no kura grupa nāk'
) ENGINE=InnoDB DEFAULT CHARSET=utf8mb4 COLLATE=utf8mb4_unicode_ci COMMENT='darbu grupu tabula';

--
-- Dumping data for table `group`
--

INSERT INTO `group` (`id`, `name`, `contract_id`) VALUES
(1, 'k1', 1),
(2, 'k2', 1),
(3, 'k3', 1),
(4, 'k4', 1),
(5, 'k5', 1);

-- --------------------------------------------------------

--
-- Table structure for table `job`
--

CREATE TABLE `job` (
  `id` int NOT NULL COMMENT 'darba id',
  `group_id` int NOT NULL COMMENT 'relācija uz darba grupa',
  `name` varchar(255) CHARACTER SET utf8mb4 COLLATE utf8mb4_unicode_ci NOT NULL COMMENT 'darba nosaukums',
  `price` decimal(7,2) DEFAULT NULL COMMENT 'darba cena',
  `mesurment_id` int DEFAULT NULL COMMENT 'relācija uz mērvienību'
) ENGINE=InnoDB DEFAULT CHARSET=utf8mb4 COLLATE=utf8mb4_unicode_ci COMMENT='piedāvāto darbau tabula';

--
-- Dumping data for table `job`
--

INSERT INTO `job` (`id`, `group_id`, `name`, `price`, `mesurment_id`) VALUES
(10, 1, '\'Kabeļa tranšejas rakšana. aizberšana\'', '1.17', 1),
(11, 1, '\'Signālkabeļa Cu 4x1.5 montāža\'', '0.05', 1),
(12, 1, '\'Signālkabeļa Cu 7x1.5 montāža stabā. konsolē\'', '1.50', 1),
(13, 1, '\'Signālkabeļa Cu 7x2.5 montāža\'', '0.10', 1),
(14, 1, '\'Signālkabeļa Cu 12x2.5 montāža\'', '0.05', 1),
(15, 1, '\'Signālkabeļa Cu 19x2.5 montāža\'', '0.05', 1),
(16, 1, '\'Signālkabeļa Cu 27x2.5 montāža\'', '0.05', 1),
(17, 1, '\'Signālkabeļa Cu 3x2.5 montāža\'', '0.05', 1),
(18, 1, '\'Signālkabeļa Cu 4x2.5 montāža\'', '0.10', 1),
(19, 1, '\'Signālkabeļa Cu 7x2.5 montāža stabā. konsolē\'', '0.05', 1),
(20, 1, '\'Aizsargcaurules DVK-50 montāža\'', '0.05', 1),
(21, 1, '\'Aizsargcaurules DVK-75 montāža\'', '0.05', 1),
(22, 1, '\'Kabeļu montāža izmantojot horizontālas urbšanas metodi\'', '30.00', 1),
(23, 1, '\'Aizsargcaurules DVK-110 montāža\'', '1.20', 1),
(24, 1, '\'Signāllentas montāža\'', '0.05', 1),
(25, 1, '\'Kabeļa gala apdares Raychem EPKT0015 montāža\'', '5.00', 2),
(26, 1, '\'Kabeļa savienojuma uzmavas Raychem POLJ-01/4x10-35 montāža\'', '26.00', 2),
(27, 1, '\'Signālkabeļa spaiļu komplekta nomaiņa balstā. konsolē\'', '5.00', 2),
(28, 1, '\'Luksofora objekta bojājuma noteikšana\'', '20.00', 3),
(29, 1, '\'LSS-4 tipa sadalnes montāža\'', '70.00', 4),
(30, 1, '\'SP-7 tipa sadalnes montāža\'', '20.00', 4),
(31, 1, '\'Kabeļa Cu 4x16 montāža.\'', '0.10', 1),
(32, 1, '\'Kabeļa Al 4x35 montāža\'', '0.10', 1),
(33, 1, '\'Signālkabeļa Cu 7x1.5 montāža\'', '1.50', 1),
(34, 1, '\'Signālkabeļa Cu 12x1.5 montāža\'', '3.40', 1),
(35, 1, '\'Signālkabeļa Cu 19x1.5 montāža\'', '0.10', 1),
(36, 1, '\'Signālkabeļa Cu 27x1.5 montāža\'', '0.10', 1),
(37, 1, '\'Signālkabeļa Cu 3x1.5 montāža\'', '0.05', 1),
(10, 2, '\'Luksofora balsta h=6m montāža\'', '120.00', 4),
(11, 2, '\'Transporta signālgalvas (ar 3 lēcām. 200mm) montāža uz balsta\'', '100.00', 2),
(12, 2, '\'Transporta signālgalvas (ar 3 lēcām. 200mm) montāža uz balsta (LED)\'', '200.00', 2),
(13, 2, '\'Transporta signālgalvas (ar 3 lēcām. 300mm) montāža uz konsoles\'', '100.00', 2),
(14, 2, '\'Transporta signālgalvas (ar 3 lēcām) montāža uz konsoles (LED)\'', '300.00', 2),
(15, 2, '\'Papīldsekcijas transporta signālgalvas (ar 1 lēcu. 300mm) montāža uz balsta\'', '40.00', 2),
(16, 2, '\'Papīldsekcijas transporta signālgalvas (ar 1 lēcu. 300mm) montāža uz balsta (LED)\'', '120.00', 2),
(17, 2, '\'Papīldsekcijas transporta signālgalvas (ar 1 lēcu. 300mm) nomaiņa uz konsoles\'', '25.00', 2),
(18, 2, '\'Papīldsekcijas transporta signālgalvas (ar 1 lēcu. 300mm) montāža uz konsoles (LED)\'', '120.00', 2),
(19, 2, '\'Gājēju signālgalvas (ar 2 lēcām. 200mm) montāža uz balsta\'', '100.00', 2),
(20, 2, '\'Gājēju signālgalvas (ar 2 lēcām. 200mm) montāža uz balsta (LED)\'', '200.00', 2),
(21, 2, '\'Gājēju signālgalvas (ar 2 lēcām. 200mm) montāža uz konsoles\'', '20.00', 2),
(22, 2, '\'Luksofora balsta h=4m montāža\'', '80.00', 4),
(23, 2, '\'Signālgalvas atstarojošā rāmīša nomaiņa uz balsta\'', '60.00', 2),
(24, 2, '\'Signālgalvas ar papīldsekciju atstarojošā rāmīša nomaiņa uz balsta\'', '60.00', 2),
(25, 2, '\'Signālgalvas atstarojošā rāmīša nomaiņa uz konsoles\'', '60.00', 2),
(26, 2, '\'Signālgalvas ar papīldsekciju atstarojošā rāmīša nomaiņa uz konsoles\'', '60.00', 2),
(27, 2, '\'Signālgalvas ar papīldsekciju atstarojošā rāmīša nomaiņa uz konsoles\'', '20.00', 4),
(28, 2, '\'Signālgalvas aizsargjumtiņa nomaiņa uz balsta\'', '10.00', 4),
(29, 2, '\'Signālgalvas aizsargjumtiņa nomaiņa uz konsoles\'', '4.40', 4),
(30, 2, '\'Spuldzes nomaiņa uz balsta\'', '5.00', 4),
(31, 2, '\'Spuldzes nomaiņa uz konsoles\'', '10.00', 4),
(32, 2, '\'Signāllēcas (300mm) nomaiņa uz balsta\'', '2000.00', 4),
(33, 2, '\'Luksofora konsoles h=6.5m montāža\'', '80.00', 4),
(34, 2, '\'Signāllēcas (LED. 300mm) nomaiņa uz balsta\'', '10.00', 4),
(35, 2, '\'Signāllēcas (200mm) nomaiņa uz balsta\'', '80.00', 4),
(36, 2, '\'Signāllēcas (LED. 200mm) nomaiņa uz balsta\'', '10.00', 4),
(37, 2, '\'Signāllēcas (300mm) nomaiņa uz konsoles\'', '80.00', 4),
(38, 2, '\'Signāllēcas (LED.300mm) nomaiņa uz konsoles\'', '75.00', 4),
(39, 2, '\'Gājēju izsaukuma pogas nomaiņa\'', '380.00', 4),
(40, 2, '\'Transporta kustības detektora nomaiņa\'', '5.00', 4),
(41, 2, '\'Gājēju izsaukuma pogas remonts\'', '5.00', 4),
(42, 2, '\'Transporta kustības detektora regulēšana\'', '115.00', 4),
(43, 2, '\'Skaņas signāla iekārtas nomaiņa\'', '5.00', 4),
(44, 2, '\'Balsta vāka maiņa\'', '40.00', 4),
(45, 2, '\'Luksofora balsta pamatnes montāža\'', '7.00', 4),
(46, 2, '\'Pasūtītāja balsta montāža\'', '5.00', 4),
(47, 2, '\'Pasūtītāja pamatnes montāža \'', '20.00', 4),
(48, 2, '\'Pasūtītāja transporta signālgalvas montāža uz balsta\'', '20.00', 4),
(49, 2, '\'Pasūtītāja transporta signālgalvas montāža uz konsoles\'', '5.00', 4),
(50, 2, '\'Pasūtītāja signāllēcas nomaiņa uz balsta\'', '5.00', 4),
(51, 2, '\'Pasūtītāja signāllēcas nomaiņa uz konsoles\'', '15.00', 4),
(52, 2, '\'Pasūtītāja gājēju signālgavas montāža\'', '0.30', 4),
(53, 2, '\'Transporta signālgalvas uz balsta optiskas virsmas mazgāšana. tīrīšana\'', '0.30', 4),
(54, 2, '\'Transporta signālgalvas uz konsoles optiskas virsmas mazgāšana. tīrīšana\'', '0.30', 4),
(55, 2, '\'Gājēju signālgalvas uz balsta optiskas virsmas mazgāšana. tīrīšana\'', '80.00', 4),
(56, 2, '\'Luksofora konsoles pamatnes montāža\'', '280.00', 4),
(57, 2, '\'Transporta signālgalvas (ar 3 lēcām. 300mm) montāža uz balsta (LED 42V)\'', '280.00', 4),
(58, 2, '\'Transporta signālgalvas (ar 3 lēcām. 300mm) montāža uz konsoles (LED 42V)\'', '160.00', 4),
(59, 2, '\'Papīldsekcijas transporta signālgalvas (ar 1 lēcu. 300mm) montāža uz balsta (LED 42V)\'', '160.00', 4),
(60, 2, '\'Papīldsekcijas transporta signālgalvas (ar 1 lēcu. 300mm) montāža uz konsoles (LED 42V)\'', '230.00', 4),
(61, 2, '\'Gājēju signālgalvas (ar 2 lēcām. 200mm) montāža uz balsta (LED 42V)\'', '80.00', 4),
(62, 2, '\'Signāllēcas (LED 42V. 300mm) nomaiņa uz balsta\'', '80.00', 4),
(63, 2, '\'Signāllēcas (LED 42V.300mm) nomaiņa uz konsoles\'', '80.00', 4),
(64, 2, '\'Signāllēcas (LED 42V.200mm) nomaiņa uz balsta\'', '320.00', 4),
(65, 2, '\'Asfalta segumā iebūvējama sensora SensysNetworks VSN 240T (vai ekvivalenta) nomaiņa\'', '320.00', 4),
(66, 2, '\'Asfalta segumā iebūvējama sensora SensysNetworks VSN 240F (vai ekvivalenta) nomaiņa\'', '15.00', 4),
(67, 2, '\'Luksofora balsta taisnošana. remonts\'', '560.00', 4),
(68, 2, '\'Sensora signāla atkārtotāja SensysNetworks RP 240B (vai ekvivalenta) iekārtas nomaiņa\'', '1900.00', 4),
(69, 2, '\'Sensora signāla uztvērēja SensysNetworks AP 240-E (vai ekvivalenta) iekārtas nomaiņa\'', '80.00', 4),
(70, 2, '\'Luksofora konsoles taisnošana. remonts\'', '100.00', 2),
(71, 2, '\'Transporta signālgalvas (ar 3 lēcām. 300mm) montāža uz balsta\'', '300.00', 2),
(10, 3, '\'Transporta signālgalvas (ar 3 lēcām. 300mm) montāža uz balsta (LED)\'', '250.00', 4),
(11, 3, '\'Uzskaites sadalnes E-N-LU-I tipa montāža\'', '300.00', 4),
(12, 3, '\'VTC. VSF GSM antenas nomaiņa\'', '130.00', 4),
(13, 3, '\'VTC. VSF termoregulatora bloka nomaiņa\'', '10.00', 4),
(14, 3, '\'VTC. VSF sildelementa nomaiņa\'', '120.00', 4),
(15, 3, '\'VTC mini (VTC-1080. VTC-1040) barošanas bloka nomaiņa\'', '200.00', 4),
(16, 3, '\'VTC mini (VTC-1080. VTC-1040) CPU bloka nomaiņa\'', '50.00', 4),
(17, 3, '\'VTC mini (VTC-1080. VTC-1040) LK bloka nomaiņa\'', '130.00', 4),
(18, 3, '\'VTC mini (VTC-1080. VTC-1040) termoregulatora bloka nomaiņa\'', '10.00', 4),
(19, 3, '\'Vadības plates ZKS tipa drošinātāja nomaiņa\'', '2.00', 4),
(20, 3, '\'Automātiska slēdža nomaiņa C16-32A 3 fāzu\'', '1.00', 4),
(21, 3, '\'Automātiska slēdža nomaiņa C2-32A 1 fāzu\'', '4000.00', 4),
(22, 3, '\'Kontroliera VTC montāža\'', '5.00', 4),
(23, 3, '\'Starpreleja nomaiņa 20A\'', '5.00', 4),
(24, 3, '\'Diferenciālas aizsardzības nomaiņa 20A. 300mA 1 fāzu\'', '5.00', 4),
(25, 3, '\'Pārsprieguma novadītāja nomaiņa 1 fāzu. 65kA. līdz 1.5kV\'', '1.00', 4),
(26, 3, '\'Pārsprieguma novadītāja ieliktņa nomaiņa\'', '200.00', 4),
(27, 3, '\'VTC. VSF luksofora objekta signālplānu nomaiņa\'', '200.00', 2),
(28, 3, '\'Luksofora objekta signālplāna izstrāde\'', '10.00', 2),
(29, 3, '\'Kontroliera signālgrupas spaiļu nomaiņa \'', '10.00', 2),
(30, 3, '\'Kontroliera signālgrupas pieslēgšana\'', '10.00', 4),
(31, 3, '\'Pasūtītāja vadības plates nomaiņa\'', '5.00', 4),
(32, 3, '\'Pasūtītāja aizsardzības elementa nomaiņa\'', '1.00', 4),
(33, 3, '\'Kontroliera VSF montāža\'', '200.00', 4),
(34, 3, '\'Pasūtītāja kontroliera montāža\'', '5320.00', 4),
(35, 3, '\'Kontroliera EC-2 montāža\'', '190.00', 4),
(36, 3, '\'EC-2 MDU bloka nomaiņa\'', '360.00', 4),
(37, 3, '\'EC-2 CPU bloka nomaiņa\'', '500.00', 4),
(38, 3, '\'EC-2 LCM bloka nomaiņa\'', '30.00', 4),
(39, 3, '\'EC-2 IO1616 bloka nomaiņa\'', '60.00', 4),
(40, 3, '\'EC-2 ED316 bloka nomaiņa\'', '10.00', 4),
(41, 3, '\'EC-2 MMI bloka nomaiņa\'', '10.00', 4),
(42, 3, '\'EC-2 termoregulatora nomaiņa\'', '25.00', 4),
(43, 3, '\'EC-2 astronomiska laika releja nomaiņa\'', '400.00', 4),
(44, 3, '\'EC-2 GSM antenas nomaiņa\'', '300.00', 4),
(45, 3, '\'VTC. VSF barošanas bloka nomaiņa\'', '950.00', 4),
(46, 3, '\'VTC CPU bloka nomaiņa\'', '510.00', 4),
(47, 3, '\'VTC LK-6M bloka nomaiņa\'', '270.00', 4),
(48, 3, '\'VSF CPU bloka nomaiņa\'', '150.00', 4),
(49, 3, '\'VSF LK-6 bloka nomaiņa\'', '300.00', 4),
(10, 4, '\'VTC. VSF GDK bloka nomaiņa\'', '15.00', 2),
(11, 4, '\'Kontroliera demontāža\'', '10.00', 2),
(12, 4, '\'Luksofora staba demontāža\'', '50.00', 2),
(13, 4, '\'Konsoles demontāža\'', '10.00', 4),
(14, 4, '\'Signālgalvas demontāža uz balsta\'', '15.00', 4),
(15, 4, '\'Signālgalvas demontāža uz konsoles\'', '5.00', 2),
(10, 5, '\'Kabeļu sadalnes demontāža\'', '10.00', 4),
(11, 5, '\'Izsaukums luksofora objektā\'', '1.00', 5),
(12, 5, '\'Maršruta apsekošana\'', '2495.00', 4);

-- --------------------------------------------------------

--
-- Table structure for table `mesurment`
--

CREATE TABLE `mesurment` (
  `id` int NOT NULL COMMENT 'mērvienības id',
  `name` varchar(20) CHARACTER SET utf8mb4 COLLATE utf8mb4_unicode_ci NOT NULL COMMENT 'mērvienības nosaukums'
) ENGINE=InnoDB DEFAULT CHARSET=utf8mb4 COLLATE=utf8mb4_unicode_ci COMMENT='tabula mērvienībām';

--
-- Dumping data for table `mesurment`
--

INSERT INTO `mesurment` (`id`, `name`) VALUES
(1, 'm.'),
(2, 'kompl.'),
(3, 'st.'),
(4, 'gab.'),
(5, 'km');

--
-- Indexes for dumped tables
--

--
-- Indexes for table `contract`
--
ALTER TABLE `contract`
  ADD PRIMARY KEY (`id`);

--
-- Indexes for table `group`
--
ALTER TABLE `group`
  ADD PRIMARY KEY (`id`),
  ADD KEY `contract_id` (`contract_id`);

--
-- Indexes for table `job`
--
ALTER TABLE `job`
  ADD PRIMARY KEY (`group_id`,`id`),
  ADD KEY `mesurment_id` (`mesurment_id`);

--
-- Indexes for table `mesurment`
--
ALTER TABLE `mesurment`
  ADD PRIMARY KEY (`id`);

--
-- AUTO_INCREMENT for dumped tables
--

--
-- AUTO_INCREMENT for table `contract`
--
ALTER TABLE `contract`
  MODIFY `id` int NOT NULL AUTO_INCREMENT COMMENT 'kontraktu id', AUTO_INCREMENT=2;

--
-- AUTO_INCREMENT for table `group`
--
ALTER TABLE `group`
  MODIFY `id` int NOT NULL AUTO_INCREMENT COMMENT 'darbu gupas id', AUTO_INCREMENT=6;

--
-- AUTO_INCREMENT for table `mesurment`
--
ALTER TABLE `mesurment`
  MODIFY `id` int NOT NULL AUTO_INCREMENT COMMENT 'mērvienības id', AUTO_INCREMENT=6;

--
-- Constraints for dumped tables
--

--
-- Constraints for table `group`
--
ALTER TABLE `group`
  ADD CONSTRAINT `group_ibfk_1` FOREIGN KEY (`contract_id`) REFERENCES `contract` (`id`);

--
-- Constraints for table `job`
--
ALTER TABLE `job`
  ADD CONSTRAINT `job_ibfk_1` FOREIGN KEY (`group_id`) REFERENCES `group` (`id`),
  ADD CONSTRAINT `job_ibfk_2` FOREIGN KEY (`mesurment_id`) REFERENCES `mesurment` (`id`);
COMMIT;

/*!40101 SET CHARACTER_SET_CLIENT=@OLD_CHARACTER_SET_CLIENT */;
/*!40101 SET CHARACTER_SET_RESULTS=@OLD_CHARACTER_SET_RESULTS */;
/*!40101 SET COLLATION_CONNECTION=@OLD_COLLATION_CONNECTION */;
