-- --------------------------------------------------------
-- Host:                         153.92.1.116
-- Server version:               8.0.40-0ubuntu0.22.04.1 - (Ubuntu)
-- Server OS:                    Linux
-- HeidiSQL Version:             12.6.0.6765
-- --------------------------------------------------------

/*!40101 SET @OLD_CHARACTER_SET_CLIENT=@@CHARACTER_SET_CLIENT */;
/*!40101 SET NAMES utf8 */;
/*!50503 SET NAMES utf8mb4 */;
/*!40103 SET @OLD_TIME_ZONE=@@TIME_ZONE */;
/*!40103 SET TIME_ZONE='+00:00' */;
/*!40014 SET @OLD_FOREIGN_KEY_CHECKS=@@FOREIGN_KEY_CHECKS, FOREIGN_KEY_CHECKS=0 */;
/*!40101 SET @OLD_SQL_MODE=@@SQL_MODE, SQL_MODE='NO_AUTO_VALUE_ON_ZERO' */;
/*!40111 SET @OLD_SQL_NOTES=@@SQL_NOTES, SQL_NOTES=0 */;


-- Dumping database structure for pasutijumi
CREATE DATABASE IF NOT EXISTS `pasutijumi` /*!40100 DEFAULT CHARACTER SET utf8mb4 COLLATE utf8mb4_unicode_ci */ /*!80016 DEFAULT ENCRYPTION='N' */;
USE `pasutijumi`;

-- Dumping structure for table pasutijumi.job_category
CREATE TABLE IF NOT EXISTS `job_category` (
  `id` int unsigned NOT NULL AUTO_INCREMENT COMMENT 'Līguma pakalpojumu kategorijas ID',
  `contract_id` int unsigned NOT NULL COMMENT 'Līguma ID',
  `number` tinyint unsigned NOT NULL COMMENT 'NPK',
  `name` varchar(30) CHARACTER SET utf8mb4 COLLATE utf8mb4_unicode_ci NOT NULL COMMENT 'Līguma pakalpojumu kategorijas nosaukums',
  PRIMARY KEY (`id`),
  KEY `contract_id` (`contract_id`),
  CONSTRAINT `FK_job_category_contract` FOREIGN KEY (`contract_id`) REFERENCES `contract` (`id`)
) ENGINE=InnoDB AUTO_INCREMENT=5 DEFAULT CHARSET=utf8mb4 COLLATE=utf8mb4_unicode_ci COMMENT='Līguma pakalpojumu kategorijas ';

-- Dumping data for table pasutijumi.job_category: ~4 rows (approximately)
INSERT INTO `job_category` (`id`, `contract_id`, `number`, `name`) VALUES
	(1, 1, 1, 'Darbu veidi'),
	(2, 1, 2, 'Materiālu un iekārtu veidi'),
	(3, 2, 1, 'Darbu veidi'),
	(4, 2, 2, 'Materiālu un iekārtu veidi');

-- Dumping structure for table pasutijumi.job_group
CREATE TABLE IF NOT EXISTS `job_group` (
  `id` int unsigned NOT NULL AUTO_INCREMENT COMMENT 'Līguma pakalpojumu grupas ID',
  `job_category_id` int unsigned NOT NULL COMMENT 'Līguma pakalpojumu kategorijas ID',
  `number` tinyint unsigned NOT NULL COMMENT 'NPK',
  `name` varchar(100) CHARACTER SET utf8mb4 COLLATE utf8mb4_unicode_ci NOT NULL COMMENT 'Līguma pakalpojumu grupas nosaukums',
  PRIMARY KEY (`id`),
  KEY `job_category_id` (`job_category_id`),
  CONSTRAINT `FK_job_group_job_category` FOREIGN KEY (`job_category_id`) REFERENCES `job_category` (`id`)
) ENGINE=InnoDB AUTO_INCREMENT=24 DEFAULT CHARSET=utf8mb4 COLLATE=utf8mb4_unicode_ci COMMENT='Līguma pakalpojumu grupa';

-- Dumping data for table pasutijumi.job_group: ~23 rows (approximately)
INSERT INTO `job_group` (`id`, `job_category_id`, `number`, `name`) VALUES
	(1, 1, 1, 'Demontāžas darbi'),
	(2, 1, 2, 'Kabeļu montāžas darbi'),
	(3, 1, 3, 'Luksoforu balstu uzturēšanas un montāžas darbi'),
	(4, 1, 4, 'Detekcijas kameru uzturēšanas un montāžas darbi'),
	(5, 1, 5, 'Signālgalvu uzturēšanas un montāžas darbi'),
	(6, 1, 6, 'Luksoforu kontrolieru uzturēšanas un montāžas darbi'),
	(7, 1, 7, 'Luksoforu objektu ikdienas uzturēšana'),
	(8, 1, 8, 'Avārijas darbi'),
	(9, 2, 9, 'Kabeļi un kabeļu piederumi'),
	(10, 2, 10, 'Balsti un balstu piederumi'),
	(11, 2, 11, 'Signālgalvas un signālgalvu piederumi'),
	(12, 2, 12, 'Luksoforu kontrolieru piederumi'),
	(13, 3, 1, 'Demontāžas darbi\r'),
	(14, 3, 2, 'Kabeļu montāžas darbi\r'),
	(15, 3, 3, 'Luksoforu balstu uzturēšanas un montāžas darbi\r'),
	(16, 3, 4, 'Signālgalvu uzturēšanas un montāžas darbi\r'),
	(17, 3, 5, 'Luksoforu kontrolieru uzturēšanas un montāžas darbi\r'),
	(18, 3, 6, 'Luksoforu objektu tehniskā apkope \r'),
	(19, 3, 7, 'Avārijas darbi\r'),
	(20, 4, 8, 'Kabeļi un kabeļu piederumi\r'),
	(21, 4, 9, 'Balsti un balstu piederumi\r'),
	(22, 4, 10, 'Signālgalvas un signālgalvu piederumi\r'),
	(23, 4, 11, 'Luksoforu kontrolieri un kontrolieru piederumi\r');

-- Dumping structure for table pasutijumi.job_name
CREATE TABLE IF NOT EXISTS `job_name` (
  `id` int unsigned NOT NULL AUTO_INCREMENT COMMENT 'Pakalpojuma / preces ID',
  `job_group_id` int unsigned NOT NULL COMMENT 'Grupas ID',
  `measure_id` int unsigned NOT NULL COMMENT 'Mērvienības ID',
  `number` tinyint unsigned NOT NULL COMMENT 'NPK',
  `name` varchar(250) CHARACTER SET utf8mb4 COLLATE utf8mb4_unicode_ci NOT NULL COMMENT 'Pakalpojuma / preces nosaukums',
  `price` decimal(8,2) NOT NULL COMMENT 'Cena',
  PRIMARY KEY (`id`),
  KEY `jobs_ibfk_1` (`measure_id`),
  KEY `job_group_id` (`job_group_id`),
  CONSTRAINT `FK_job_name_job_group` FOREIGN KEY (`job_group_id`) REFERENCES `job_group` (`id`),
  CONSTRAINT `FK_job_name_measure` FOREIGN KEY (`measure_id`) REFERENCES `measure` (`id`)
) ENGINE=InnoDB AUTO_INCREMENT=403 DEFAULT CHARSET=utf8mb4 COLLATE=utf8mb4_unicode_ci COMMENT='Līguma pakalpojumi / preces';

-- Dumping data for table pasutijumi.job_name: ~261 rows (approximately)
INSERT INTO `job_name` (`id`, `job_group_id`, `measure_id`, `number`, `name`, `price`) VALUES
	(1, 1, 3, 1, 'Kontroliera demontāža', 200.00),
	(2, 1, 1, 2, 'Luksofora balsta demontāža', 75.00),
	(3, 1, 1, 3, 'Konsoles demontāža', 500.00),
	(4, 1, 1, 4, 'Luksofora balsta pamata demontāža', 50.00),
	(5, 1, 1, 5, 'Konsoles pamata demontāža', 100.00),
	(6, 1, 1, 6, 'Signālgalvas demontāža', 50.00),
	(7, 1, 1, 7, 'Gājēju izsaukuma pogas demontāža', 40.00),
	(8, 1, 1, 8, 'Transporta līdzekļa detektora vai kameras demontāža', 50.00),
	(9, 1, 1, 9, 'Luksofora objekta elementa demontāža', 50.00),
	(10, 1, 2, 10, 'Strādnieka darbs', 45.00),
	(11, 1, 2, 11, 'Autopacēlāja (līdz 7m augstumā) darba 1 stundas izcenojums', 40.00),
	(12, 2, 5, 1, 'Tranšejas rakšana un aizbēršana caurules guldīšanai 0.7m dziļumā', 12.00),
	(13, 2, 4, 2, 'Tranšejas rakšana un aizbēršana caurules guldīšanai 1.0m dziļumā', 15.00),
	(14, 2, 5, 3, 'Ielu (ietvju) asfaltbetona seguma demontāža, tranšejas sagatavošana asfalta seguma atjaunošanai', 60.00),
	(15, 2, 5, 4, 'Bruģa (flīzes) seguma demontāža, tranšejas sagatavošana bruģa (flīzes) seguma atjaunošanai', 60.00),
	(16, 2, 5, 5, 'Zaļās zonas atjaunošana, izmantojot pievestu augu zemi (h=10cm)', 3.50),
	(17, 2, 4, 6, 'Kabeļu montāža, izmantojot horizontālās urbšanas metodi', 70.00),
	(18, 2, 6, 7, 'Liekās grunts aizvešana', 20.00),
	(19, 2, 4, 8, 'Kabeļu aizsargcaurules ieguldīšana gatavā tranšejā', 2.20),
	(20, 2, 4, 9, 'Kabeļa ievēršana aizsargcaurulē', 2.20),
	(21, 2, 1, 10, 'Dalītās aizsargcaurules montāža', 7.50),
	(22, 2, 4, 11, 'Kabeļa montāža (nomaiņa) balstā', 2.40),
	(23, 2, 3, 12, 'Spēka kabeļa gala apdares montāža', 10.00),
	(24, 2, 3, 13, 'Spēka kabeļa savienojuma uzmavas montāža', 70.00),
	(25, 2, 3, 14, 'Signālkabeļa 7-19x2.5 gala apdare, pieslēgšana', 40.00),
	(26, 2, 3, 15, 'Datu kabeļa gala apdare, pieslēgšana', 15.00),
	(27, 2, 3, 16, 'Signālkabeļa spaiļu komplekta nomaiņa balstā, konsolē, vārtos', 40.00),
	(28, 3, 1, 1, 'Luksofora balsta montāža', 80.00),
	(29, 3, 1, 2, 'Luksofora konsoles montāža', 800.00),
	(30, 3, 1, 3, 'Luksofora balsta pamata montāža', 35.00),
	(31, 3, 1, 4, 'Luksofora konsoles pamata montāža', 240.00),
	(32, 3, 1, 5, 'Luksofora balsta taisnošana, remonts', 30.00),
	(33, 3, 1, 6, 'Luksofora konsoles taisnošana, remonts', 50.00),
	(34, 3, 1, 7, 'Balsta vāka nomaiņa', 15.00),
	(35, 3, 1, 8, 'Datorizētās akustiskās gājēju izsaukuma pogas montāža', 40.00),
	(36, 3, 1, 9, 'Datorizētās akustiskās gājēju izsaukuma pogas konfigurēšana, remonts', 60.00),
	(37, 4, 3, 10, 'Detekcijas kameras uzstādīšana uz balsta vai konsoles, regulēšana, programmēšana, pieslēgšana pārraudzības sistēmai', 300.00),
	(38, 4, 3, 11, 'Detekcijas kameras pagriešana uz balsta vai konsoles, pārregulēšana pēc postījumiem (vējš u.c.), ieskaitot programmēšanu pārraudzības sistēmā', 200.00),
	(39, 5, 3, 1, 'Transporta signālgalvas montāža uz balsta', 70.00),
	(40, 5, 3, 2, 'Transporta signālgalvas montāža uz konsoles (vārtiem)', 80.00),
	(41, 5, 3, 3, 'Transporta signālgalvas ar papildsekciju montāža uz balsta', 80.00),
	(42, 5, 3, 4, 'Transporta signālgalvas ar papildsekciju montāža uz konsoles (vārtiem)', 90.00),
	(43, 5, 3, 5, 'Gājēju signālgalvas montāža', 65.00),
	(44, 5, 3, 6, 'Gājēju signālgalvas ar laika atskaites displeju montāža', 70.00),
	(45, 5, 3, 7, 'Informatīvas signālgalvas montāža', 50.00),
	(46, 5, 1, 8, 'Signālgalvas atstarojošā rāmīša nomaiņa', 40.00),
	(47, 5, 1, 9, 'Signālgalvas ar papildsekciju atstarojošā rāmīša nomaiņa', 40.00),
	(48, 5, 1, 10, 'Signālgalvas aizsargjumtiņa nomaiņa uz balsta', 30.00),
	(49, 5, 1, 11, 'Signālgalvas aizsargjumtiņa nomaiņa uz konsoles (vārtiem)', 30.00),
	(50, 5, 1, 12, 'Signālgalvas stiprinājuma kronšteina nomaiņa uz balsta', 30.00),
	(51, 5, 1, 13, 'Signāllēcas nomaiņa uz balsta', 50.00),
	(52, 5, 1, 14, 'Signāllēcas nomaiņa uz konsoles (vārtiem)', 60.00),
	(53, 5, 1, 15, 'Signālgalvas stāvokļa regulēšana', 20.00),
	(54, 6, 3, 1, 'Kontroliera montāža', 300.00),
	(55, 6, 1, 2, 'Luksofora kontroliera korpusa nomaiņa', 200.00),
	(56, 6, 1, 3, 'Kontroliera bloka nomaiņa', 50.00),
	(57, 6, 1, 4, 'Vadības plates drošinātāja nomaiņa', 20.00),
	(58, 6, 1, 5, 'Automātiska slēdža nomaiņa', 10.00),
	(59, 6, 1, 6, 'Starpreleja nomaiņa', 10.00),
	(60, 6, 1, 7, 'Diferenciālas aizsardzības automāta nomaiņa', 10.00),
	(61, 6, 1, 8, 'Luksofora objekta signālplāna izstrāde', 500.00),
	(62, 6, 1, 9, 'Izstrādātā signālplāna palaišana un atslēgšana uz noteiktu laiku', 200.00),
	(63, 6, 1, 10, 'Luksofora objekta palaišana, izslēgšana vai pārslēgšana mirgojošā dzeltenajā režīmā', 70.00),
	(64, 6, 2, 11, 'Luksofora objekta darbības nodrošināšana elektroenerģijas atslēguma gadījumā', 40.00),
	(65, 7, 7, 12, 'Tehniskā apkope visiem (52) luksoforu objektiem', 14000.00),
	(66, 7, 7, 13, 'Tehniskā apkope vienam luksoforu objektam', 280.00),
	(67, 7, 2, 14, 'Luksoforu objekta pieslēgšana un konfigurēšana piedāvātajai attālinātās pārraudzības un vadības sistēmai', 115.00),
	(68, 8, 1, 1, 'Luksofora balsta demontāža', 75.00),
	(69, 8, 1, 2, 'Konsoles demontāža', 750.00),
	(70, 8, 1, 3, 'Signālgalvas demontāža', 45.00),
	(71, 8, 2, 4, 'Strādnieka darbs', 50.00),
	(72, 9, 4, 1, 'Kabelis Al 4x16', 3.41),
	(73, 9, 4, 2, 'Kabelis Cu 3x1.5 ', 0.92),
	(74, 9, 4, 3, 'Signālkabelis Cu 7x2.5', 5.05),
	(75, 9, 4, 4, 'Signālkabelis Cu 12x2.5', 8.24),
	(76, 9, 4, 5, 'Signālkabelis Cu 19x2.5', 12.35),
	(77, 9, 4, 6, 'Aizsargcaurule – ārējais diametrs 75mm 750N', 2.57),
	(78, 9, 4, 7, 'Aizsargcaurule – ārējais diametrs 110mm 750N', 3.71),
	(79, 9, 4, 8, 'Signāllenta', 0.06),
	(80, 9, 3, 9, 'Spēka kabeļa gala apdare līdz 35mm2', 5.85),
	(81, 9, 3, 10, 'Spēka kabeļa savienojuma uzmava līdz 35mm2 ', 17.00),
	(82, 9, 3, 11, 'Signālkabeļa spaiļu komplekts (līdz 10 gab.)', 10.00),
	(83, 10, 1, 1, 'Luksofora balsts h=4m Technopali STP45-114-2 ', 184.60),
	(84, 10, 1, 2, 'Luksofora balsts h=6m Technopali STP45-114-2 ', 236.60),
	(85, 10, 1, 3, 'Luksofora konsole h=6.5m, iznesums 7m IDMserviss LK-14-T2-KM ', 7500.00),
	(86, 10, 1, 4, 'Luksofora balsta pamatne P-1 ', 48.57),
	(87, 10, 1, 5, 'Luksofora konsoles pamatne P-4 ', 510.00),
	(88, 10, 1, 6, 'Balsta (konsoles) vāks', 1.89),
	(89, 10, 1, 7, 'Datorizēta akustiska gājēju izsaukuma poga Langmatz EK533 ', 793.00),
	(90, 11, 1, 8, 'Transporta signālgalva (3 lēcas, 300mm, LED 230V) SWARCO CIWAY ', 533.00),
	(91, 11, 1, 9, 'Transporta signālgalva ar papildsekciju (4 lēcas, 300mm, LED 230V) SWARCO CIWAY ', 500.50),
	(92, 11, 1, 10, 'Gājēju signālgalva (2 lēcas, 200mm, LED 230V) Swarco CIWAY ', 383.50),
	(93, 11, 1, 11, 'Gājēju signālgalva ar sekunžu skaitītāju (3 lēcas, 200mm, LED 230V) Swarco CIWAY ', 1066.00),
	(94, 11, 1, 12, 'Brīdinājuma signālgalva (1 lēca, 300mm, LED 230V) Swarco CIWAY ', 169.00),
	(95, 11, 1, 13, 'Transporta signālgalva (3 lēcas, 300mm, LED 42V) Peek Supreme', 559.00),
	(96, 11, 1, 14, 'Transporta signālgalva ar papildsekciju (4 lēcas, 300mm, LED 42V) Peek Supreme ', 741.00),
	(97, 11, 1, 15, 'Gājēju signālgalva (2 lēcas, 200mm, LED 42V) Peek Supreme ', 396.50),
	(98, 11, 1, 16, 'Gājēju signālgalva ar sekunžu skaitītāju (3 lēcas, 200mm, LED 42V) Peek Supreme ', 1066.00),
	(99, 11, 1, 17, 'Brīdinājuma signālgalva (1 lēca, 300mm, LED 42V) Peek Supreme ', 169.00),
	(100, 11, 1, 18, 'Signāllēca (300mm, LED 230V) Swarco Futurled', 123.50),
	(101, 11, 1, 19, 'Signāllēca (200mm, LED 230V) Swarco Futurled ', 93.60),
	(102, 11, 1, 20, 'Signāllēca (300mm, LED 42V) Peek TLED ', 123.50),
	(103, 11, 1, 21, 'Signāllēca (200mm, LED 42V) Peek TLED ', 110.50),
	(104, 11, 1, 22, 'Signālgalvas stiprinājuma (alumīnija) kronšteins', 36.40),
	(105, 11, 1, 23, 'Signālgalvas atstarojošais rāmītis', 240.50),
	(106, 11, 1, 24, 'Signālgalvas atstarojošais rāmītis ar papildsekciju', 273.00),
	(107, 11, 1, 1, 'Signālgalvas aizsargjumtiņš', 15.60),
	(108, 12, 3, 2, 'Skapis luksoforu kontrolieru montāžai (LVS) Thalassa enclosure 1250x750x320mm', 2080.00),
	(109, 12, 1, 3, 'EC-2 MDU bloks ', 806.00),
	(110, 12, 1, 4, 'EC-2 CPU bloks ', 773.50),
	(111, 12, 1, 5, 'EC-2 LCM bloks', 1072.50),
	(112, 12, 1, 6, 'EC-2 IO1616 bloks', 422.50),
	(113, 12, 1, 7, 'EC-2 ED316 bloks ', 546.00),
	(114, 12, 1, 8, 'EC-2 MMI bloks ', 533.00),
	(115, 12, 1, 9, 'EC-2 datu pārraides bloks GSM/GPRS ', 676.00),
	(116, 12, 1, 10, 'Optiskais konvertors CTC Union Technologies IFC-1400X-SC002 ', 643.50),
	(117, 12, 1, 11, 'Barošanas bloks 24V ICP DAS MDR-20-24', 123.50),
	(118, 12, 1, 12, 'Kontroliera vadības plates drošinātājs', 2.60),
	(119, 12, 1, 13, 'Automātiskais slēdzis C2-32A 1 fāzu', 5.59),
	(120, 12, 1, 14, 'Starprelejs 20A', 19.76),
	(121, 12, 1, 15, 'Diferenciālas aizsardzības automāts 20A, 300mA 1 fāzu', 31.46),
	(263, 13, 3, 1, 'Kontroliera demontāža', 100.00),
	(264, 13, 1, 2, 'Luksofora balsta demontāža', 50.00),
	(265, 13, 1, 3, 'Konsoles demontāža', 100.00),
	(266, 13, 1, 4, 'Luksofora balsta pamata demontāža', 30.00),
	(267, 13, 1, 5, 'Konsoles pamata demontāža', 50.00),
	(268, 13, 1, 6, 'Signālgalvas demontāža', 30.00),
	(269, 13, 1, 7, 'Gājēju izsaukuma pogas demontāža', 25.00),
	(270, 13, 1, 8, 'Infrasarkano  staru transporta kustības detektora (skaņas signāla iekārtas) demontāža', 10.00),
	(271, 14, 4, 1, 'Tranšejas rakšana un aizbēršana caurules guldīšanai 0.7m dziļumā', 6.00),
	(272, 14, 4, 2, 'Tranšejas rakšana un aizbēršana caurules guldīšanai 1.0m dziļumā', 6.00),
	(273, 14, 5, 3, 'Ielu (ietvju) asfaltbetona seguma demontāža, tranšejas sagatavošana asfalta seguma atjaunošanai', 50.00),
	(274, 14, 5, 4, 'Bruģa (flīzes) segumā demontāža, atjaunošana', 75.00),
	(275, 14, 5, 5, 'Zaļas zonas atjaunošana', 3.00),
	(276, 14, 4, 6, 'Kabeļu montāža, izmantojot horizontālas urbšanas metodi', 35.00),
	(277, 14, 6, 7, 'Liekās grunts aizvešana', 10.00),
	(278, 14, 4, 8, 'Kabeļu aizsargcaurules ieguldīšana gatavā tranšejā', 1.00),
	(279, 14, 4, 9, 'Kabeļa ievēršana aizsargcaurulē', 1.60),
	(280, 14, 1, 10, 'Dalītās aizsargcaurules montāža', 5.00),
	(281, 14, 4, 11, 'Kabeļa montāža (nomaiņa) balstā', 1.60),
	(282, 14, 3, 12, 'Spēka kabeļa gala apdares montāža', 0.00),
	(283, 14, 3, 13, 'Spēka kabeļa savienojuma uzmavas montāža', 0.00),
	(284, 14, 3, 14, 'Signālkabeļa 7-19x2.5 gala apdare, pieslēgšana', 18.00),
	(285, 14, 3, 15, 'Datu kabeļa gala apdare, pieslēgšana', 5.00),
	(286, 14, 3, 16, 'Signālkabeļa spaiļu komplekta nomaiņa balstā, konsolē, vārtos', 25.00),
	(287, 15, 1, 1, 'Luksofora balsta montāža', 50.00),
	(288, 15, 1, 2, 'Luksofora konsoles montāža', 100.00),
	(289, 15, 1, 3, 'Luksofora balsta pamata montāža', 30.00),
	(290, 15, 1, 4, 'Luksofora konsoles pamata montāža', 50.00),
	(291, 15, 1, 5, 'Luksofora balsta taisnošana, remonts', 30.00),
	(292, 15, 1, 6, 'Luksofora konsoles taisnošana, remonts', 50.00),
	(293, 15, 1, 7, 'Balsta vāka nomaiņa', 15.00),
	(294, 15, 1, 8, 'Balsta jumtiņa nomaiņa', 10.00),
	(295, 15, 1, 9, 'Datorizētās akustiskās gājēju izsaukuma pogas montāža', 40.00),
	(296, 15, 1, 10, 'Datorizētās akustiskās gājēju izsaukuma pogas konfigurēšana, remonts', 40.00),
	(297, 15, 1, 11, 'Infrasarkano  staru transporta kustības (skaņas signāla iekārtas) detektora montāža', 10.00),
	(298, 15, 1, 12, 'Infrasarkano staru transporta kustības detektora (skaņas signāla iekārtas) regulēšana', 10.00),
	(299, 16, 3, 1, 'Transporta signālgalvas montāža uz balsta', 50.00),
	(300, 16, 3, 2, 'Transporta signālgalvas montāža uz konsoles (vārtiem)', 30.00),
	(301, 16, 3, 3, 'Transporta signālgalvas ar papildsekciju montāža uz balsta', 30.00),
	(302, 16, 3, 4, 'Transporta signālgalvas ar papildsekciju montāža uz konsoles (vārtiem)', 10.00),
	(303, 16, 3, 5, 'Gājēju signālgalvas montāža', 10.00),
	(304, 16, 3, 6, 'Gājēju signālgalvas ar laika atskaites displeju montāža', 20.00),
	(305, 16, 3, 7, 'Informatīvas signālgalvas montāža', 10.00),
	(306, 16, 1, 8, 'Signālgalvas atstarojošā rāmīša nomaiņa', 10.00),
	(307, 16, 1, 9, 'Signālgalvas ar papildsekciju atstarojošā rāmīša nomaiņa', 5.00),
	(308, 16, 1, 10, 'Signālgalvas aizsargjumtiņa nomaiņa uz balsta', 25.00),
	(309, 16, 1, 11, 'Signālgalvas aizsargjumtiņa nomaiņa uz konsoles (vārtiem)', 5.00),
	(310, 16, 1, 12, 'Signālgalvas stiprinājuma kronšteina nomaiņa uz balsta', 20.00),
	(311, 16, 1, 13, 'Spuldzes nomaiņa uz balsta', 5.00),
	(312, 16, 1, 14, 'Spuldzes nomaiņa uz konsoles (vārtiem)', 5.00),
	(313, 16, 1, 15, 'Signāllēcas nomaiņa uz balsta', 30.00),
	(314, 16, 1, 16, 'Signāllēcas nomaiņa uz konsoles (vārtiem)', 30.00),
	(315, 16, 1, 17, 'Luksofora gājēju laika atskaites konfigurēšana', 5.00),
	(316, 16, 1, 18, 'Signālgalvas stāvokļa regulēšana', 10.00),
	(317, 17, 3, 1, 'Kontroliera montāža', 300.00),
	(318, 17, 1, 2, 'Luksofora kontroliera korpusa nomaiņa', 200.00),
	(319, 17, 1, 3, 'Kontroliera bloka nomaiņa', 10.00),
	(320, 17, 1, 4, 'Vadības plates drošinātāja nomaiņa', 20.00),
	(321, 17, 1, 5, 'Automātiska slēdža nomaiņa', 5.00),
	(322, 17, 1, 6, 'Starpreleja nomaiņa', 2.00),
	(323, 17, 1, 7, 'Diferenciālas aizsardzības automāta nomaiņa', 3.00),
	(324, 17, 1, 8, 'Pārsprieguma novadītāja nomaiņa', 2.00),
	(325, 17, 1, 9, 'Pārsprieguma novadītāja ieliktņa nomaiņa', 2.00),
	(326, 17, 1, 10, 'WDS detektora nomaiņa asfalta virskārtas segā', 60.00),
	(327, 17, 1, 11, 'WDS atkārtotāja antenas nomaiņa', 5.00),
	(328, 17, 1, 12, 'WDS uztvērēja antenas nomaiņa', 5.00),
	(329, 17, 1, 13, 'WDS atkārtotāja antenas baterijas nomaiņa', 40.00),
	(330, 17, 1, 14, 'Epoksīdu sveķu aizsargslāņa atjaunošana WDS detektoram asfalta virskārtā', 35.00),
	(331, 17, 1, 15, 'Luksofora objekta signālplāna izstrāde', 300.00),
	(332, 17, 2, 16, 'Luksofora objekta darbības nodrošināšana elektroenerģijas atslēguma gadījumā', 50.00),
	(333, 18, 7, 1, 'Tehniskā apkope visiem (53) luksoforu objektiem', 11000.00),
	(334, 18, 7, 2, 'Tehniskā apkope vienam luksoforu objektam', 20.00),
	(335, 19, 1, 1, 'Luksofora balsta demontāža', 50.00),
	(336, 19, 1, 2, 'Konsoles demontāža', 100.00),
	(337, 19, 1, 3, 'Signālgalvas demontāža', 30.00),
	(338, 19, 1, 4, 'Luksofora objekta palaišana, izslēgšana vai pārslēgšana mirgojošā dzeltenajā režīmā.', 10.00),
	(339, 20, 4, 1, 'Kabelis Al 4x16', 1.00),
	(340, 20, 4, 2, 'Signālkabelis Cu 7x2.5', 2.00),
	(341, 20, 4, 3, 'Signālkabelis Cu 12x2.5', 2.70),
	(342, 20, 4, 4, 'Signālkabelis Cu 19x2.5', 3.00),
	(343, 20, 4, 5, 'Datu kabelis (5.cat)', 0.30),
	(344, 20, 4, 6, 'Aizsargcaurule – ārējais diametrs 75mm 750N', 1.00),
	(345, 20, 4, 7, 'Aizsargcaurule – ārējais diametrs 110mm 750N', 1.20),
	(346, 20, 4, 8, 'Signāllenta', 0.07),
	(347, 20, 3, 9, 'Spēka kabeļa gala apdare līdz 35mm2', 1.50),
	(348, 20, 3, 10, 'Spēka kabeļa savienojuma uzmava līdz 35mm2 ', 25.00),
	(349, 20, 3, 11, 'Signālkabeļa spaiļu komplekts (līdz 10 gab.)', 3.50),
	(350, 21, 1, 1, 'Luksofora balsts h=4m Technopali STP45-114-2 (vai ekvivalents**)', 70.00),
	(351, 21, 1, 2, 'Luksofora balsts h=6m Technopali STP45-114-2 (vai ekvivalents**)', 80.00),
	(352, 21, 1, 3, 'Luksofora konsole h=6.5m, iznesums 7m IDMserviss LK-14-T2-KM (vai ekvivalents**)', 1800.00),
	(353, 21, 1, 4, 'Luksofora balsta pamatne P-1 (vai ekvivalents**)', 35.00),
	(354, 21, 1, 5, 'Luksofora konsoles pamatne P-4 (vai ekvivalents**)', 100.00),
	(355, 21, 1, 6, 'Balsta (konsoles) vāks', 5.00),
	(356, 21, 1, 7, 'Balsta (konsoles) jumtiņš', 3.00),
	(357, 21, 1, 8, 'Datorizēta akustiska gājēju izsaukuma poga Langmatz EK533 (vai ekvivalents**)', 0.00),
	(358, 21, 1, 9, 'Infrasarkano staru transporta kustības detektors Xtralis ASIM IR301 (vai ekvivalents**)', 0.00),
	(359, 21, 1, 10, 'Skaņas signāla iekārta Grupa ZIR ZIR-3 (vai ekvivalents**)', 0.00),
	(360, 22, 1, 1, 'Transporta signālgalva (3 lēcas, 300mm, LED 230V) Dynniq Peek Elite TLED (vai ekvivalents**)', 0.00),
	(361, 22, 1, 2, 'Transporta signālgalva ar papildsekciju (4 lēcas, 300mm, LED 230V) Dynniq Peek Elite TLED (vai ekvivalents**)', 0.00),
	(362, 22, 1, 3, 'Gājēju signālgalva (2 lēcas, 200mm, LED 230V) Dynniq Peek Elite TLED (vai ekvivalents**)', 0.00),
	(363, 22, 1, 4, 'Gājēju signālgalva ar sekunžu sakitītāju (3 lēcas, 200mm, LED 230V) Dynniq Peek Elite TLED (vai ekvivalents**)', 0.00),
	(364, 22, 1, 5, 'Brīdinājuma signālgalva (1 lēca, 300mm, LED 230V) Dynniq Peek Elite TLED (vai ekvivalents**)', 0.00),
	(365, 22, 1, 6, 'Transporta signālgalva (3 lēcas, 300mm, LED 42V) Dynniq Peek Elite TLED (vai ekvivalents**)', 0.00),
	(366, 22, 1, 7, 'Transporta signālgalva ar papildsekciju (4 lēcas, 300mm, LED 42V) Dynniq Peek Elite TLED (vai ekvivalents**)', 0.00),
	(367, 22, 1, 8, 'Gājēju signālgalva (2 lēcas, 200mm, LED 42V) Dynniq Peek Elite TLED (vai ekvivalents**)', 0.00),
	(368, 22, 1, 9, 'Gājēju signālgalva ar sekunžu skaitītāju (3 lēcas, 200mm, LED 42V) Dynniq Peek Elite TLED (vai ekvivalents**)', 0.00),
	(369, 22, 1, 10, 'Brīdinājuma signālgalva (1 lēca, 300mm, LED 42V) Dynniq Peek Elite TLED (vai ekvivalents**)', 0.00),
	(370, 22, 1, 11, 'Signāllēca (300mm, LED 230V) Dynniq Peek Elite TLED (vai ekvivalents**)', 0.00),
	(371, 22, 1, 12, 'Signāllēca (200mm, LED 230V) Dynniq Peek Elite TLED (vai ekvivalents**)', 0.00),
	(372, 22, 1, 13, 'Signāllēca (300mm, LED 42V) Dynniq Peek Elite TLED (vai ekvivalents**)', 0.00),
	(373, 22, 1, 14, 'Signāllēca (200mm, LED 42V) Dynniq Peek Elite TLED (vai ekvivalents**)', 0.00),
	(374, 22, 1, 15, 'Signālgalvas stiprinājuma kronšteins', 25.00),
	(375, 22, 1, 16, 'Signālgalvas atstarojošais rāmītis', 100.00),
	(376, 22, 1, 17, 'Signālgalvas atstarojošais rāmītis ar papīldsekciju', 100.00),
	(377, 22, 1, 18, 'Signālgalvas aizsargjumtiņš', 15.00),
	(378, 22, 1, 19, 'Spuldze līdz 75W, 230V', 1.00),
	(379, 23, 3, 1, 'Luksoforu kontrolieris Dynniq EC-2 (vai ekvivalents**)', 0.00),
	(380, 23, 3, 2, 'Luksoforu kontrolieris Dynniq EC-2 mini (vai ekvivalents**)', 0.00),
	(381, 23, 3, 3, 'EC-2 luksoforu kontroliera korpuss (vai ekvivalents**)', 0.00),
	(382, 23, 1, 4, 'EC-2 MDU bloks (vai ekvivalents**)', 0.00),
	(383, 23, 1, 5, 'EC-2 CPU bloks (vai ekvivalents**)', 0.00),
	(384, 23, 1, 6, 'EC-2 LCM bloks (vai ekvivalents**)', 0.00),
	(385, 23, 1, 7, 'EC-2 IO1616 bloks (vai ekvivalents**)', 0.00),
	(386, 23, 1, 8, 'EC-2 ED316 bloks (vai ekvivalents**)', 0.00),
	(387, 23, 1, 9, 'EC-2 MMI bloks (vai ekvivalents**)', 0.00),
	(388, 23, 1, 10, 'EC-2 termoregulators (vai ekvivalents**)', 0.00),
	(389, 23, 1, 11, 'EC-2 datu pārraides bloks GSM/GPRS (vai ekvivalents**)', 0.00),
	(390, 23, 1, 12, 'Optiskais konvertors CTC Union Technologies IFC-1400X-SC002 (vai ekvivalents**)', 0.00),
	(391, 23, 1, 13, 'Barošanas bloks 24V ICP DAS MDR-20-24', 0.00),
	(392, 23, 1, 14, 'Kontroliera vadības plates drošinātājs', 0.00),
	(393, 23, 1, 15, 'Automātiskais slēdzis C2-32A 1 fāzu', 0.00),
	(394, 23, 1, 16, 'Starprelejs 20A', 0.00),
	(395, 23, 1, 17, 'Diferenciālas aizsardzības automāts 20A, 300mA 1 fāzu', 0.00),
	(396, 23, 1, 18, 'Pārsprieguma novadītājs 1 fāzu, 65kA, līdz 1,5kV', 0.00),
	(397, 23, 1, 19, 'Pārsprieguma novadītāja ieliktnis', 0.00),
	(398, 23, 1, 20, 'WDS detektors SensysNetworks VSN 240F (vai ekvivalents**)', 0.00),
	(399, 23, 1, 21, 'WDS atkārtotājantena SensysNetworks RP240-BH-LL-2 (vai ekvivalents**)', 0.00),
	(400, 23, 1, 22, 'WDS uztvērējantena SensysNetworks AP 240-E (vai ekvivalents**)', 0.00),
	(401, 23, 1, 23, 'WDS atkārtotājantenas baterija SensysNetworks RP240-BH-LL (vai ekvivalents**)', 0.00),
	(402, 23, 1, 24, 'WDS atkārtotājantenas baterija SensysNetworks RP240-BH-LL-2 (vai ekvivalents**)', 0.00);

/*!40103 SET TIME_ZONE=IFNULL(@OLD_TIME_ZONE, 'system') */;
/*!40101 SET SQL_MODE=IFNULL(@OLD_SQL_MODE, '') */;
/*!40014 SET FOREIGN_KEY_CHECKS=IFNULL(@OLD_FOREIGN_KEY_CHECKS, 1) */;
/*!40101 SET CHARACTER_SET_CLIENT=@OLD_CHARACTER_SET_CLIENT */;
/*!40111 SET SQL_NOTES=IFNULL(@OLD_SQL_NOTES, 1) */;
